{"id":95390,"date":"2026-03-20T07:27:00","date_gmt":"2026-03-20T07:27:00","guid":{"rendered":"https:\/\/soydeaqui.ddns.net\/pachuca\/index.php\/producto\/camara-dms-compacta-incorpora-ai-deteccion-de-eventos-al-conducir-prevenga-accidentes\/"},"modified":"2026-03-20T07:27:13","modified_gmt":"2026-03-20T07:27:13","slug":"camara-dms-compacta-incorpora-ai-deteccion-de-eventos-al-conducir-prevenga-accidentes","status":"publish","type":"product","link":"https:\/\/soydeaqui.ddns.net\/pachuca\/index.php\/producto\/camara-dms-compacta-incorpora-ai-deteccion-de-eventos-al-conducir-prevenga-accidentes\/","title":{"rendered":"C\u00e1mara DMS compacta \/ Incorpora AI \/ Detecci\u00f3n de eventos al conducir \/ Prevenga accidentes"},"content":{"rendered":"<div style='width: 100%; max-width: 1200px; margin: 0 auto; font-family: sans-serif; line-height: 1.6; color: inherit; background-color: transparent;'> <!-- Imagen del producto --> <\/p>\n<div style='margin-bottom: 30px;'> <img style='width: 100%; height: auto; border: 1px solid rgba(150&comma;150&comma;150&comma;0.3); border-radius: 8px;' src='https:\/\/ftp3.syscom.mx\/usuarios\/fotos\/JC170\/222051-jc170.png' alt=''> <\/div>\n<p> <!-- Descripci\u00f3n principal --> <\/p>\n<div style='margin-bottom: 30px; font-size: 15px;'>\n<p>El JC170 es una c\u00e1mara DMS compacta que utiliza m\u00faltiples algoritmos visuales de IA. Puede monitorear la atenci\u00f3n del conductor&comma; advertir al conductor con alertas audibles si se detectan signos de fatiga o distracci\u00f3n&comma; y generar informaci\u00f3n de alerta. Cuando est\u00e1 conectado a un dispositivo de gesti\u00f3n&comma; los datos recopilados por el JC170 pueden cargarse en la plataforma basada en la nube con fines probatorios. El JC170 ofrece una variedad de caracter\u00edsticas para abordar diferentes escenarios que requieren largas horas al volante&comma; minimizando los accidentes relacionados con la fatiga y la distracci\u00f3n&comma; y reduciendo el riesgo de p\u00e9rdida de activos operativos.<\/p>\n<\/p><\/div>\n<p> <!-- Caracter\u00edsticas destacadas --> <\/p>\n<div style='margin-bottom: 30px;'>\n<h3 style='font-size: 22px; border-bottom: 2px solid currentColor; padding-bottom: 5px; margin-top: 0; color: inherit; opacity: 0.8;'>Caracter\u00edsticas destacadas<\/h3>\n<ul style='padding-left: 20px; font-size: 15px; color: inherit;'>\n<li style='margin-bottom: 5px;'>Utiliza m\u00faltiples algoritmos visuales de IA para un monitoreo avanzado.<\/li>\n<li style='margin-bottom: 5px;'>Advierte al conductor con alertas audibles ante fatiga o distracci\u00f3n.<\/li>\n<li style='margin-bottom: 5px;'>Capacidad de carga de datos a una plataforma en la nube para evidencia.<\/li>\n<li style='margin-bottom: 5px;'>Ofrece una variedad de caracter\u00edsticas adaptadas a diferentes escenarios de conducci\u00f3n.<\/li>\n<li style='margin-bottom: 5px;'>Minimiza los accidentes relacionados con la fatiga y la distracci\u00f3n del conductor.<\/li>\n<li style='margin-bottom: 5px;'>Reduce el riesgo de p\u00e9rdida de activos operativos al mejorar la seguridad vial.<\/li>\n<\/ul><\/div>\n<p> <!-- Separador --> <\/p>\n<hr style='border: 0; border-top: 1px solid rgba(150&comma; 150&comma; 150&comma; 0.3); margin: 30px 0;'> <\/div>\n","protected":false},"excerpt":{"rendered":"<p>C\u00e1mara DMS compacta \/ Incorpora AI \/ Detecci\u00f3n de eventos al conducir \/ Prevenga accidentes<\/p>\n","protected":false},"featured_media":95389,"comment_status":"open","ping_status":"closed","template":"","meta":[],"product_brand":[],"product_cat":[1346,1388],"product_tag":[1350,1349,1420,1389],"class_list":{"0":"post-95390","1":"product","2":"type-product","3":"status-publish","4":"has-post-thumbnail","6":"product_cat-iot","7":"product_cat-trackers-gps","8":"product_tag-gps-y-telematica","9":"product_tag-iot","10":"product_tag-jimiiot","11":"product_tag-trackers-gps","13":"first","14":"outofstock","15":"sale","16":"shipping-taxable","17":"purchasable","18":"product-type-simple"},"_links":{"self":[{"href":"https:\/\/soydeaqui.ddns.net\/pachuca\/index.php\/wp-json\/wp\/v2\/product\/95390","targetHints":{"allow":["GET"]}}],"collection":[{"href":"https:\/\/soydeaqui.ddns.net\/pachuca\/index.php\/wp-json\/wp\/v2\/product"}],"about":[{"href":"https:\/\/soydeaqui.ddns.net\/pachuca\/index.php\/wp-json\/wp\/v2\/types\/product"}],"replies":[{"embeddable":true,"href":"https:\/\/soydeaqui.ddns.net\/pachuca\/index.php\/wp-json\/wp\/v2\/comments?post=95390"}],"wp:featuredmedia":[{"embeddable":true,"href":"https:\/\/soydeaqui.ddns.net\/pachuca\/index.php\/wp-json\/wp\/v2\/media\/95389"}],"wp:attachment":[{"href":"https:\/\/soydeaqui.ddns.net\/pachuca\/index.php\/wp-json\/wp\/v2\/media?parent=95390"}],"wp:term":[{"taxonomy":"product_brand","embeddable":true,"href":"https:\/\/soydeaqui.ddns.net\/pachuca\/index.php\/wp-json\/wp\/v2\/product_brand?post=95390"},{"taxonomy":"product_cat","embeddable":true,"href":"https:\/\/soydeaqui.ddns.net\/pachuca\/index.php\/wp-json\/wp\/v2\/product_cat?post=95390"},{"taxonomy":"product_tag","embeddable":true,"href":"https:\/\/soydeaqui.ddns.net\/pachuca\/index.php\/wp-json\/wp\/v2\/product_tag?post=95390"}],"curies":[{"name":"wp","href":"https:\/\/api.w.org\/{rel}","templated":true}]}}