{"id":95214,"date":"2026-03-20T07:19:37","date_gmt":"2026-03-20T07:19:37","guid":{"rendered":"https:\/\/soydeaqui.ddns.net\/pachuca\/index.php\/producto\/camara-bala-ip-termica-y-optica-biespectral-analisis-de-video-vca-para-proteccion-perimetral-clasifica-vehiculo-humano-termica-96-x-72-optica-4-mp-colorvu-ip67-audio-y-alarma-visual\/"},"modified":"2026-03-20T07:19:37","modified_gmt":"2026-03-20T07:19:37","slug":"camara-bala-ip-termica-y-optica-biespectral-analisis-de-video-vca-para-proteccion-perimetral-clasifica-vehiculo-humano-termica-96-x-72-optica-4-mp-colorvu-ip67-audio-y-alarma-visual","status":"publish","type":"product","link":"https:\/\/soydeaqui.ddns.net\/pachuca\/index.php\/producto\/camara-bala-ip-termica-y-optica-biespectral-analisis-de-video-vca-para-proteccion-perimetral-clasifica-vehiculo-humano-termica-96-x-72-optica-4-mp-colorvu-ip67-audio-y-alarma-visual\/","title":{"rendered":"C\u00e1mara Bala IP T\u00e9rmica y \u00d3ptica Biespectral \/ An\u00e1lisis de Video (VCA) para Protecci\u00f3n Perimetral \/ Clasifica Veh\u00edculo\/Humano \/ T\u00e9rmica 96 x 72 \/ \u00d3ptica 4 MP ColorVu \/ IP67 \/ Audio y Alarma Visual"},"content":{"rendered":"<p style=\"text-align: center;\"><img decoding=\"async\" class=\"fr-fic fr-dii\" style=\"width: 45%;\" src=\"https:\/\/ftp3.syscom.mx\/usuarios\/jsosa\/HIKVISION\/imagenes\/logo\/hikvision%20see%20far.png\"><\/p>\n<p style=\"text-align: center;\">&nbsp;<\/p>\n<p>&nbsp;<\/p>\n<div class=\"embed-responsive embed-responsive-16by9\"> <\/div>\n<p>&nbsp;<\/p>\n<div class=\"row\">\n<div class=\"col-sm-6 \">\n<div class=\"embed-responsive embed-responsive-16by9\"> <\/div>\n<\/div>\n<div class=\"col-sm-6\">\n<div class=\"embed-responsive embed-responsive-16by9\"> <\/div>\n<\/div>\n<\/div>\n<p>&nbsp;<\/p>\n<div class=\"row\">\n<div class=\"col-sm-4\">\n<div style=\"border-left: 5px solid #ff0000; border-radius: 5px; padding: 5px; box-shadow: 2px 2px 10px #d8d8d8; -webkit-box-shadow: 2px 2px 10px #d8d8d8;\"><span style=\"font-family: verdana&comma; geneva&comma; sans-serif;\"><strong>Caracter&iacute;sticas principales de la c&aacute;mara t&eacute;rmica:<\/strong><\/span><\/p>\n<ul>\n<li style=\"box-sizing: border-box;\"><span style=\"font-family: verdana&comma; geneva&comma; sans-serif;\">Lente fijo: 1.35 mm.<\/span><\/li>\n<li style=\"box-sizing: border-box;\"><span style=\"font-family: verdana&comma; geneva&comma; sans-serif;\">Resoluci&oacute;n: 96 &times; 72.<\/span><\/li>\n<li style=\"box-sizing: border-box;\"><span style=\"font-family: verdana&comma; geneva&comma; sans-serif;\">Sensor de imagen: &oacute;xido de vanadio&comma; detector de plano focal no refrigerado.<\/span><\/li>\n<\/ul>\n<p><span style=\"font-family: verdana&comma; geneva&comma; sans-serif;\"><strong>Caracter&iacute;sticas principales de la c&aacute;mara &oacute;ptica<\/strong><strong>:<\/strong><\/span><\/p>\n<ul>\n<li style=\"box-sizing: border-box;\"><span style=\"font-family: verdana&comma; geneva&comma; sans-serif;\">Lente fijo: 4 mm (94&ordm; de apertura).<\/span><\/li>\n<li style=\"box-sizing: border-box;\"><span style=\"font-family: verdana&comma; geneva&comma; sans-serif;\">Resoluci&oacute;n: 4 Megapixel (2688 x 1520).<\/span><\/li>\n<li style=\"box-sizing: border-box;\"><span style=\"font-family: verdana&comma; geneva&comma; sans-serif;\">Sensor de imagen: 1\/1.8&quot; CMOS Scan Progresivo.<\/span><\/li>\n<li style=\"box-sizing: border-box;\"><span style=\"font-family: verdana&comma; geneva&comma; sans-serif;\">Iluminaci&oacute;n m&iacute;nima: Color: 0.0005 Lux @ (F1.0&comma; AGC ON).<\/span><\/li>\n<li style=\"box-sizing: border-box;\"><span style=\"font-family: verdana&comma; geneva&comma; sans-serif;\">WDR 120dB \/ Cruce de l&iacute;nea \/ Entrada y salida de regi&oacute;n<\/span><\/li>\n<li style=\"box-sizing: border-box;\"><span style=\"font-family: verdana&comma; geneva&comma; sans-serif;\">30 mts Luz Blanca.<\/span><\/li>\n<\/ul>\n<\/div>\n<\/div>\n<div class=\"col-sm-4\">\n<div style=\"border-left: 5px solid #ff0000; border-radius: 5px; padding: 5px; box-shadow: 2px 2px 10px #d8d8d8; -webkit-box-shadow: 2px 2px 10px #d8d8d8;\">\n<p><span style=\"font-family: verdana&comma; geneva&comma; sans-serif;\"><strong>Alimentaci&oacute;n y consumo:<\/strong><\/span><\/p>\n<ul>\n<li style=\"box-sizing: border-box;\"><span style=\"font-family: verdana&comma; geneva&comma; sans-serif;\">Alimentaci&oacute;n: 12 Vcc \/ PoE (802.3 af) \/ 8.5 watts.<\/span><\/li>\n<li style=\"box-sizing: border-box;\"><span style=\"font-family: verdana&comma; geneva&comma; sans-serif;\">Temperatura de operaci&oacute;n: -40&ordm;C a 65&ordm;C.<\/span><\/li>\n<li style=\"box-sizing: border-box;\"><span style=\"font-family: verdana&comma; geneva&comma; sans-serif;\">Protecci&oacute;n: IP67&comma; IK10.<\/span><\/li>\n<li style=\"box-sizing: border-box;\"><span style=\"font-family: verdana&comma; geneva&comma; sans-serif;\">Dimensiones: 321.3 x 106.1 x 107 mm.<\/span><\/li>\n<li style=\"box-sizing: border-box;\"><span style=\"font-family: verdana&comma; geneva&comma; sans-serif;\">Peso: .869 Kg.<\/span><\/li>\n<\/ul>\n<p><span style=\"font-family: verdana&comma; geneva&comma; sans-serif;\"><strong>Integraci&oacute;n:<\/strong><\/span><\/p>\n<ul>\n<li style=\"box-sizing: border-box;\"><span style=\"font-family: verdana&comma; geneva&comma; sans-serif;\">2 entradas&nbsp;de alarma (0 &#8211; 5 Vcc).<\/span><\/li>\n<li style=\"box-sizing: border-box;\"><span style=\"font-family: verdana&comma; geneva&comma; sans-serif;\">2 salidas de alarma.<\/span><\/li>\n<li style=\"box-sizing: border-box;\"><span style=\"font-family: verdana&comma; geneva&comma; sans-serif;\">1 puerto de red (10 \/ 100 Mbps).<\/span><\/li>\n<li style=\"box-sizing: border-box;\"><span style=\"font-family: verdana&comma; geneva&comma; sans-serif;\">Memoria micro SD hasta 256 Gb.<\/span><\/li>\n<\/ul>\n<\/div>\n<\/div>\n<div class=\"col-sm-4\">\n<div style=\"border-left: 5px solid #ff0000; border-radius: 5px; padding: 5px; box-shadow: 2px 2px 10px #d8d8d8; -webkit-box-shadow: 2px 2px 10px #d8d8d8;\">\n<p><span style=\"font-family: verdana&comma; geneva&comma; sans-serif;\"><strong>Funciones avanzadas<\/strong><strong>:<\/strong><\/span><\/p>\n<ul>\n<li style=\"box-sizing: border-box;\"><span style=\"font-family: verdana&comma; geneva&comma; sans-serif;\">4 Videoanal&iacute;ticos integrados (Cruce de l&iacute;nea \/ Intrusi&oacute;n de &aacute;rea \/ Regi&oacute;n de entrada \/ Regi&oacute;n de salida).<\/span><\/li>\n<li style=\"box-sizing: border-box;\"><span style=\"box-sizing: border-box; font-family: verdana&comma; geneva&comma; sans-serif;\">Luz intermitende y alerta de audio.<\/span><\/li>\n<li style=\"box-sizing: border-box;\"><strong><span style=\"box-sizing: border-box; font-family: verdana&comma; geneva&comma; sans-serif;\">No soporta medici&oacute;n de temperatura.&nbsp;<\/span><\/strong><\/li>\n<\/ul>\n<\/div>\n<\/div>\n<\/div>\n<p>&nbsp;<\/p>\n<p><!-------------------------------------------------------Descarga de recursos------------------------------------------------ --><\/p>\n<p style=\"text-align: center;\"><img decoding=\"async\" class=\"fr-fic fr-dii\" style=\"width: 100%;\" src=\"https:\/\/ftp3.syscom.mx\/usuarios\/fotos\/DS2TD26082\/QA\/222031-captura_de_pantalla_2023-10-12_a_la(s)_15.48.40.png\"><\/p>\n<p>&nbsp;<\/p>\n","protected":false},"excerpt":{"rendered":"<p>C\u00e1mara Bala IP T\u00e9rmica y \u00d3ptica Biespectral \/ An\u00e1lisis de Video (VCA) para Protecci\u00f3n Perimetral \/ Clasifica Veh\u00edculo\/Humano \/ T\u00e9rmica 96 x 72 \/ \u00d3ptica 4 MP ColorVu \/ IP67 \/ Audio y Alarma Visual<\/p>\n","protected":false},"featured_media":95213,"comment_status":"open","ping_status":"closed","template":"","meta":[],"product_brand":[],"product_cat":[1049],"product_tag":[122,54,1050],"class_list":{"0":"post-95214","1":"product","2":"type-product","3":"status-publish","4":"has-post-thumbnail","6":"product_cat-termicas","7":"product_tag-camaras-ip-y-nvrs","8":"product_tag-hikvision","9":"product_tag-termicas","11":"first","12":"instock","13":"sale","14":"shipping-taxable","15":"purchasable","16":"product-type-simple"},"_links":{"self":[{"href":"https:\/\/soydeaqui.ddns.net\/pachuca\/index.php\/wp-json\/wp\/v2\/product\/95214","targetHints":{"allow":["GET"]}}],"collection":[{"href":"https:\/\/soydeaqui.ddns.net\/pachuca\/index.php\/wp-json\/wp\/v2\/product"}],"about":[{"href":"https:\/\/soydeaqui.ddns.net\/pachuca\/index.php\/wp-json\/wp\/v2\/types\/product"}],"replies":[{"embeddable":true,"href":"https:\/\/soydeaqui.ddns.net\/pachuca\/index.php\/wp-json\/wp\/v2\/comments?post=95214"}],"wp:featuredmedia":[{"embeddable":true,"href":"https:\/\/soydeaqui.ddns.net\/pachuca\/index.php\/wp-json\/wp\/v2\/media\/95213"}],"wp:attachment":[{"href":"https:\/\/soydeaqui.ddns.net\/pachuca\/index.php\/wp-json\/wp\/v2\/media?parent=95214"}],"wp:term":[{"taxonomy":"product_brand","embeddable":true,"href":"https:\/\/soydeaqui.ddns.net\/pachuca\/index.php\/wp-json\/wp\/v2\/product_brand?post=95214"},{"taxonomy":"product_cat","embeddable":true,"href":"https:\/\/soydeaqui.ddns.net\/pachuca\/index.php\/wp-json\/wp\/v2\/product_cat?post=95214"},{"taxonomy":"product_tag","embeddable":true,"href":"https:\/\/soydeaqui.ddns.net\/pachuca\/index.php\/wp-json\/wp\/v2\/product_tag?post=95214"}],"curies":[{"name":"wp","href":"https:\/\/api.w.org\/{rel}","templated":true}]}}