{"id":95190,"date":"2026-03-20T07:18:37","date_gmt":"2026-03-20T07:18:37","guid":{"rendered":"https:\/\/soydeaqui.ddns.net\/pachuca\/index.php\/producto\/servidor-para-hik-central-incluye-licencias-de-64-camaras-y-mas-modulos-intel-core-i5-12500-64-bits-alto-desempeno-diseno-compacto\/"},"modified":"2026-03-20T07:18:44","modified_gmt":"2026-03-20T07:18:44","slug":"servidor-para-hik-central-incluye-licencias-de-64-camaras-y-mas-modulos-intel-core-i5-12500-64-bits-alto-desempeno-diseno-compacto","status":"publish","type":"product","link":"https:\/\/soydeaqui.ddns.net\/pachuca\/index.php\/producto\/servidor-para-hik-central-incluye-licencias-de-64-camaras-y-mas-modulos-intel-core-i5-12500-64-bits-alto-desempeno-diseno-compacto\/","title":{"rendered":"Servidor para Hik-Central \/ Incluye Licencias de 64 C\u00e1maras y Mas Modulos \/ Intel\u00ae Core\u2122 i5-12500 \/ 64 Bits \/ Alto Desempe\u00f1o \/ Dise\u00f1o Compacto"},"content":{"rendered":"<div style='width: 100%; max-width: 1200px; margin: 0 auto; font-family: sans-serif; line-height: 1.6; color: inherit; background-color: transparent;'>\n<p style='text-align: center; margin: 0;'><img style='width: 45%; height: auto; border: 1px solid rgba(150&comma;150&comma;150&comma;0.3); border-radius: 8px;' src='https:\/\/ftp3.syscom.mx\/usuarios\/jsosa\/HIKVISION\/imagenes\/logo\/hikvision%20see%20far.png' alt='Logo Hikvision'><\/p>\n<div style='display: flex; flex-wrap: wrap; gap: 30px; margin: 30px 0;'>\n<div style='flex: 1 1 300px; min-width: 280px;'> <img style='width: 100%; height: auto; border: 1px solid rgba(150&comma;150&comma;150&comma;0.3); border-radius: 8px;' src='https:\/\/ftp3.syscom.mx\/usuarios\/fotos\/HIKCENTRALWORKSTATION\/32\/192875-ready-to-go-solution.jpeg' alt='Soluci\u00f3n lista para usar'> <\/div>\n<div style='flex: 1 1 300px; min-width: 280px;'>\n<h3 style='font-size: 22px; border-bottom: 2px solid currentColor; padding-bottom: 5px; margin-top: 0; color: inherit; opacity: 0.8;'>Soluci\u00f3n lista para usar<\/h3>\n<p style='text-align: justify; font-size: 15px; color: inherit; margin: 0;'>HikCentral-Workstation est\u00e1 dise\u00f1ada espec\u00edficamente para proyectos peque\u00f1os y medianos. Los usuarios ya no est\u00e1n obligados a comprar el hardware y el software por separado&comma; y luego instalar un sistema operativo. Ahora&comma; los clientes obtienen al mismo tiempo una soluci\u00f3n integrada y lista para usar&comma; ahorr\u00e1ndose tiempo y dinero.<\/p>\n<\/p><\/div>\n<\/p><\/div>\n<div style='display: flex; flex-wrap: wrap; gap: 30px; margin: 30px 0;'>\n<div style='flex: 1 1 300px; min-width: 280px; order: 2;'> <img style='width: 100%; height: auto; border: 1px solid rgba(150&comma;150&comma;150&comma;0.3); border-radius: 8px;' src='https:\/\/ftp3.syscom.mx\/usuarios\/fotos\/HIKCENTRALWORKSTATION\/32\/192875-plug-&#038;-play.jpeg' alt='Plug &#038; Play'> <\/div>\n<div style='flex: 1 1 300px; min-width: 280px; order: 1;'>\n<h3 style='font-size: 22px; border-bottom: 2px solid currentColor; padding-bottom: 5px; margin-top: 0; color: inherit; opacity: 0.8;'>Plug &#038; Play<\/h3>\n<p style='text-align: justify; font-size: 15px; color: inherit; margin: 0;'>La instalaci\u00f3n no ser\u00e1 nunca un problema. HikCentral-Workstation es ligera y no necesita una activaci\u00f3n adicional&comma; ya que el sistema operativo&comma; el software y el panel de control necesarios est\u00e1n preinstalados. Los usuarios pueden implementarlo y ponerlo en marcha al momento.<\/p>\n<\/p><\/div>\n<\/p><\/div>\n<div style='display: flex; flex-wrap: wrap; gap: 30px; margin: 30px 0;'>\n<div style='flex: 1 1 300px; min-width: 280px;'> <img style='width: 100%; height: auto; border: 1px solid rgba(150&comma;150&comma;150&comma;0.3); border-radius: 8px;' src='https:\/\/ftp3.syscom.mx\/usuarios\/fotos\/HIKCENTRALWORKSTATION\/32\/192875-simple-operation.jpeg' alt='Funcionamiento sencillo'> <\/div>\n<div style='flex: 1 1 300px; min-width: 280px;'>\n<h3 style='font-size: 22px; border-bottom: 2px solid currentColor; padding-bottom: 5px; margin-top: 0; color: inherit; opacity: 0.8;'>Funcionamiento sencillo<\/h3>\n<p style='text-align: justify; font-size: 15px; color: inherit; margin: 0;'>Con el software HikCentral Professional integrado&comma; los usuarios pueden personalizar su panel de control centr\u00e1ndose en su propio papel&comma; combinando de manera flexible aplicaciones que incluyen v\u00eddeo&comma; control de acceso&comma; detecci\u00f3n de entrada y salida&comma; detecci\u00f3n de alarma&comma; se\u00f1alizaci\u00f3n y otras funciones. Adem\u00e1s&comma; el sistema visual en tiempo real y la pantalla del estado del dispositivo permiten a los usuarios detectar y localizar r\u00e1pidamente situaciones an\u00f3malas e intervenir inmediatamente.<\/p>\n<\/p><\/div>\n<\/p><\/div>\n<div style='display: flex; flex-wrap: wrap; gap: 30px; margin: 30px 0;'>\n<div style='flex: 1 1 300px; min-width: 280px; order: 2;'> <img style='width: 100%; height: auto; border: 1px solid rgba(150&comma;150&comma;150&comma;0.3); border-radius: 8px;' src='https:\/\/ftp3.syscom.mx\/usuarios\/fotos\/HIKCENTRALWORKSTATION\/32\/192875-worry-free-services.jpeg' alt='Servicios sin preocupaciones'> <\/div>\n<div style='flex: 1 1 300px; min-width: 280px; order: 1;'>\n<h3 style='font-size: 22px; border-bottom: 2px solid currentColor; padding-bottom: 5px; margin-top: 0; color: inherit; opacity: 0.8;'>Servicios sin preocupaciones<\/h3>\n<p style='text-align: justify; font-size: 15px; color: inherit; margin: 0;'>Despreoc\u00fapese gracias al servicio posventa profesional de tres a\u00f1os. \u00a1Cubre el hardware&comma; el software y los sistemas operativos!<\/p>\n<\/p><\/div>\n<\/p><\/div>\n<div style='display: grid; grid-template-columns: repeat(auto-fit&comma; minmax(280px&comma; 1fr)); gap: 20px; margin: 30px 0;'>\n<div style='border: 1px solid rgba(150&comma; 150&comma; 150&comma; 0.4); border-radius: 8px; overflow: hidden; display: flex; flex-direction: column;'>\n<div style='padding: 15px; border-bottom: 1px solid rgba(150&comma; 150&comma; 150&comma; 0.2); font-weight: bold; font-size: 18px; color: inherit;'>Caracter\u00edsticas principales<\/div>\n<div style='padding: 15px; color: inherit;'>\n<ul style='padding-left: 20px; margin: 0; font-size: 14px; list-style-type: disc;'>\n<li style='margin-bottom: 5px;'><strong>Procesador:<\/strong> Intel\u00ae Core\u2122 i5-8500<\/li>\n<li style='margin-bottom: 5px;'><strong>Sistema operativo:<\/strong> Microsoft\u00ae Windows 10 IoT Ent (64-bit)<\/li>\n<li style='margin-bottom: 5px;'><strong>Memoria:<\/strong> 2 \u00d7 8 GB 2666MHz DDR4 UDIMM<\/li>\n<li style='margin-bottom: 5px;'><strong>Almacenamiento:<\/strong> M.2 256GB SATA Class 20 SSD<\/li>\n<li style='margin-bottom: 5px;'><strong>Tarjeta Gr\u00e1fica:<\/strong> Intel\u00ae HD Graphics 770<\/li>\n<li style='margin-bottom: 5px;'><strong>Certificaciones:<\/strong> CE \/ FCC \/ UL<\/li>\n<li style='margin-bottom: 5px;'><strong>Recomendado para:<\/strong> 64 c\u00e1maras (incluye licencias&comma; ver hoja de especificaciones)<\/li>\n<li style='margin-bottom: 5px;'><strong>No soporta:<\/strong> Videowalls. Si la soluci\u00f3n requiere videowalls se recomienda cotizar HC-VSSB\/HW\/64C.<\/li>\n<\/ul><\/div>\n<\/p><\/div>\n<div style='border: 1px solid rgba(150&comma; 150&comma; 150&comma; 0.4); border-radius: 8px; overflow: hidden; display: flex; flex-direction: column;'>\n<div style='padding: 15px; border-bottom: 1px solid rgba(150&comma; 150&comma; 150&comma; 0.2); font-weight: bold; font-size: 18px; color: inherit;'>Caracter\u00edsticas F\u00edsicas y El\u00e9ctricas<\/div>\n<div style='padding: 15px; color: inherit;'>\n<ul style='padding-left: 20px; margin: 0; font-size: 14px; list-style-type: disc;'>\n<li style='margin-bottom: 5px;'><strong>10 Puertos USB:<\/strong>\n<ul style='padding-left: 20px; margin: 0; font-size: 14px; list-style-type: disc;'>\n<li style='margin-bottom: 5px;'>1 \u00d7 USB Type-C 3.1 Gen 2<\/li>\n<li style='margin-bottom: 5px;'>5 \u00d7 3.1 Gen 1 Type-A (1 Front&comma; 4 Rear)<\/li>\n<li style='margin-bottom: 5px;'>4 \u00d7 USB 2.0<\/li>\n<\/ul>\n<\/li>\n<li style='margin-bottom: 5px;'><strong>Puerto RJ45:<\/strong> 1<\/li>\n<li style='margin-bottom: 5px;'><strong>Puertos Displayport:<\/strong> 2<\/li>\n<li style='margin-bottom: 5px;'><strong>Puerto Serial:<\/strong> 1<\/li>\n<li style='margin-bottom: 5px;'><strong>Puertos PS\/2:<\/strong> 2<\/li>\n<li style='margin-bottom: 5px;'><strong>Alimentaci\u00f3n:<\/strong> 100 a 240 VCA<\/li>\n<li style='margin-bottom: 5px;'><strong>Consumo:<\/strong> 300 W<\/li>\n<li style='margin-bottom: 5px;'><strong>Dimensiones:<\/strong> 29 cm x 9.26 cm x 29.2 cm<\/li>\n<li style='margin-bottom: 5px;'><strong>Peso:<\/strong> 5.26 kg<\/li>\n<\/ul><\/div>\n<\/p><\/div>\n<div style='border: 1px solid rgba(150&comma; 150&comma; 150&comma; 0.4); border-radius: 8px; overflow: hidden; display: flex; flex-direction: column;'>\n<div style='padding: 15px; border-bottom: 1px solid rgba(150&comma; 150&comma; 150&comma; 0.2); font-weight: bold; font-size: 18px; color: inherit;'>Caracter\u00edsticas Destacadas<\/div>\n<div style='padding: 15px; color: inherit;'>\n<p style='margin: 0 0 10px 0;'><strong>HIKCENTRALWORKSTATION\/64(B)<\/strong> es un sistema de vigilancia central flexible&comma; confiable y potente.<\/p>\n<p style='margin: 0;'><strong>HIKCENTRALWORKSTATION\/64(B)<\/strong> proporciona administraci\u00f3n central&comma; intercambio de informaci\u00f3n&comma; conexi\u00f3n conveniente y cooperaci\u00f3n de m\u00faltiples servicios. Es capaz de agregar dispositivos para administraci\u00f3n&comma; visualizaci\u00f3n en vivo&comma; almacenamiento y reproducci\u00f3n de archivos de video&comma; vinculaci\u00f3n de alarmas&comma; control de acceso&comma; identificaci\u00f3n facial&comma; etc.<\/p>\n<\/p><\/div>\n<\/p><\/div>\n<\/p><\/div>\n<p> <img style='width: 100%; height: auto; border: 1px solid rgba(150&comma;150&comma;150&comma;0.3); border-radius: 8px; display: block; margin: 30px auto 0;' src='https:\/\/ftp3.syscom.mx\/usuarios\/fotos\/HIKCENTRALWORKSTATION\/32\/192875-hikcentral_workstation_introduction2.png' alt='Introducci\u00f3n HikCentral Workstation'> <\/p>\n<div style='margin: 30px 0; padding: 15px; border-left: 5px solid #ff0000; background-color: rgba(255&comma;0&comma;0&comma;0.05);'>\n<p style='margin: 0; font-size: 15px; color: inherit;'><strong>Nota:<\/strong> El licenciamiento est\u00e1 limitado&comma; no permite crecimiento.<\/p>\n<\/p><\/div>\n<p> <img style='width: 100%; height: auto; border: 1px solid rgba(150&comma;150&comma;150&comma;0.3); border-radius: 8px; display: block; margin: 30px auto 0;' src='https:\/\/ftp3.syscom.mx\/usuarios\/jsosa\/HIKVISION\/specs\/estaciones\/BLAZERESSENTIAL64\/aplicacion%20tipica.png' alt='Aplicaci\u00f3n t\u00edpica'> <img style='width: 100%; height: auto; border: 1px solid rgba(150&comma;150&comma;150&comma;0.3); border-radius: 8px; display: block; margin: 30px auto 0;' src='https:\/\/ftp3.syscom.mx\/usuarios\/jsosa\/HIKVISION\/imagenes\/banners\/solution%20complete.png' alt='Soluci\u00f3n completa'> <\/div>\n","protected":false},"excerpt":{"rendered":"<p>Servidor para Hik-Central \/ Incluye Licencias de 64 C\u00e1maras y Mas Modulos \/ Intel\u00ae Core\u2122 i5-12500 \/ 64 Bits \/ Alto Desempe\u00f1o \/ Dise\u00f1o Compacto<\/p>\n","protected":false},"featured_media":95189,"comment_status":"open","ping_status":"closed","template":"","meta":[],"product_brand":[],"product_cat":[2236],"product_tag":[54,2065,2237],"class_list":{"0":"post-95190","1":"product","2":"type-product","3":"status-publish","4":"has-post-thumbnail","6":"product_cat-servidores-de-aplicacion","7":"product_tag-hikvision","8":"product_tag-servidores-almacenamiento","9":"product_tag-servidores-de-aplicacion","11":"first","12":"outofstock","13":"sale","14":"shipping-taxable","15":"purchasable","16":"product-type-simple"},"_links":{"self":[{"href":"https:\/\/soydeaqui.ddns.net\/pachuca\/index.php\/wp-json\/wp\/v2\/product\/95190","targetHints":{"allow":["GET"]}}],"collection":[{"href":"https:\/\/soydeaqui.ddns.net\/pachuca\/index.php\/wp-json\/wp\/v2\/product"}],"about":[{"href":"https:\/\/soydeaqui.ddns.net\/pachuca\/index.php\/wp-json\/wp\/v2\/types\/product"}],"replies":[{"embeddable":true,"href":"https:\/\/soydeaqui.ddns.net\/pachuca\/index.php\/wp-json\/wp\/v2\/comments?post=95190"}],"wp:featuredmedia":[{"embeddable":true,"href":"https:\/\/soydeaqui.ddns.net\/pachuca\/index.php\/wp-json\/wp\/v2\/media\/95189"}],"wp:attachment":[{"href":"https:\/\/soydeaqui.ddns.net\/pachuca\/index.php\/wp-json\/wp\/v2\/media?parent=95190"}],"wp:term":[{"taxonomy":"product_brand","embeddable":true,"href":"https:\/\/soydeaqui.ddns.net\/pachuca\/index.php\/wp-json\/wp\/v2\/product_brand?post=95190"},{"taxonomy":"product_cat","embeddable":true,"href":"https:\/\/soydeaqui.ddns.net\/pachuca\/index.php\/wp-json\/wp\/v2\/product_cat?post=95190"},{"taxonomy":"product_tag","embeddable":true,"href":"https:\/\/soydeaqui.ddns.net\/pachuca\/index.php\/wp-json\/wp\/v2\/product_tag?post=95190"}],"curies":[{"name":"wp","href":"https:\/\/api.w.org\/{rel}","templated":true}]}}