{"id":95111,"date":"2026-03-20T07:15:18","date_gmt":"2026-03-20T07:15:18","guid":{"rendered":"https:\/\/soydeaqui.ddns.net\/pachuca\/index.php\/producto\/speak-2-55-uc-altavoz-portatil-con-microfono-integrado-sonido-increible-para-conferencias-y-musica-version-uc-cancelacion-de-eco-acustico-aec-2755-209\/"},"modified":"2026-03-20T07:15:26","modified_gmt":"2026-03-20T07:15:26","slug":"speak-2-55-uc-altavoz-portatil-con-microfono-integrado-sonido-increible-para-conferencias-y-musica-version-uc-cancelacion-de-eco-acustico-aec-2755-209","status":"publish","type":"product","link":"https:\/\/soydeaqui.ddns.net\/pachuca\/index.php\/producto\/speak-2-55-uc-altavoz-portatil-con-microfono-integrado-sonido-increible-para-conferencias-y-musica-version-uc-cancelacion-de-eco-acustico-aec-2755-209\/","title":{"rendered":"Speak 2 55 UC, Altavoz port\u00e1til con micr\u00f3fono integrado, sonido incre\u00edble para conferencias y m\u00fasica, versi\u00f3n UC, Cancelaci\u00f3n de eco ac\u00fastico (AEC) (2755-209)"},"content":{"rendered":"<div style='width: 100%; max-width: 1200px; margin: 0 auto; font-family: sans-serif; line-height: 1.6; color: inherit; background-color: transparent;'> <!-- ENCABEZADO --> <\/p>\n<div style='background-color: #f5b700; color: #000; text-align: center; padding: 35px 20px;'>\n<h1 style='margin: 0; font-size: 36px; color: inherit;'>Jabra Speak255 UC<\/h1>\n<p style='margin-top: 10px; font-size: 18px; color: inherit;'>Sala de reuniones al instante<\/p>\n<\/p><\/div>\n<p> <!-- CONTENIDO PRINCIPAL --> <\/p>\n<div style='max-width: 1000px; margin: auto; padding: 20px; font-family: sans-serif; color: inherit;'> <!-- SECCI\u00d3N PRINCIPAL --> <\/p>\n<div style='margin-bottom: 30px;'>\n<h2 style='color: #f5b700; border-left: 6px solid #f5b700; padding-left: 10px; margin-top: 0; font-size: 24px; color: inherit;'>Hacen de lo ineludible&comma; algo ineludible<\/h2>\n<p style='text-align: justify; font-size: 15px; margin: 15px 0;'>Las voces son importantes en las reuniones. El sonido de Sandra chasqueando su l\u00e1piz o el ciclo de centrifugado de su lavadora&comma; tal vez no tanto.<\/p>\n<p style='text-align: justify; font-size: 15px; margin: 15px 0;'>La nueva generaci\u00f3n de la serie <strong>Jabra Speak<\/strong>&comma; l\u00edder a nivel mundial&comma; cuenta con <strong>cuatro micr\u00f3fonos avanzados<\/strong> con tecnolog\u00eda de formaci\u00f3n de haces y cancelaci\u00f3n de ruido de \u00faltima generaci\u00f3n.<\/p>\n<p style='text-align: justify; font-size: 15px; margin: 15px 0;'>Esta potente tecnolog\u00eda capta el sonido desde todas las direcciones y filtra eficazmente el ruido de fondo no deseado&comma; para que no se pierda ning\u00fan detalle importante de la conversaci\u00f3n.<\/p>\n<\/p><\/div>\n<p> <!-- SECCI\u00d3N DE VIDEO --> <\/p>\n<div style='margin-bottom: 30px;'>\n<h2 style='color: #f5b700; border-left: 6px solid #f5b700; padding-left: 10px; margin-top: 0; font-size: 24px; color: inherit;'>Video demostrativo<\/h2>\n<div style='position: relative; padding-bottom: 56.25%; height: 0; overflow: hidden; margin: 20px 0;'>   <\/div>\n<\/p><\/div>\n<p> <!-- SECCI\u00d3N DE ESPECIFICACIONES --> <\/p>\n<div style='margin-bottom: 30px;'>\n<h2 style='color: #f5b700; border-left: 6px solid #f5b700; padding-left: 10px; margin-top: 0; font-size: 24px; color: inherit;'>Especificaciones t\u00e9cnicas<\/h2>\n<div style='display: flex; flex-wrap: wrap; gap: 20px; margin-top: 20px;'>\n<div style='flex: 1 1 250px; border: 1px solid rgba(150&comma; 150&comma; 150&comma; 0.4); border-radius: 8px; overflow: hidden; display: flex; flex-direction: column; background-color: rgba(248&comma; 248&comma; 248&comma; 0.5);'>\n<div style='padding: 15px; border-bottom: 1px solid rgba(150&comma; 150&comma; 150&comma; 0.2); font-weight: bold; font-size: 18px; color: inherit;'>Audio<\/div>\n<div style='padding: 15px; color: inherit;'>\n<ul style='padding-left: 20px; margin: 0; font-size: 14px; list-style-type: disc;'>\n<li style='margin-bottom: 5px;'>Audio d\u00faplex completo<\/li>\n<li style='margin-bottom: 5px;'>Cancelaci\u00f3n de eco (AEC)<\/li>\n<li style='margin-bottom: 5px;'>4 micr\u00f3fonos MEMS digitales<\/li>\n<li style='margin-bottom: 5px;'>Formaci\u00f3n de haces<\/li>\n<li style='margin-bottom: 5px;'>Altavoz de 50 mm<\/li>\n<li style='margin-bottom: 5px;'>Alcance hasta 2.3 m<\/li>\n<li style='margin-bottom: 0;'>Salas hasta 4.5 \u00d7 4.5 m<\/li>\n<\/ul><\/div>\n<\/p><\/div>\n<div style='flex: 1 1 250px; border: 1px solid rgba(150&comma; 150&comma; 150&comma; 0.4); border-radius: 8px; overflow: hidden; display: flex; flex-direction: column; background-color: rgba(248&comma; 248&comma; 248&comma; 0.5);'>\n<div style='padding: 15px; border-bottom: 1px solid rgba(150&comma; 150&comma; 150&comma; 0.2); font-weight: bold; font-size: 18px; color: inherit;'>Conectividad<\/div>\n<div style='padding: 15px; color: inherit;'>\n<ul style='padding-left: 20px; margin: 0; font-size: 14px; list-style-type: disc;'>\n<li style='margin-bottom: 5px;'>USB-C o USB-A<\/li>\n<li style='margin-bottom: 5px;'>Bluetooth 4.2 (BTLE)<\/li>\n<li style='margin-bottom: 5px;'>Alcance inal\u00e1mbrico hasta 30 m<\/li>\n<li style='margin-bottom: 0;'>Perfiles A2DP&comma; AVRCP&comma; BLE (Google Fast Pair)&comma; HFP<\/li>\n<\/ul><\/div>\n<\/p><\/div>\n<div style='flex: 1 1 250px; border: 1px solid rgba(150&comma; 150&comma; 150&comma; 0.4); border-radius: 8px; overflow: hidden; display: flex; flex-direction: column; background-color: rgba(248&comma; 248&comma; 248&comma; 0.5);'>\n<div style='padding: 15px; border-bottom: 1px solid rgba(150&comma; 150&comma; 150&comma; 0.2); font-weight: bold; font-size: 18px; color: inherit;'>Bater\u00eda<\/div>\n<div style='padding: 15px; color: inherit;'>\n<ul style='padding-left: 20px; margin: 0; font-size: 14px; list-style-type: disc;'>\n<li style='margin-bottom: 5px;'>Hasta 12 horas de conversaci\u00f3n<\/li>\n<li style='margin-bottom: 5px;'>Capacidad 2 \u00d7 900 mAh<\/li>\n<li style='margin-bottom: 0;'>Tiempo de carga hasta 2.5 horas<\/li>\n<\/ul><\/div>\n<\/p><\/div>\n<div style='flex: 1 1 250px; border: 1px solid rgba(150&comma; 150&comma; 150&comma; 0.4); border-radius: 8px; overflow: hidden; display: flex; flex-direction: column; background-color: rgba(248&comma; 248&comma; 248&comma; 0.5);'>\n<div style='padding: 15px; border-bottom: 1px solid rgba(150&comma; 150&comma; 150&comma; 0.2); font-weight: bold; font-size: 18px; color: inherit;'>General<\/div>\n<div style='padding: 15px; color: inherit;'>\n<ul style='padding-left: 20px; margin: 0; font-size: 14px; list-style-type: disc;'>\n<li style='margin-bottom: 5px;'>Peso: 280 g<\/li>\n<li style='margin-bottom: 5px;'>Incluye altavoz y bolsa de transporte<\/li>\n<li style='margin-bottom: 0;'>Garant\u00eda de 2 a\u00f1os<\/li>\n<\/ul><\/div>\n<\/p><\/div>\n<div style='flex: 1 1 250px; border: 1px solid rgba(150&comma; 150&comma; 150&comma; 0.4); border-radius: 8px; overflow: hidden; display: flex; flex-direction: column; background-color: rgba(248&comma; 248&comma; 248&comma; 0.5);'>\n<div style='padding: 15px; border-bottom: 1px solid rgba(150&comma; 150&comma; 150&comma; 0.2); font-weight: bold; font-size: 18px; color: inherit;'>Certificaciones<\/div>\n<div style='padding: 15px; color: inherit;'>\n<ul style='padding-left: 20px; margin: 0; font-size: 14px; list-style-type: disc;'>\n<li style='margin-bottom: 0;'>Microsoft Teams (seg\u00fan variante)&comma; Zoom&comma; Google Meet&comma; Amazon Chime&comma; Google Fast Pair y certificaci\u00f3n para plataformas UC l\u00edderes<\/li>\n<\/ul><\/div>\n<\/p><\/div>\n<\/p><\/div>\n<\/p><\/div>\n<p> <!-- SECCI\u00d3N DE IMAGEN --> <\/p>\n<div style='margin-bottom: 30px;'>\n<h2 style='color: #f5b700; border-left: 6px solid #f5b700; padding-left: 10px; margin-top: 0; font-size: 24px; color: inherit;'>Galer\u00eda<\/h2>\n<div style='text-align: center; margin-top: 20px;'> <img style='width: 100%; height: auto; border: 1px solid rgba(150&comma;150&comma;150&comma;0.3); border-radius: 8px;' src='https:\/\/ftp3.syscom.mx\/usuarios\/fotos\/SPEAK255MS\/217287-captura_de_pantalla_2023-03-23_a_la(s)_12.20.19.png' alt='Jabra Speak2 Series'> <\/div>\n<\/p><\/div>\n<p> <!-- SECCI\u00d3N FINAL --> <\/p>\n<div style='background: #f5b700; color: #000; text-align: center; padding: 20px; margin-top: 40px; border-radius: 8px;'>\n<p style='margin: 0; color: inherit;'>Audio inteligente que elimina distracciones y potencia cada reuni\u00f3n<\/p>\n<\/p><\/div>\n<\/p><\/div>\n<\/p><\/div>\n","protected":false},"excerpt":{"rendered":"<p>Speak 2 55 UC, Altavoz port\u00e1til con micr\u00f3fono integrado, sonido incre\u00edble para conferencias y m\u00fasica, versi\u00f3n UC, Cancelaci\u00f3n de eco ac\u00fastico (AEC) (2755-209)<\/p>\n","protected":false},"featured_media":95110,"comment_status":"open","ping_status":"closed","template":"","meta":[],"product_brand":[],"product_cat":[2048],"product_tag":[2049,2052,2004],"class_list":{"0":"post-95111","1":"product","2":"type-product","3":"status-publish","4":"has-post-thumbnail","6":"product_cat-audio-video-conferencia","7":"product_tag-audio-video-conferencia","8":"product_tag-jabra","9":"product_tag-voip-telefonia-ip-videoconferencia","11":"first","12":"outofstock","13":"sale","14":"shipping-taxable","15":"purchasable","16":"product-type-simple"},"_links":{"self":[{"href":"https:\/\/soydeaqui.ddns.net\/pachuca\/index.php\/wp-json\/wp\/v2\/product\/95111","targetHints":{"allow":["GET"]}}],"collection":[{"href":"https:\/\/soydeaqui.ddns.net\/pachuca\/index.php\/wp-json\/wp\/v2\/product"}],"about":[{"href":"https:\/\/soydeaqui.ddns.net\/pachuca\/index.php\/wp-json\/wp\/v2\/types\/product"}],"replies":[{"embeddable":true,"href":"https:\/\/soydeaqui.ddns.net\/pachuca\/index.php\/wp-json\/wp\/v2\/comments?post=95111"}],"wp:featuredmedia":[{"embeddable":true,"href":"https:\/\/soydeaqui.ddns.net\/pachuca\/index.php\/wp-json\/wp\/v2\/media\/95110"}],"wp:attachment":[{"href":"https:\/\/soydeaqui.ddns.net\/pachuca\/index.php\/wp-json\/wp\/v2\/media?parent=95111"}],"wp:term":[{"taxonomy":"product_brand","embeddable":true,"href":"https:\/\/soydeaqui.ddns.net\/pachuca\/index.php\/wp-json\/wp\/v2\/product_brand?post=95111"},{"taxonomy":"product_cat","embeddable":true,"href":"https:\/\/soydeaqui.ddns.net\/pachuca\/index.php\/wp-json\/wp\/v2\/product_cat?post=95111"},{"taxonomy":"product_tag","embeddable":true,"href":"https:\/\/soydeaqui.ddns.net\/pachuca\/index.php\/wp-json\/wp\/v2\/product_tag?post=95111"}],"curies":[{"name":"wp","href":"https:\/\/api.w.org\/{rel}","templated":true}]}}