{"id":95052,"date":"2026-03-20T07:12:43","date_gmt":"2026-03-20T07:12:43","guid":{"rendered":"https:\/\/soydeaqui.ddns.net\/pachuca\/index.php\/producto\/bobina-de-cable-utp-100-mts-cat-5e-24-awg-color-blanco-pvc-cm-uso-en-interior-100-cobre-aplicaciones-de-cctv-y-redes-de-datos\/"},"modified":"2026-03-20T07:12:49","modified_gmt":"2026-03-20T07:12:49","slug":"bobina-de-cable-utp-100-mts-cat-5e-24-awg-color-blanco-pvc-cm-uso-en-interior-100-cobre-aplicaciones-de-cctv-y-redes-de-datos","status":"publish","type":"product","link":"https:\/\/soydeaqui.ddns.net\/pachuca\/index.php\/producto\/bobina-de-cable-utp-100-mts-cat-5e-24-awg-color-blanco-pvc-cm-uso-en-interior-100-cobre-aplicaciones-de-cctv-y-redes-de-datos\/","title":{"rendered":"Bobina de Cable UTP 100 Mts \/ Cat 5E (24 AWG) \/ Color Blanco \/ PVC (CM) \/ Uso en Interior \/ 100% Cobre \/ Aplicaciones de CCTV y Redes de Datos"},"content":{"rendered":"<div style='width: 100%; max-width: 1200px; margin: 0 auto; font-family: sans-serif; line-height: 1.6; color: inherit; background-color: transparent;'> <!-- Im\u00e1genes originales --> <\/p>\n<div style='display: flex; flex-wrap: wrap; gap: 15px; margin-bottom: 30px;'> <img style='width: 100%; height: auto; border: 1px solid rgba(150&comma;150&comma;150&comma;0.3); border-radius: 8px;' src='https:\/\/ftp3.syscom.mx\/usuarios\/fotos\/DS1LN5ES\/158799-banner3.png' alt='Banner principal'> <img style='width: 100%; height: auto; border: 1px solid rgba(150&comma;150&comma;150&comma;0.3); border-radius: 8px;' src='https:\/\/ftp3.syscom.mx\/usuarios\/fotos\/DS1LN5ES\/158799-bannerabajo.png' alt='Banner inferior'> <\/div>\n<p> <!-- Caracter\u00edsticas principales --> <\/p>\n<div style='margin-bottom: 30px;'>\n<h3 style='font-size: 22px; border-bottom: 2px solid currentColor; padding-bottom: 5px; margin-top: 0; color: inherit; opacity: 0.8;'>Caracter\u00edsticas principales<\/h3>\n<ul style='padding-left: 20px; font-size: 15px; color: inherit;'>\n<li style='margin-bottom: 5px;'>Cable para <strong>Redes de Voz\/ Datos y Video.<\/strong><\/li>\n<li style='margin-bottom: 5px;'><strong>Bobina de 100m<\/strong><\/li>\n<li style='margin-bottom: 5px;'><strong>Este es un cable UTP<\/strong> (Unshielded Twisted Pair)<\/li>\n<li style='margin-bottom: 5px;'>Recomendado para CCTV IP Megapixel.<\/li>\n<li style='margin-bottom: 5px;'>Recomendado para Redes de datos.<\/li>\n<li style='margin-bottom: 5px;'>Recomendado para Redes inal\u00e1mbricas.<\/li>\n<li style='margin-bottom: 5px;'>Aplicaciones PoE 802.af\/at.<\/li>\n<li style='margin-bottom: 5px;'>Conductores (Hilos) de <strong>cobre 100%<\/strong>.<\/li>\n<li style='margin-bottom: 5px;'>Para instalaciones en <strong>Interior<\/strong> de casas&comma; oficinas&comma; edificios&comma; etc.<\/li>\n<li style='margin-bottom: 5px;'>Cada conductor es de calibre <strong>24 (AWG)<\/strong>.<\/li>\n<li style='margin-bottom: 5px;'>Aprobaciones: UL&comma; CM&comma; ANSI\/TIA&comma; ISO\/IEC11801&comma; YD\/T1019&comma; PVC.<\/li>\n<li style='margin-bottom: 5px;'>Calidad verificada por equipos marca Fluke.<\/li>\n<li style='margin-bottom: 5px;'>Di\u00e1metro externo del cable: <strong>5.0\u00b10.4 mm<\/strong>.<\/li>\n<li style='margin-bottom: 5px;'>Frecuencia: <strong>100 MHz<\/strong>.<\/li>\n<li style='margin-bottom: 5px;'>Color: <strong>blanco<\/strong>.<\/li>\n<li style='margin-bottom: 5px;'>Material: <strong>PVC (complies RoHS)&comma; CM<\/strong>.<\/li>\n<li style='margin-bottom: 5px;'>Temperatura de operaci\u00f3n: <strong>-20\u00baC a 60\u00baC<\/strong>.<\/li>\n<li style='margin-bottom: 5px;'>Cable de par trenzado (4 pares).<\/li>\n<\/ul><\/div>\n<p> <!-- Construcci\u00f3n del cableado --> <\/p>\n<div style='margin-bottom: 30px;'>\n<h3 style='font-size: 22px; border-bottom: 2px solid currentColor; padding-bottom: 5px; margin-top: 0; color: inherit; opacity: 0.8;'>Caracter\u00edsticas generales sobre la construcci\u00f3n del cableado<\/h3>\n<p> <!-- Imagen y explicaci\u00f3n par trenzado --> <\/p>\n<div style='display: flex; flex-wrap: wrap; gap: 30px; margin-top: 20px;'>\n<div style='flex: 1 1 300px; min-width: 280px;'> <img style='width: 100%; height: auto; border: 1px solid rgba(150&comma;150&comma;150&comma;0.3); border-radius: 8px;' src='https:\/\/ftp3.syscom.mx\/usuarios\/fotos\/DS1LN5EOUU\/E\/174448-par_trenzado.png' alt='Par trenzado'> <\/div>\n<div style='flex: 1 1 300px; min-width: 280px;'>\n<p style='font-size: 15px; color: inherit;'>El Par trenzado balanceado <strong>sirve para anular o disminuir las interferencias<\/strong>&comma; mejorando la transmisi\u00f3n de datos. Para las telecomunicaciones implica una gran ventaja&comma; porque <strong>hace que la calidad del env\u00edo y recepci\u00f3n de datos mantenga una alta calidad<\/strong> o que se reduzca al m\u00e1ximo todo aquello que pueda interferir. <strong>Para esto se usa el trenzado de los pares&comma; decreciendo la diafon\u00eda y aumentando la potencia<\/strong>.<\/p>\n<\/p><\/div>\n<\/p><\/div>\n<\/p><\/div>\n<p> <!-- Diferencias entre categor\u00edas --> <\/p>\n<div style='margin-bottom: 30px;'>\n<h3 style='font-size: 22px; border-bottom: 2px solid currentColor; padding-bottom: 5px; margin-top: 0; color: inherit; opacity: 0.8;'>Diferencias entre categor\u00edas de desempe\u00f1o del cable<\/h3>\n<p> <!-- Contenido con imagen y texto --> <\/p>\n<div style='display: flex; flex-wrap: wrap; gap: 30px; margin-top: 20px;'>\n<div style='flex: 1 1 300px; min-width: 280px;'>\n<ul style='padding-left: 20px; font-size: 15px; color: inherit;'>\n<li style='margin-bottom: 5px;'><strong>Al hablar sobre Ancho de banda<\/strong> es la parte que se utiliza en el espectro electromagn\u00e9tico y <strong>se mide en Mhz<\/strong>&comma; lo que hace referencia a <strong>Gbps<\/strong> es la <strong>velocidad de transmisi\u00f3n de datos (son los bits por segundo)<\/strong>.<\/li>\n<li style='margin-bottom: 5px;'>El t\u00e9rmino ancho de canal <strong>NO EXISTE<\/strong> en cableado estructurado.<\/li>\n<\/ul><\/div>\n<div style='flex: 1 1 300px; min-width: 280px;'> <img style='width: 100%; height: auto; border: 1px solid rgba(150&comma;150&comma;150&comma;0.3); border-radius: 8px;' src='https:\/\/ftp3.syscom.mx\/usuarios\/fotos\/DS1LN5EOUU\/E\/174448-categor\u00edas.png' alt='Categor\u00edas de cable'> <\/div>\n<\/p><\/div>\n<\/p><\/div>\n<p> <!-- Tipos de construcci\u00f3n de cable --> <\/p>\n<div style='margin-bottom: 30px;'>\n<h3 style='font-size: 22px; border-bottom: 2px solid currentColor; padding-bottom: 5px; margin-top: 0; color: inherit; opacity: 0.8;'>Existen diferentes tipos de construcci\u00f3n de cable por ejemplo:<\/h3>\n<p> <!-- Grid de tipos de cable --> <\/p>\n<div style='display: grid; grid-template-columns: repeat(auto-fill&comma; minmax(280px&comma; 1fr)); gap: 20px; margin-top: 20px;'> <!-- UTP --> <\/p>\n<div style='border: 1px solid rgba(150&comma;150&comma;150&comma;0.4); border-radius: 8px; overflow: hidden; display: flex; flex-direction: column;'> <img style='width: 100%; height: auto;' src='https:\/\/ftp3.syscom.mx\/usuarios\/fotos\/DS1LN5EOUU\/E\/174448-utp.png' alt='UTP'> <\/p>\n<div style='border-top: 5px solid #DF001D; padding: 15px;'>\n<h4 style='margin: 0 0 10px 0; font-size: 18px; color: inherit;'>UTP<\/h4>\n<h5 style='margin: 0 0 10px 0; font-size: 14px; color: inherit; opacity: 0.8;'>Unshielded Twisted Pair<\/h5>\n<p style='margin: 0; font-size: 14px; color: inherit;'>Es el cable que no cuenta con un blindaje o apantallado<\/p>\n<\/p><\/div>\n<\/p><\/div>\n<p> <!-- FTP --> <\/p>\n<div style='border: 1px solid rgba(150&comma;150&comma;150&comma;0.4); border-radius: 8px; overflow: hidden; display: flex; flex-direction: column;'> <img style='width: 100%; height: auto;' src='https:\/\/ftp3.syscom.mx\/usuarios\/fotos\/DS1LN5EOUU\/E\/174448-f-utp.png' alt='FTP'> <\/p>\n<div style='border-top: 5px solid #DF001D; padding: 15px;'>\n<h4 style='margin: 0 0 10px 0; font-size: 18px; color: inherit;'>FTP<\/h4>\n<h5 style='margin: 0 0 10px 0; font-size: 14px; color: inherit; opacity: 0.8;'>Foiled Twisted Pair<\/h5>\n<p style='margin: 0; font-size: 14px; color: inherit;'>Es el cable que cuenta con blindaje o apantallado general para todos los hilos<\/p>\n<\/p><\/div>\n<\/p><\/div>\n<p> <!-- STP --> <\/p>\n<div style='border: 1px solid rgba(150&comma;150&comma;150&comma;0.4); border-radius: 8px; overflow: hidden; display: flex; flex-direction: column;'> <img style='width: 100%; height: auto;' src='https:\/\/ftp3.syscom.mx\/usuarios\/fotos\/DS1LN5EOUU\/E\/174448-s-ftp.png' alt='STP'> <\/p>\n<div style='border-top: 5px solid #DF001D; padding: 15px;'>\n<h4 style='margin: 0 0 10px 0; font-size: 18px; color: inherit;'>STP<\/h4>\n<h5 style='margin: 0 0 10px 0; font-size: 14px; color: inherit; opacity: 0.8;'>Shielded Twisted Pair<\/h5>\n<p style='margin: 0; font-size: 14px; color: inherit;'>Es el cable que cuenta con un enmallado general y un blindaje o apantallado por cada par de hilos<\/p>\n<\/p><\/div>\n<\/p><\/div>\n<\/p><\/div>\n<\/p><\/div>\n<\/p><\/div>\n","protected":false},"excerpt":{"rendered":"<p>Bobina de Cable UTP 100 Mts \/ Cat 5E (24 AWG) \/ Color Blanco \/ PVC (CM) \/ Uso en Interior \/ 100% Cobre \/ Aplicaciones de CCTV y Redes de Datos<\/p>\n","protected":false},"featured_media":95051,"comment_status":"open","ping_status":"closed","template":"","meta":[],"product_brand":[],"product_cat":[619],"product_tag":[488,620,54],"class_list":{"0":"post-95052","1":"product","2":"type-product","3":"status-publish","4":"has-post-thumbnail","6":"product_cat-categoria-5e","7":"product_tag-cables-y-conectores","8":"product_tag-categoria-5e","9":"product_tag-hikvision","11":"first","12":"outofstock","13":"sale","14":"shipping-taxable","15":"purchasable","16":"product-type-simple"},"_links":{"self":[{"href":"https:\/\/soydeaqui.ddns.net\/pachuca\/index.php\/wp-json\/wp\/v2\/product\/95052","targetHints":{"allow":["GET"]}}],"collection":[{"href":"https:\/\/soydeaqui.ddns.net\/pachuca\/index.php\/wp-json\/wp\/v2\/product"}],"about":[{"href":"https:\/\/soydeaqui.ddns.net\/pachuca\/index.php\/wp-json\/wp\/v2\/types\/product"}],"replies":[{"embeddable":true,"href":"https:\/\/soydeaqui.ddns.net\/pachuca\/index.php\/wp-json\/wp\/v2\/comments?post=95052"}],"wp:featuredmedia":[{"embeddable":true,"href":"https:\/\/soydeaqui.ddns.net\/pachuca\/index.php\/wp-json\/wp\/v2\/media\/95051"}],"wp:attachment":[{"href":"https:\/\/soydeaqui.ddns.net\/pachuca\/index.php\/wp-json\/wp\/v2\/media?parent=95052"}],"wp:term":[{"taxonomy":"product_brand","embeddable":true,"href":"https:\/\/soydeaqui.ddns.net\/pachuca\/index.php\/wp-json\/wp\/v2\/product_brand?post=95052"},{"taxonomy":"product_cat","embeddable":true,"href":"https:\/\/soydeaqui.ddns.net\/pachuca\/index.php\/wp-json\/wp\/v2\/product_cat?post=95052"},{"taxonomy":"product_tag","embeddable":true,"href":"https:\/\/soydeaqui.ddns.net\/pachuca\/index.php\/wp-json\/wp\/v2\/product_tag?post=95052"}],"curies":[{"name":"wp","href":"https:\/\/api.w.org\/{rel}","templated":true}]}}