{"id":94977,"date":"2026-03-20T07:09:25","date_gmt":"2026-03-20T07:09:25","guid":{"rendered":"https:\/\/soydeaqui.ddns.net\/pachuca\/index.php\/producto\/camara-bala-ip-termografica-medicion-de-temperatura-20c-a-150c-alta-resolucion-termica-160-x-120-teleobjetivo-termico-9-7mm-alarma-por-excepcion-de-temperatura-optica-5-mp-ip6\/"},"modified":"2026-03-20T07:09:25","modified_gmt":"2026-03-20T07:09:25","slug":"camara-bala-ip-termografica-medicion-de-temperatura-20c-a-150c-alta-resolucion-termica-160-x-120-teleobjetivo-termico-9-7mm-alarma-por-excepcion-de-temperatura-optica-5-mp-ip6","status":"publish","type":"product","link":"https:\/\/soydeaqui.ddns.net\/pachuca\/index.php\/producto\/camara-bala-ip-termografica-medicion-de-temperatura-20c-a-150c-alta-resolucion-termica-160-x-120-teleobjetivo-termico-9-7mm-alarma-por-excepcion-de-temperatura-optica-5-mp-ip6\/","title":{"rendered":"C\u00e1mara Bala IP Termogr\u00e1fica \/ Medici\u00f3n de Temperatura -20\u00b0C a 150\u00b0C \/ Alta Resoluci\u00f3n T\u00e9rmica 160 x 120 \/ Teleobjetivo T\u00e9rmico 9.7mm \/ Alarma por Excepci\u00f3n de Temperatura \/ \u00d3ptica 5 MP \/ IP67"},"content":{"rendered":"<div style=\"width: 100%; max-width: 1200px; margin: 0 auto; font-family: sans-serif; line-height: 1.6; color: inherit; background-color: transparent;\"><!-- Logo --><\/p>\n<div style=\"text-align: center; margin: 20px 0;\"><img decoding=\"async\" style=\"width: 45%; height: auto; border: 1px solid rgba(150&comma; 150&comma; 150&comma; 0.3); border-radius: 8px;\" src=\"https:\/\/ftp3.syscom.mx\/usuarios\/jsosa\/HIKVISION\/imagenes\/logo\/hikvision%20see%20far.png\" alt=\"Logo Hikvision\" class=\"fr-fic fr-dii\"><\/div>\n<p><!-- Imagen principal --><\/p>\n<div style=\"text-align: center; margin: 20px 0;\"><img decoding=\"async\" style=\"width: 100%; height: auto; border: 1px solid rgba(150&comma; 150&comma; 150&comma; 0.3); border-radius: 8px; max-width: 800px;\" src=\"https:\/\/ftp3.syscom.mx\/usuarios\/roberto.espino\/FOTOSTERMICAS\/DS2TD261710QA.png\" alt=\"C\u00e1mara t\u00e9rmica DS2TD261710QA\" class=\"fr-fic fr-dii\"><\/div>\n<p><!-- Video principal --><\/p>\n<div style=\"position: relative; padding-bottom: 56.25%; height: 0; overflow: hidden; margin: 30px 0;\"> <\/div>\n<p><!-- Videos secundarios --><\/p>\n<div style=\"display: flex; flex-wrap: wrap; gap: 20px; margin: 30px 0;\">\n<div style=\"flex: 1 1 45%; min-width: 300px; position: relative; padding-bottom: 56.25%; height: 0; overflow: hidden;\"> <\/div>\n<div style=\"flex: 1 1 45%; min-width: 300px; position: relative; padding-bottom: 56.25%; height: 0; overflow: hidden;\"> <\/div>\n<\/div>\n<p><!-- Secci\u00f3n de caracter\u00edsticas --><\/p>\n<div style=\"display: flex; flex-wrap: wrap; gap: 30px; margin: 30px 0;\"><!-- Caracter\u00edsticas t\u00e9rmicas y \u00f3pticas --><\/p>\n<div style=\"flex: 1 1 300px; min-width: 280px;\">\n<h3 style=\"font-size: 22px; border-bottom: 2px solid currentColor; padding-bottom: 5px; margin-top: 0; color: inherit; opacity: 0.8;\">Caracter&iacute;sticas principales de la c&aacute;mara t&eacute;rmica<\/h3>\n<ul style=\"padding-left: 20px; font-size: 15px; color: inherit;\">\n<li style=\"margin-bottom: 5px;\"><strong>Lente fijo:<\/strong> 9.7 mm<\/li>\n<li style=\"margin-bottom: 5px;\"><strong>Resoluci&oacute;n:<\/strong> 160 x 120<\/li>\n<li style=\"margin-bottom: 5px;\"><strong>Sensor de imagen:<\/strong> &oacute;xido de vanadio&comma; detector de plano focal no refrigerado<\/li>\n<li style=\"margin-bottom: 5px;\"><strong>Identificaci&oacute;n de personas:<\/strong> 36 mts aproximado<\/li>\n<li style=\"margin-bottom: 5px;\"><strong>Identificaci&oacute;n de veh&iacute;culos:<\/strong> 109 mts aproximado<\/li>\n<\/ul>\n<h3 style=\"font-size: 22px; border-bottom: 2px solid currentColor; padding-bottom: 5px; margin-top: 25px; margin-bottom: 15px; color: inherit; opacity: 0.8;\">Caracter&iacute;sticas principales de la c&aacute;mara &oacute;ptica<\/h3>\n<ul style=\"padding-left: 20px; font-size: 15px; color: inherit;\">\n<li style=\"margin-bottom: 5px;\"><strong>Lente fijo:<\/strong> 8 mm (39.42&ordm; de apertura)<\/li>\n<li style=\"margin-bottom: 5px;\"><strong>Resoluci&oacute;n:<\/strong> 4 Megapixel (2688 x 1520)<\/li>\n<li style=\"margin-bottom: 5px;\"><strong>Sensor de imagen:<\/strong> 1\/2.7&#39; CMOS Scan Progresivo<\/li>\n<li style=\"margin-bottom: 5px;\"><strong>Iluminaci&oacute;n m&iacute;nima:<\/strong> Color: 0.0089 Lux @ (F1.6&comma; AGC ON)<\/li>\n<li style=\"margin-bottom: 5px;\"><strong>WDR:<\/strong> 120dB \/ Cruce de linea \/ Entrada y salida de regi&oacute;n<\/li>\n<li style=\"margin-bottom: 5px;\"><strong>Visi&oacute;n nocturna IR:<\/strong> 40 mts<\/li>\n<\/ul>\n<\/div>\n<p><!-- Alimentaci\u00f3n y consumo --><\/p>\n<div style=\"flex: 1 1 300px; min-width: 280px;\">\n<h3 style=\"font-size: 22px; border-bottom: 2px solid currentColor; padding-bottom: 5px; margin-top: 0; margin-bottom: 15px; color: inherit; opacity: 0.8;\">Alimentaci&oacute;n y consumo<\/h3>\n<ul style=\"padding-left: 20px; font-size: 15px; color: inherit;\">\n<li style=\"margin-bottom: 5px;\"><strong>Alimentaci&oacute;n:<\/strong> 12 Vcc \/ PoE (802.3 af) \/ 8 watts<\/li>\n<li style=\"margin-bottom: 5px;\"><strong>Temperatura de operaci&oacute;n:<\/strong> -40&ordm;C a 65&ordm;C<\/li>\n<li style=\"margin-bottom: 5px;\"><strong>Protecci&oacute;n:<\/strong> IP66<\/li>\n<li style=\"margin-bottom: 5px;\"><strong>Dimensiones:<\/strong> 358.3 x 113.5 x 115.2 mm<\/li>\n<li style=\"margin-bottom: 5px;\"><strong>Peso:<\/strong> 1.76 Kg<\/li>\n<\/ul>\n<h3 style=\"font-size: 22px; border-bottom: 2px solid currentColor; padding-bottom: 5px; margin-top: 25px; margin-bottom: 15px; color: inherit; opacity: 0.8;\">Integraci&oacute;n<\/h3>\n<ul style=\"padding-left: 20px; font-size: 15px; color: inherit;\">\n<li style=\"margin-bottom: 5px;\"><strong>Entradas de alarma:<\/strong> 2 (0 &#8211; 5 Vcc)<\/li>\n<li style=\"margin-bottom: 5px;\"><strong>Salidas de alarma:<\/strong> 2<\/li>\n<li style=\"margin-bottom: 5px;\"><strong>Entrada de audio:<\/strong> 1<\/li>\n<li style=\"margin-bottom: 5px;\"><strong>Salida de audio:<\/strong> 1<\/li>\n<li style=\"margin-bottom: 5px;\"><strong>Puerto de red:<\/strong> 1 (10 \/ 100 Mbps)<\/li>\n<li style=\"margin-bottom: 5px;\"><strong>Memoria micro SD:<\/strong> 32 Gb incluida<\/li>\n<li style=\"margin-bottom: 5px;\"><strong>Salida de video anal&oacute;gica:<\/strong> Soporta 75 &Omega;<\/li>\n<\/ul>\n<\/div>\n<p><!-- Funciones avanzadas --><\/p>\n<div style=\"flex: 1 1 300px; min-width: 280px;\">\n<h3 style=\"font-size: 22px; border-bottom: 2px solid currentColor; padding-bottom: 5px; margin-top: 0; color: inherit; opacity: 0.8;\">Funciones avanzadas<\/h3>\n<ul style=\"padding-left: 20px; font-size: 15px; color: inherit;\">\n<li style=\"margin-bottom: 5px;\">4 Videoanal&iacute;ticos integrados (Cruce de linea \/ Intrusi&oacute;n de &aacute;rea \/ Regi&oacute;n de entrada \/ Regi&oacute;n de salida)<\/li>\n<li style=\"margin-bottom: 5px;\"><strong>Rango de temperatura:<\/strong> -20&ordm;C a 150&ordm;C (-4&ordm;F a 302&ordm;F)<\/li>\n<li style=\"margin-bottom: 5px;\"><strong>Eficiencia de rango:<\/strong> 8&ordm;C<\/li>\n<li style=\"margin-bottom: 5px;\">Muestra la temperatura del escenario a visualizar<\/li>\n<li style=\"margin-bottom: 5px;\"><strong>Luz intermitente y alerta de audio:<\/strong> S&iacute;<\/li>\n<\/ul>\n<\/div>\n<\/div>\n<p><!-- Banner soluci\u00f3n completa --><\/p>\n<div style=\"text-align: center; margin: 30px 0;\"><img decoding=\"async\" style=\"width: 100%; height: auto; border: 1px solid rgba(150&comma; 150&comma; 150&comma; 0.3); border-radius: 8px; max-width: 800px;\" src=\"https:\/\/ftp3.syscom.mx\/usuarios\/jsosa\/HIKVISION\/imagenes\/banners\/solution%20complete.png\" alt=\"Soluci\u00f3n completa Hikvision\" class=\"fr-fic fr-dii\"><\/div>\n<\/div>\n","protected":false},"excerpt":{"rendered":"<p>C\u00e1mara Bala IP Termogr\u00e1fica \/ Medici\u00f3n de Temperatura -20\u00b0C a 150\u00b0C \/ Alta Resoluci\u00f3n T\u00e9rmica 160 x 120 \/ Teleobjetivo T\u00e9rmico 9.7mm \/ Alarma por Excepci\u00f3n de Temperatura \/ \u00d3ptica 5 MP \/ IP67<\/p>\n","protected":false},"featured_media":94976,"comment_status":"open","ping_status":"closed","template":"","meta":[],"product_brand":[],"product_cat":[1049],"product_tag":[122,54,1050],"class_list":{"0":"post-94977","1":"product","2":"type-product","3":"status-publish","4":"has-post-thumbnail","6":"product_cat-termicas","7":"product_tag-camaras-ip-y-nvrs","8":"product_tag-hikvision","9":"product_tag-termicas","11":"first","12":"instock","13":"sale","14":"shipping-taxable","15":"purchasable","16":"product-type-simple"},"_links":{"self":[{"href":"https:\/\/soydeaqui.ddns.net\/pachuca\/index.php\/wp-json\/wp\/v2\/product\/94977","targetHints":{"allow":["GET"]}}],"collection":[{"href":"https:\/\/soydeaqui.ddns.net\/pachuca\/index.php\/wp-json\/wp\/v2\/product"}],"about":[{"href":"https:\/\/soydeaqui.ddns.net\/pachuca\/index.php\/wp-json\/wp\/v2\/types\/product"}],"replies":[{"embeddable":true,"href":"https:\/\/soydeaqui.ddns.net\/pachuca\/index.php\/wp-json\/wp\/v2\/comments?post=94977"}],"wp:featuredmedia":[{"embeddable":true,"href":"https:\/\/soydeaqui.ddns.net\/pachuca\/index.php\/wp-json\/wp\/v2\/media\/94976"}],"wp:attachment":[{"href":"https:\/\/soydeaqui.ddns.net\/pachuca\/index.php\/wp-json\/wp\/v2\/media?parent=94977"}],"wp:term":[{"taxonomy":"product_brand","embeddable":true,"href":"https:\/\/soydeaqui.ddns.net\/pachuca\/index.php\/wp-json\/wp\/v2\/product_brand?post=94977"},{"taxonomy":"product_cat","embeddable":true,"href":"https:\/\/soydeaqui.ddns.net\/pachuca\/index.php\/wp-json\/wp\/v2\/product_cat?post=94977"},{"taxonomy":"product_tag","embeddable":true,"href":"https:\/\/soydeaqui.ddns.net\/pachuca\/index.php\/wp-json\/wp\/v2\/product_tag?post=94977"}],"curies":[{"name":"wp","href":"https:\/\/api.w.org\/{rel}","templated":true}]}}