{"id":94778,"date":"2026-03-20T07:00:28","date_gmt":"2026-03-20T07:00:28","guid":{"rendered":"https:\/\/soydeaqui.ddns.net\/pachuca\/index.php\/producto\/kit-solar-ip-all-in-one-camara-pt-colorvu-4-megapixel-lente-4-mm-panel-solar-bateria-de-respaldo-de-litio-23-2ah-hasta-24-dias-conexion-4g-accesorios-de-instalacion\/"},"modified":"2026-03-20T07:00:34","modified_gmt":"2026-03-20T07:00:34","slug":"kit-solar-ip-all-in-one-camara-pt-colorvu-4-megapixel-lente-4-mm-panel-solar-bateria-de-respaldo-de-litio-23-2ah-hasta-24-dias-conexion-4g-accesorios-de-instalacion","status":"publish","type":"product","link":"https:\/\/soydeaqui.ddns.net\/pachuca\/index.php\/producto\/kit-solar-ip-all-in-one-camara-pt-colorvu-4-megapixel-lente-4-mm-panel-solar-bateria-de-respaldo-de-litio-23-2ah-hasta-24-dias-conexion-4g-accesorios-de-instalacion\/","title":{"rendered":"Kit Solar IP All in One \/ C\u00e1mara PT ColorVu 4 Megapixel \/ Lente 4 mm \/ Panel Solar \/ Bater\u00eda de Respaldo de Litio 23.2Ah (Hasta 24 D\u00edas) \/ Conexi\u00f3n 4G \/ Accesorios de Instalaci\u00f3n"},"content":{"rendered":"<div style='width: 100%; max-width: 1200px; margin: 0 auto; font-family: sans-serif; line-height: 1.6; color: inherit; background-color: transparent;'> <!-- Logo Hikvision --> <\/p>\n<div style='width: 100%; text-align: center; margin: 20px 0;'> <img style='width: 45%; height: auto; border: 1px solid rgba(150&comma;150&comma;150&comma;0.3); border-radius: 8px;' src='https:\/\/ftp3.syscom.mx\/usuarios\/jsosa\/HIKVISION\/imagenes\/logo\/hikvision%20see%20far.png' alt='Logo Hikvision'> <\/div>\n<p> <!-- Video YouTube --> <\/p>\n<div style='position: relative; padding-bottom: 56.25%; height: 0; overflow: hidden; margin: 20px 0;'>   <\/div>\n<p> <!-- Secci\u00f3n de caracter\u00edsticas --> <\/p>\n<div style='display: flex; flex-wrap: wrap; gap: 30px; margin-bottom: 30px;'>\n<div style='flex: 1 1 300px; min-width: 280px;'>\n<h3 style='font-size: 22px; border-bottom: 2px solid currentColor; padding-bottom: 5px; margin-top: 0; color: inherit; opacity: 0.8;'>Caracter\u00edsticas Principales<\/h3>\n<ul style='padding-left: 20px; font-size: 15px; color: inherit;'>\n<li style='margin-bottom: 5px;'>Sensor de imagen: 1\/3&#8242; CMOS Scan Progresivo<\/li>\n<li style='margin-bottom: 5px;'>Iluminaci\u00f3n m\u00ednima: Color: 0.005 Lux @ (F1.0&comma; AGC ON)&comma; 0 Lux con luz<\/li>\n<li style='margin-bottom: 5px;'>Distancia focal: 4 mm&comma; FOV HORIZONTAL: 75\u00b0&comma; FOV Vertical: 40\u00b0&comma; FOV DIAGONAL: 89\u00b0<\/li>\n<li style='margin-bottom: 5px;'>Distancia luz blanca: 30 m (modo Performance)&comma; 10 m (modo Proactivo)<\/li>\n<li style='margin-bottom: 5px;'>Dia \/ Noche: Im\u00e1genes a color 24\/7<\/li>\n<li style='margin-bottom: 5px;'>Funciones: WDR real (120 dB) \/ 3D-DNR \/ EIS \/ HLC \/ BLC<\/li>\n<li style='margin-bottom: 5px;'>Detecci\u00f3n de movimiento<\/li>\n<li style='margin-bottom: 5px;'>Ranura para SIM de datos (4G)<\/li>\n<\/ul><\/div>\n<div style='flex: 1 1 300px; min-width: 280px;'>\n<h3 style='font-size: 22px; border-bottom: 2px solid currentColor; padding-bottom: 5px; margin-top: 0; color: inherit; opacity: 0.8;'>Entradas y Salidas de Audio \/ Alarmas \/ Red \/ Almacenamiento<\/h3>\n<ul style='padding-left: 20px; font-size: 15px; color: inherit;'>\n<li style='margin-bottom: 5px;'>1 puerto autoadaptativo de ethernet RJ45 10 M\/100 M&comma; configuraci\u00f3n<\/li>\n<li style='margin-bottom: 5px;'>Soporta Micro SD de hasta 256 GB (no incluida)<\/li>\n<li style='margin-bottom: 5px;'><strong>Micr\u00f3fono y altavoz integrado<\/strong> (audio de 2 v\u00edas)<\/li>\n<\/ul><\/div>\n<div style='flex: 1 1 300px; min-width: 280px;'>\n<h3 style='font-size: 22px; border-bottom: 2px solid currentColor; padding-bottom: 5px; margin-top: 0; color: inherit; opacity: 0.8;'>Caracter\u00edsticas F\u00edsicas y El\u00e9ctricas<\/h3>\n<ul style='padding-left: 20px; font-size: 15px; color: inherit;'>\n<li style='margin-bottom: 5px;'>Aplicaci\u00f3n: Interior \/ Exterior<\/li>\n<li style='margin-bottom: 5px;'>Protecci\u00f3n: IP65: IEC60529-2013<\/li>\n<li style='margin-bottom: 5px;'>Temperatura de operaci\u00f3n: -20\u00b0C a 50\u00b0C<\/li>\n<li style='margin-bottom: 5px;'>Alimentaci\u00f3n \/ Consumo: 12 Vcc<\/li>\n<li style='margin-bottom: 5px;'>Dimensiones: 686.6mm \u00d7 442.6mm \u00d7 760 mm<\/li>\n<li style='margin-bottom: 5px;'>Peso: 11.70 kgs<\/li>\n<li style='margin-bottom: 5px;'><strong>Incluye:<\/strong> c\u00e1mara&comma; panel solar&comma; bater\u00eda de respaldo&comma; montaje de poste&comma; brazo para c\u00e1mara y panel<\/li>\n<\/ul><\/div>\n<div style='flex: 1 1 300px; min-width: 280px;'>\n<h3 style='font-size: 22px; border-bottom: 2px solid currentColor; padding-bottom: 5px; margin-top: 0; color: inherit; opacity: 0.8;'>Caracter\u00edsticas Generales<\/h3>\n<ul style='padding-left: 20px; font-size: 15px; color: inherit;'>\n<li style='margin-bottom: 5px;'><strong>Bater\u00eda:<\/strong>\n<ul style='padding-left: 20px; margin-top: 5px; margin-bottom: 5px;'>\n<li style='margin-bottom: 5px;'>Tipo: Litio<\/li>\n<li style='margin-bottom: 5px;'>Capacidad de carga: 8.4 Ah x 2<\/li>\n<li style='margin-bottom: 5px;'>Voltaje m\u00e1ximo de carga: 12.6 V<\/li>\n<li style='margin-bottom: 5px;'>Temperatura de operaci\u00f3n: -20 \u00b0C a 55 \u00b0C<\/li>\n<li style='margin-bottom: 5px;'>Ciclos de vida: +500<\/li>\n<\/ul>\n<\/li>\n<\/ul><\/div>\n<div style='flex: 1 1 300px; min-width: 280px;'>\n<h3 style='font-size: 22px; border-bottom: 2px solid currentColor; padding-bottom: 5px; margin-top: 0; color: inherit; opacity: 0.8;'>Consideraciones<\/h3>\n<ul style='padding-left: 20px; font-size: 15px; color: inherit;'>\n<li style='margin-bottom: 5px;'><strong>El SIM no est\u00e1 incluido en el kit&comma; debe ser adquirido por separado<\/strong><\/li>\n<\/ul><\/div>\n<\/p><\/div>\n<p> <!-- Secci\u00f3n de im\u00e1genes explicativas --> <\/p>\n<div style='display: flex; flex-wrap: wrap; gap: 30px; margin-bottom: 30px;'>\n<div style='flex: 1 1 300px; min-width: 280px;'> <img style='width: 100%; height: auto; border: 1px solid rgba(150&comma;150&comma;150&comma;0.3); border-radius: 8px;' src='https:\/\/ftp3.syscom.mx\/usuarios\/gmagos\/HIK\/IP\/IPC\/Solar\/imagenes%20\/a-easy-power-solution-with-a-solar-panel-and-a-battery.jpg' alt='Soluci\u00f3n de energ\u00eda solar'> <\/div>\n<div style='flex: 1 1 300px; min-width: 280px;'>\n<h3 style='font-size: 18px; margin-top: 0; color: inherit;'>No se necesitan cables el\u00e9ctricos ni de red<\/h3>\n<p style='font-size: 15px; color: inherit;'>Al funcionar con energ\u00eda solar&comma; este equipo se instala sin ning\u00fan tipo de cableado el\u00e9ctrico. La bater\u00eda incorporada permite una gesti\u00f3n inteligente de la energ\u00eda y su almacenamiento a largo plazo. Los usuarios pueden disfrutar de hasta 7 d\u00edas de funcionamiento continuo en ausencia de luz solar directa.<\/p>\n<p style='font-size: 15px; color: inherit;'>Al ser compatible con m\u00faltiples est\u00e1ndares&comma; como GSM&comma; WCDMA y 4G LTE&comma; las c\u00e1maras se conectan a internet f\u00e1cilmente y sin cables a trav\u00e9s de redes m\u00f3viles.<\/p>\n<\/p><\/div>\n<\/p><\/div>\n<div style='display: flex; flex-wrap: wrap; gap: 30px; margin-bottom: 30px;'>\n<div style='flex: 1 1 300px; min-width: 280px;'>\n<h3 style='font-size: 18px; margin-top: 0; color: inherit;'>Instalaci\u00f3n f\u00e1cil<\/h3>\n<p style='font-size: 15px; color: inherit;'>La ligereza y el dise\u00f1o modular profesional hacen posible el montaje sin equipos mec\u00e1nicos&comma; lo que reduce enormemente los costes y el tiempo de instalaci\u00f3n.<\/p>\n<\/p><\/div>\n<div style='flex: 1 1 300px; min-width: 280px;'> <img style='width: 100%; height: auto; border: 1px solid rgba(150&comma;150&comma;150&comma;0.3); border-radius: 8px;' src='https:\/\/ftp3.syscom.mx\/usuarios\/gmagos\/HIK\/IP\/IPC\/Solar\/imagenes%20\/Bad-weather-No-problem.-.jpg' alt='Resistencia a condiciones clim\u00e1ticas'> <\/div>\n<\/p><\/div>\n<div style='display: flex; flex-wrap: wrap; gap: 30px; margin-bottom: 30px;'>\n<div style='flex: 1 1 300px; min-width: 280px;'> <img style='width: 100%; height: auto; border: 1px solid rgba(150&comma;150&comma;150&comma;0.3); border-radius: 8px;' src='https:\/\/ftp3.syscom.mx\/usuarios\/gmagos\/HIK\/IP\/IPC\/Solar\/imagenes%20\/Easy%20installation.jpg' alt='Instalaci\u00f3n f\u00e1cil'> <\/div>\n<div style='flex: 1 1 300px; min-width: 280px;'>\n<h3 style='font-size: 18px; margin-top: 0; color: inherit;'>\u00bfHace mal tiempo? No hay problema<\/h3>\n<p style='font-size: 15px; color: inherit;'>Al estar dise\u00f1adas para el exterior&comma; las instalaciones de c\u00e1maras a base de energ\u00eda solar son propensas a sufrir condiciones meteorol\u00f3gicas extremas&comma; como fuertes vientos y tormentas. No hay problema. Las c\u00e1maras solares de Hikvision son robustas y estables.<\/p>\n<\/p><\/div>\n<\/p><\/div>\n<div style='display: flex; flex-wrap: wrap; gap: 30px; margin-bottom: 30px;'>\n<div style='flex: 1 1 300px; min-width: 280px;'>\n<h3 style='font-size: 18px; margin-top: 0; color: inherit;'>\u00bfLas temperaturas son extremadamente bajas? No hay problema<\/h3>\n<p style='font-size: 15px; color: inherit;'>Las bater\u00edas convencionales suelen perder potencia o quedan completamente inutilizadas en invierno&comma; sobre todo a altitudes elevadas. Sin embargo&comma; estas c\u00e1maras a base de energ\u00eda solar vienen con una bater\u00eda que funciona a temperaturas de hasta -20\u00b0 Celsius (-4 \u00b0F).<\/p>\n<\/p><\/div>\n<div style='flex: 1 1 300px; min-width: 280px;'> <img style='width: 100%; height: auto; border: 1px solid rgba(150&comma;150&comma;150&comma;0.3); border-radius: 8px;' src='https:\/\/ftp3.syscom.mx\/usuarios\/gmagos\/HIK\/IP\/IPC\/Solar\/imagenes%20\/Extremely-low-temperatures.jpg' alt='Resistencia a bajas temperaturas'> <\/div>\n<\/p><\/div>\n<p> <!-- Banner final --> <\/p>\n<div style='width: 100%; margin: 30px 0;'> <img style='width: 100%; height: auto; border: 1px solid rgba(150&comma;150&comma;150&comma;0.3); border-radius: 8px;' src='https:\/\/ftp3.syscom.mx\/usuarios\/jsosa\/HIKVISION\/imagenes\/banners\/solution%20complete.png' alt='Soluci\u00f3n completa Hikvision'> <\/div>\n<\/p><\/div>\n","protected":false},"excerpt":{"rendered":"<p>Kit Solar IP All in One \/ C\u00e1mara PT ColorVu 4 Megapixel \/ Lente 4 mm \/ Panel Solar \/ Bater\u00eda de Respaldo de Litio 23.2Ah (Hasta 24 D\u00edas) \/ Conexi\u00f3n 4G \/ Accesorios de Instalaci\u00f3n<\/p>\n","protected":false},"featured_media":94777,"comment_status":"open","ping_status":"closed","template":"","meta":[],"product_brand":[],"product_cat":[1224],"product_tag":[122,54,1225],"class_list":{"0":"post-94778","1":"product","2":"type-product","3":"status-publish","4":"has-post-thumbnail","6":"product_cat-ptz","7":"product_tag-camaras-ip-y-nvrs","8":"product_tag-hikvision","9":"product_tag-ptz","11":"first","12":"instock","13":"sale","14":"shipping-taxable","15":"purchasable","16":"product-type-simple"},"_links":{"self":[{"href":"https:\/\/soydeaqui.ddns.net\/pachuca\/index.php\/wp-json\/wp\/v2\/product\/94778","targetHints":{"allow":["GET"]}}],"collection":[{"href":"https:\/\/soydeaqui.ddns.net\/pachuca\/index.php\/wp-json\/wp\/v2\/product"}],"about":[{"href":"https:\/\/soydeaqui.ddns.net\/pachuca\/index.php\/wp-json\/wp\/v2\/types\/product"}],"replies":[{"embeddable":true,"href":"https:\/\/soydeaqui.ddns.net\/pachuca\/index.php\/wp-json\/wp\/v2\/comments?post=94778"}],"wp:featuredmedia":[{"embeddable":true,"href":"https:\/\/soydeaqui.ddns.net\/pachuca\/index.php\/wp-json\/wp\/v2\/media\/94777"}],"wp:attachment":[{"href":"https:\/\/soydeaqui.ddns.net\/pachuca\/index.php\/wp-json\/wp\/v2\/media?parent=94778"}],"wp:term":[{"taxonomy":"product_brand","embeddable":true,"href":"https:\/\/soydeaqui.ddns.net\/pachuca\/index.php\/wp-json\/wp\/v2\/product_brand?post=94778"},{"taxonomy":"product_cat","embeddable":true,"href":"https:\/\/soydeaqui.ddns.net\/pachuca\/index.php\/wp-json\/wp\/v2\/product_cat?post=94778"},{"taxonomy":"product_tag","embeddable":true,"href":"https:\/\/soydeaqui.ddns.net\/pachuca\/index.php\/wp-json\/wp\/v2\/product_tag?post=94778"}],"curies":[{"name":"wp","href":"https:\/\/api.w.org\/{rel}","templated":true}]}}