{"id":94636,"date":"2026-03-20T06:54:05","date_gmt":"2026-03-20T06:54:05","guid":{"rendered":"https:\/\/soydeaqui.ddns.net\/pachuca\/index.php\/producto\/tester-de-video-de-7-prueba-de-camara-analogica-prueba-de-camara-ip-soporte-4k-h-264-y-h-265-tvi-de-8-mp-cvi-de-8-mp-ahd-de-8-mp-multimetro-digital-entrada-hdmi\/"},"modified":"2026-03-20T06:54:07","modified_gmt":"2026-03-20T06:54:07","slug":"tester-de-video-de-7-prueba-de-camara-analogica-prueba-de-camara-ip-soporte-4k-h-264-y-h-265-tvi-de-8-mp-cvi-de-8-mp-ahd-de-8-mp-multimetro-digital-entrada-hdmi","status":"publish","type":"product","link":"https:\/\/soydeaqui.ddns.net\/pachuca\/index.php\/producto\/tester-de-video-de-7-prueba-de-camara-analogica-prueba-de-camara-ip-soporte-4k-h-264-y-h-265-tvi-de-8-mp-cvi-de-8-mp-ahd-de-8-mp-multimetro-digital-entrada-hdmi\/","title":{"rendered":"Tester de video de 7\u201d \/ Prueba de c\u00e1mara anal\u00f3gica \/ Prueba de c\u00e1mara IP, soporte 4K, H.264 y H.265 \/ TVI de 8 MP, CVI de 8 MP, AHD de 8 MP \/ Mult\u00edmetro digital \/ Entrada HDMI"},"content":{"rendered":"<div style='width: 100%; max-width: 1200px; margin: 0 auto; font-family: sans-serif; line-height: 1.6; color: inherit; background-color: transparent;'> <!-- Secci\u00f3n de caracter\u00edsticas --> <\/p>\n<div style='display: flex; flex-wrap: wrap; gap: 30px; margin-bottom: 30px;'>\n<div style='flex: 1 1 300px; min-width: 280px;'>\n<h3 style='font-size: 22px; border-bottom: 2px solid currentColor; padding-bottom: 5px; margin-top: 0; color: inherit; opacity: 0.8;'>Caracter\u00edsticas<\/h3>\n<ul style='padding-left: 20px; font-size: 15px; color: inherit;'>\n<li style='margin-bottom: 5px;'>Pantalla t\u00e1ctil IPS de 4 pulgadas&comma; resoluci\u00f3n 800*480<\/li>\n<li style='margin-bottom: 5px;'>H.265 y H .264 IP&comma; visualizaci\u00f3n de video 4K a trav\u00e9s de la corriente principal<\/li>\n<li style='margin-bottom: 5px;'>Prueba de c\u00e1mara TVI de 8MP&comma; 3840 x 2160P 12.5\/15 FPS&comma; zoom 4x&comma; grabaci\u00f3n y reproducci\u00f3n de video&comma; control PTZ coaxial y men\u00fa OSD de llamada<\/li>\n<li style='margin-bottom: 5px;'>Prueba de c\u00e1mara AHD de 8MP&comma; 3840x2160P 15 FPS&comma; zoom 4x&comma; grabaci\u00f3n y reproducci\u00f3n de video&comma; PTZ coaxial y men\u00fa OSD de llamada<\/li>\n<li style='margin-bottom: 5px;'>Prueba de c\u00e1mara CVI de 8MP&comma; 3840 x 2160P 12.5\/15FPS&comma; 4xzoom&comma; grabaci\u00f3n y reproducci\u00f3n de video&comma; PTZ coaxial y men\u00fa OSD de llamada<\/li>\n<li style='margin-bottom: 5px;'>Mult\u00edmetro digital: medici\u00f3n de voltaje CC y CA&comma; resistencia&comma; continuidad&comma; diodo&comma; medici\u00f3n de capacitancia ONVIF r\u00e1pido&comma; inicio de sesi\u00f3n autom\u00e1tico y visualizaci\u00f3n de imagen&comma; creaci\u00f3n de informe de prueba<\/li>\n<li style='margin-bottom: 5px;'>C\u00e1mara Axia&comma; prueba de c\u00e1mara Hikvision&comma; ingrese a la aplicaci\u00f3n Onvif&comma; ingrese el nombre de usuario y la contrase\u00f1a para probar Imagen de pantalla anal\u00f3gica e IP al mismo tiempo<\/li>\n<li style='margin-bottom: 5px;'>PRUEBA IPC (prueba no ONVIF)&comma; herramienta de prueba HIK (c\u00e1mara Hikvision)&comma; herramienta de prueba DH (c\u00e1mara Dahua)<\/li>\n<li style='margin-bottom: 5px;'>Prueba de c\u00e1mara CVBS&comma; controlador PTZ<\/li>\n<li style='margin-bottom: 5px;'>Salida de alimentaci\u00f3n DC12V \/ 3A&comma; la c\u00e1mara se puede alimentar desde DC 12 Voltaje<\/li>\n<li style='margin-bottom: 5px;'>Video r\u00e1pido&comma; solo con una tecla para detectar todas las c\u00e1maras de red y visualizaci\u00f3n autom\u00e1tica<\/li>\n<\/ul><\/div>\n<\/p><\/div>\n<p> <!-- Separador --> <\/p>\n<hr style='border: 0; border-top: 1px solid rgba(150&comma; 150&comma; 150&comma; 0.3); margin: 30px 0;'> <\/div>\n","protected":false},"excerpt":{"rendered":"<p>Tester de video de 7\u201d \/ Prueba de c\u00e1mara anal\u00f3gica \/ Prueba de c\u00e1mara IP, soporte 4K, H.264 y H.265 \/ TVI de 8 MP, CVI de 8 MP, AHD de 8 MP \/ Mult\u00edmetro digital \/ Entrada HDMI<\/p>\n","protected":false},"featured_media":94635,"comment_status":"open","ping_status":"closed","template":"","meta":[],"product_brand":[],"product_cat":[2283],"product_tag":[417,935,2284],"class_list":{"0":"post-94636","1":"product","2":"type-product","3":"status-publish","4":"has-post-thumbnail","6":"product_cat-probadores-de-video","7":"product_tag-accesorios-generales","8":"product_tag-epcom","9":"product_tag-probadores-de-video","11":"first","12":"outofstock","13":"sale","14":"shipping-taxable","15":"purchasable","16":"product-type-simple"},"_links":{"self":[{"href":"https:\/\/soydeaqui.ddns.net\/pachuca\/index.php\/wp-json\/wp\/v2\/product\/94636","targetHints":{"allow":["GET"]}}],"collection":[{"href":"https:\/\/soydeaqui.ddns.net\/pachuca\/index.php\/wp-json\/wp\/v2\/product"}],"about":[{"href":"https:\/\/soydeaqui.ddns.net\/pachuca\/index.php\/wp-json\/wp\/v2\/types\/product"}],"replies":[{"embeddable":true,"href":"https:\/\/soydeaqui.ddns.net\/pachuca\/index.php\/wp-json\/wp\/v2\/comments?post=94636"}],"wp:featuredmedia":[{"embeddable":true,"href":"https:\/\/soydeaqui.ddns.net\/pachuca\/index.php\/wp-json\/wp\/v2\/media\/94635"}],"wp:attachment":[{"href":"https:\/\/soydeaqui.ddns.net\/pachuca\/index.php\/wp-json\/wp\/v2\/media?parent=94636"}],"wp:term":[{"taxonomy":"product_brand","embeddable":true,"href":"https:\/\/soydeaqui.ddns.net\/pachuca\/index.php\/wp-json\/wp\/v2\/product_brand?post=94636"},{"taxonomy":"product_cat","embeddable":true,"href":"https:\/\/soydeaqui.ddns.net\/pachuca\/index.php\/wp-json\/wp\/v2\/product_cat?post=94636"},{"taxonomy":"product_tag","embeddable":true,"href":"https:\/\/soydeaqui.ddns.net\/pachuca\/index.php\/wp-json\/wp\/v2\/product_tag?post=94636"}],"curies":[{"name":"wp","href":"https:\/\/api.w.org\/{rel}","templated":true}]}}