{"id":94583,"date":"2026-03-20T06:51:47","date_gmt":"2026-03-20T06:51:47","guid":{"rendered":"https:\/\/soydeaqui.ddns.net\/pachuca\/index.php\/producto\/regleta-con-protector-contra-sobretensiones-3-salidas-de-ca-nema-5-15r-1-salida-usb-c-pd-de-30-w-2-puertos-usb-a-proteccion-contra-sobretensiones-de-1600-julios-cable-1-8m-color-negro\/"},"modified":"2026-03-20T06:51:53","modified_gmt":"2026-03-20T06:51:53","slug":"regleta-con-protector-contra-sobretensiones-3-salidas-de-ca-nema-5-15r-1-salida-usb-c-pd-de-30-w-2-puertos-usb-a-proteccion-contra-sobretensiones-de-1600-julios-cable-1-8m-color-negro","status":"publish","type":"product","link":"https:\/\/soydeaqui.ddns.net\/pachuca\/index.php\/producto\/regleta-con-protector-contra-sobretensiones-3-salidas-de-ca-nema-5-15r-1-salida-usb-c-pd-de-30-w-2-puertos-usb-a-proteccion-contra-sobretensiones-de-1600-julios-cable-1-8m-color-negro\/","title":{"rendered":"Regleta con Protector Contra Sobretensiones | 3 Salidas de CA NEMA 5-15R | 1 Salida USB-C PD de 30 W | 2 Puertos USB-A | Protecci\u00f3n Contra Sobretensiones de 1600 julios | Cable 1.8m | Color Negro."},"content":{"rendered":"<div style='width: 100%; max-width: 1200px; margin: 0 auto; font-family: sans-serif; line-height: 1.6; color: inherit; background-color: transparent;'> <!-- Secci\u00f3n de im\u00e1genes --> <\/p>\n<div style='display: flex; flex-wrap: wrap; gap: 20px; margin-bottom: 30px;'>\n<div style='flex: 1 1 300px; min-width: 280px;'> <img style='width: 100%; height: auto; border: 1px solid rgba(150&comma;150&comma;150&comma;0.3); border-radius: 8px;' src='http:\/\/ftp3.syscom.mx\/usuarios\/hallende\/UGREEN2\/Other\/25353\/25353-10.jpg' alt=''> <\/div>\n<div style='flex: 1 1 300px; min-width: 280px;'> <img style='width: 100%; height: auto; border: 1px solid rgba(150&comma;150&comma;150&comma;0.3); border-radius: 8px;' src='http:\/\/ftp3.syscom.mx\/usuarios\/hallende\/UGREEN2\/Other\/25353\/25353-11.jpg' alt=''> <\/div>\n<div style='flex: 1 1 300px; min-width: 280px;'> <img style='width: 100%; height: auto; border: 1px solid rgba(150&comma;150&comma;150&comma;0.3); border-radius: 8px;' src='http:\/\/ftp3.syscom.mx\/usuarios\/hallende\/UGREEN2\/Other\/25353\/25353-12.jpg' alt=''> <\/div>\n<div style='flex: 1 1 300px; min-width: 280px;'> <img style='width: 100%; height: auto; border: 1px solid rgba(150&comma;150&comma;150&comma;0.3); border-radius: 8px;' src='http:\/\/ftp3.syscom.mx\/usuarios\/hallende\/UGREEN2\/Other\/25353\/25353-13.jpg' alt=''> <\/div>\n<\/p><\/div>\n<p> <!-- Secci\u00f3n de caracter\u00edsticas --> <\/p>\n<div style='display: flex; flex-wrap: wrap; gap: 30px; margin-bottom: 30px;'>\n<div style='flex: 1 1 300px; min-width: 280px;'>\n<h3 style='font-size: 22px; border-bottom: 2px solid currentColor; padding-bottom: 5px; margin-top: 0; color: inherit; opacity: 0.8;'>Caracter\u00edsticas principales<\/h3>\n<ul style='padding-left: 20px; font-size: 15px; color: inherit;'>\n<li style='margin-bottom: 5px;'>El protector contra sobretensiones 6 en 1 de UGREEN con tecnolog\u00eda GaN combina carga de alta velocidad&comma; funciones de seguridad avanzadas y un dise\u00f1o compacto para mantener sus dispositivos alimentados y protegidos.<\/li>\n<li style='margin-bottom: 5px;'>Los chips GaN generan menos calor&comma; lo que permite un dise\u00f1o m\u00e1s peque\u00f1o y port\u00e1til en comparaci\u00f3n con los cargadores de silicio tradicionales.<\/li>\n<li style='margin-bottom: 5px;'>Protecci\u00f3n contra sobrecargas: corta autom\u00e1ticamente la energ\u00eda en caso de sobrecarga&comma; lo que protege sus dispositivos y el protector contra sobretensiones.<\/li>\n<li style='margin-bottom: 5px;'>Cable de alimentaci\u00f3n largo (1&comma;8 m\/5&comma;9 pies): ofrece un amplio alcance para una colocaci\u00f3n flexible en su espacio de trabajo.<\/li>\n<\/ul><\/div>\n<\/p><\/div>\n<p> <!-- Secci\u00f3n de especificaciones --> <\/p>\n<div style='display: flex; flex-wrap: wrap; gap: 20px; margin-bottom: 30px;'>\n<div style='flex: 1 1 250px; border: 1px solid rgba(150&comma; 150&comma; 150&comma; 0.4); border-radius: 8px; overflow: hidden; display: flex; flex-direction: column;'>\n<div style='padding: 15px; border-bottom: 1px solid rgba(150&comma; 150&comma; 150&comma; 0.2); font-weight: bold; font-size: 18px; color: inherit;'>Especificaciones<\/div>\n<div style='padding: 15px; color: inherit;'>\n<ul style='padding-left: 20px; margin: 0; font-size: 14px; list-style-type: disc;'>\n<li style='margin-bottom: 5px;'><strong>Salidas:<\/strong> 3 salidas de CA NEMA 5-15R<\/li>\n<li style='margin-bottom: 5px;'><strong>Salida USB-C:<\/strong> 1 salida USB-C PD de 30 W<\/li>\n<li style='margin-bottom: 5px;'><strong>Puertos USB-A:<\/strong> 2 puertos USB-A<\/li>\n<li style='margin-bottom: 5px;'><strong>Protecci\u00f3n contra sobretensiones:<\/strong> 1600 julios<\/li>\n<li style='margin-bottom: 5px;'><strong>Cable:<\/strong> 1.8m<\/li>\n<li style='margin-bottom: 5px;'><strong>Color:<\/strong> Negro<\/li>\n<\/ul><\/div>\n<\/p><\/div>\n<\/p><\/div>\n<p> <!-- Separador --> <\/p>\n<hr style='border: 0; border-top: 1px solid rgba(150&comma; 150&comma; 150&comma; 0.3); margin: 30px 0;'> <\/div>\n","protected":false},"excerpt":{"rendered":"<p>Regleta con Protector Contra Sobretensiones | 3 Salidas de CA NEMA 5-15R | 1 Salida USB-C PD de 30 W | 2 Puertos USB-A | Protecci\u00f3n Contra Sobretensiones de 1600 julios | Cable 1.8m | Color Negro.<\/p>\n","protected":false},"featured_media":94582,"comment_status":"open","ping_status":"closed","template":"","meta":[],"product_brand":[],"product_cat":[1235],"product_tag":[417,1236,650],"class_list":{"0":"post-94583","1":"product","2":"type-product","3":"status-publish","4":"has-post-thumbnail","6":"product_cat-accesorios-para-computadora-y-smartphones","7":"product_tag-accesorios-generales","8":"product_tag-accesorios-para-computadora-y-smartphones","9":"product_tag-ugreen","11":"first","12":"outofstock","13":"sale","14":"shipping-taxable","15":"purchasable","16":"product-type-simple"},"_links":{"self":[{"href":"https:\/\/soydeaqui.ddns.net\/pachuca\/index.php\/wp-json\/wp\/v2\/product\/94583","targetHints":{"allow":["GET"]}}],"collection":[{"href":"https:\/\/soydeaqui.ddns.net\/pachuca\/index.php\/wp-json\/wp\/v2\/product"}],"about":[{"href":"https:\/\/soydeaqui.ddns.net\/pachuca\/index.php\/wp-json\/wp\/v2\/types\/product"}],"replies":[{"embeddable":true,"href":"https:\/\/soydeaqui.ddns.net\/pachuca\/index.php\/wp-json\/wp\/v2\/comments?post=94583"}],"wp:featuredmedia":[{"embeddable":true,"href":"https:\/\/soydeaqui.ddns.net\/pachuca\/index.php\/wp-json\/wp\/v2\/media\/94582"}],"wp:attachment":[{"href":"https:\/\/soydeaqui.ddns.net\/pachuca\/index.php\/wp-json\/wp\/v2\/media?parent=94583"}],"wp:term":[{"taxonomy":"product_brand","embeddable":true,"href":"https:\/\/soydeaqui.ddns.net\/pachuca\/index.php\/wp-json\/wp\/v2\/product_brand?post=94583"},{"taxonomy":"product_cat","embeddable":true,"href":"https:\/\/soydeaqui.ddns.net\/pachuca\/index.php\/wp-json\/wp\/v2\/product_cat?post=94583"},{"taxonomy":"product_tag","embeddable":true,"href":"https:\/\/soydeaqui.ddns.net\/pachuca\/index.php\/wp-json\/wp\/v2\/product_tag?post=94583"}],"curies":[{"name":"wp","href":"https:\/\/api.w.org\/{rel}","templated":true}]}}