{"id":94570,"date":"2026-03-20T06:51:08","date_gmt":"2026-03-20T06:51:08","guid":{"rendered":"https:\/\/soydeaqui.ddns.net\/pachuca\/index.php\/producto\/mouse-optico-usb-cable-usb-de-1-5-metros-3-botones-1200dpi-diseno-ergonomico-silencioso-color-negro-windows-macos-linux-chrome-y-otros-tambien-compatible-con-dvr-nvr\/"},"modified":"2026-03-20T06:51:12","modified_gmt":"2026-03-20T06:51:12","slug":"mouse-optico-usb-cable-usb-de-1-5-metros-3-botones-1200dpi-diseno-ergonomico-silencioso-color-negro-windows-macos-linux-chrome-y-otros-tambien-compatible-con-dvr-nvr","status":"publish","type":"product","link":"https:\/\/soydeaqui.ddns.net\/pachuca\/index.php\/producto\/mouse-optico-usb-cable-usb-de-1-5-metros-3-botones-1200dpi-diseno-ergonomico-silencioso-color-negro-windows-macos-linux-chrome-y-otros-tambien-compatible-con-dvr-nvr\/","title":{"rendered":"Mouse \u00d3ptico USB | Cable USB de 1.5 metros | 3 Botones | 1200DPI | Dise\u00f1o Ergon\u00f3mico | Silencioso | Color Negro | Windows \/ MacOS \/ Linux \/ Chrome y otros | Tambi\u00e9n Compatible con  DVR \/ NVR."},"content":{"rendered":"<div style='width: 100%; max-width: 1200px; margin: 0 auto; font-family: sans-serif; line-height: 1.6; color: inherit; background-color: transparent;'> <!-- Galer\u00eda de im\u00e1genes --> <\/p>\n<div style='display: flex; flex-wrap: wrap; gap: 15px; margin-bottom: 30px;'>\n<div style='flex: 1 1 300px; min-width: 280px;'> <img style='width: 100%; height: auto; border: 1px solid rgba(150&comma;150&comma;150&comma;0.3); border-radius: 8px;' src='http:\/\/ftp3.syscom.mx\/usuarios\/hallende\/UGREEN2\/Mouse\/90789\/90789-20.jpg' alt=''> <\/div>\n<div style='flex: 1 1 300px; min-width: 280px;'> <img style='width: 100%; height: auto; border: 1px solid rgba(150&comma;150&comma;150&comma;0.3); border-radius: 8px;' src='http:\/\/ftp3.syscom.mx\/usuarios\/hallende\/UGREEN2\/Mouse\/90789\/90789-21.jpg' alt=''> <\/div>\n<div style='flex: 1 1 300px; min-width: 280px;'> <img style='width: 100%; height: auto; border: 1px solid rgba(150&comma;150&comma;150&comma;0.3); border-radius: 8px;' src='http:\/\/ftp3.syscom.mx\/usuarios\/hallende\/UGREEN2\/Mouse\/90789\/90789-22.jpg' alt=''> <\/div>\n<div style='flex: 1 1 300px; min-width: 280px;'> <img style='width: 100%; height: auto; border: 1px solid rgba(150&comma;150&comma;150&comma;0.3); border-radius: 8px;' src='http:\/\/ftp3.syscom.mx\/usuarios\/hallende\/UGREEN2\/Mouse\/90789\/90789-23.jpg' alt=''> <\/div>\n<div style='flex: 1 1 300px; min-width: 280px;'> <img style='width: 100%; height: auto; border: 1px solid rgba(150&comma;150&comma;150&comma;0.3); border-radius: 8px;' src='http:\/\/ftp3.syscom.mx\/usuarios\/hallende\/UGREEN2\/Mouse\/90789\/90789-24.jpg' alt=''> <\/div>\n<div style='flex: 1 1 300px; min-width: 280px;'> <img style='width: 100%; height: auto; border: 1px solid rgba(150&comma;150&comma;150&comma;0.3); border-radius: 8px;' src='http:\/\/ftp3.syscom.mx\/usuarios\/hallende\/UGREEN2\/Mouse\/90789\/90789-25.jpg' alt=''> <\/div>\n<div style='flex: 1 1 300px; min-width: 280px;'> <img style='width: 100%; height: auto; border: 1px solid rgba(150&comma;150&comma;150&comma;0.3); border-radius: 8px;' src='http:\/\/ftp3.syscom.mx\/usuarios\/hallende\/UGREEN2\/Mouse\/90789\/90789-26.jpg' alt=''> <\/div>\n<\/p><\/div>\n<p> <!-- Secci\u00f3n de caracter\u00edsticas principales --> <\/p>\n<div style='margin-bottom: 30px;'>\n<h3 style='font-size: 22px; border-bottom: 2px solid currentColor; padding-bottom: 5px; margin-top: 0; color: inherit; opacity: 0.8;'>CARACTER\u00cdSTICAS PRINCIPALES DEL PRODUCTO:<\/h3>\n<ul style='padding-left: 20px; font-size: 15px; color: inherit;'>\n<li style='margin-bottom: 5px;'>Simplemente conecte el cable USB para alimentar su mouse con cable&comma; eliminando el problema de reemplazar las bater\u00edas.<\/li>\n<li style='margin-bottom: 5px;'>No requiere software ni descargas. El cable USB de 1.5 m es la longitud perfecta para un mouse con cable USB y se adapta a casi cualquier configuraci\u00f3n de computadora sin demoras.<\/li>\n<li style='margin-bottom: 5px;'>Con una sensibilidad de 1200 DPI&comma; satisface tus necesidades tanto en casa como en la oficina. Obtendr\u00e1s un control preciso del cursor para que puedas editar documentos y navegar por la web de manera m\u00e1s eficiente.<\/li>\n<li style='margin-bottom: 5px;'>Tiene un dise\u00f1o ergon\u00f3mico. Se adapta al tama\u00f1o de su mano y al contorno de la palma&comma; lo que puede reducir el estr\u00e9s por fatiga causado por el uso a largo plazo.<\/li>\n<li style='margin-bottom: 5px;'>El chip desarrollado profesionalmente incorporado del mouse con cable USB UGREEN puede hacer que la conexi\u00f3n del mouse sea m\u00e1s estable y tenga una vida \u00fatil m\u00e1s larga.<\/li>\n<\/ul><\/div>\n<\/p><\/div>\n","protected":false},"excerpt":{"rendered":"<p>Mouse \u00d3ptico USB | Cable USB de 1.5 metros | 3 Botones | 1200DPI | Dise\u00f1o Ergon\u00f3mico | Silencioso | Color Negro | Windows \/ MacOS \/ Linux \/ Chrome y otros | Tambi\u00e9n Compatible con  DVR \/ NVR.<\/p>\n","protected":false},"featured_media":94569,"comment_status":"open","ping_status":"closed","template":"","meta":[],"product_brand":[],"product_cat":[1235],"product_tag":[417,1236,650],"class_list":{"0":"post-94570","1":"product","2":"type-product","3":"status-publish","4":"has-post-thumbnail","6":"product_cat-accesorios-para-computadora-y-smartphones","7":"product_tag-accesorios-generales","8":"product_tag-accesorios-para-computadora-y-smartphones","9":"product_tag-ugreen","11":"first","12":"instock","13":"sale","14":"shipping-taxable","15":"purchasable","16":"product-type-simple"},"_links":{"self":[{"href":"https:\/\/soydeaqui.ddns.net\/pachuca\/index.php\/wp-json\/wp\/v2\/product\/94570","targetHints":{"allow":["GET"]}}],"collection":[{"href":"https:\/\/soydeaqui.ddns.net\/pachuca\/index.php\/wp-json\/wp\/v2\/product"}],"about":[{"href":"https:\/\/soydeaqui.ddns.net\/pachuca\/index.php\/wp-json\/wp\/v2\/types\/product"}],"replies":[{"embeddable":true,"href":"https:\/\/soydeaqui.ddns.net\/pachuca\/index.php\/wp-json\/wp\/v2\/comments?post=94570"}],"wp:featuredmedia":[{"embeddable":true,"href":"https:\/\/soydeaqui.ddns.net\/pachuca\/index.php\/wp-json\/wp\/v2\/media\/94569"}],"wp:attachment":[{"href":"https:\/\/soydeaqui.ddns.net\/pachuca\/index.php\/wp-json\/wp\/v2\/media?parent=94570"}],"wp:term":[{"taxonomy":"product_brand","embeddable":true,"href":"https:\/\/soydeaqui.ddns.net\/pachuca\/index.php\/wp-json\/wp\/v2\/product_brand?post=94570"},{"taxonomy":"product_cat","embeddable":true,"href":"https:\/\/soydeaqui.ddns.net\/pachuca\/index.php\/wp-json\/wp\/v2\/product_cat?post=94570"},{"taxonomy":"product_tag","embeddable":true,"href":"https:\/\/soydeaqui.ddns.net\/pachuca\/index.php\/wp-json\/wp\/v2\/product_tag?post=94570"}],"curies":[{"name":"wp","href":"https:\/\/api.w.org\/{rel}","templated":true}]}}