{"id":94452,"date":"2026-03-20T06:46:17","date_gmt":"2026-03-20T06:46:17","guid":{"rendered":"https:\/\/soydeaqui.ddns.net\/pachuca\/index.php\/producto\/audio-bidireccional-dvr-32-canales-turbohd-8-canales-ip-5-megapixel-lite-3k-lite-acusense-reconocimiento-facial-audio-por-coaxitron-2-bahias-de-disco-duro-h-265-salida-de-video-e\/"},"modified":"2026-03-20T06:46:29","modified_gmt":"2026-03-20T06:46:29","slug":"audio-bidireccional-dvr-32-canales-turbohd-8-canales-ip-5-megapixel-lite-3k-lite-acusense-reconocimiento-facial-audio-por-coaxitron-2-bahias-de-disco-duro-h-265-salida-de-video-e","status":"publish","type":"product","link":"https:\/\/soydeaqui.ddns.net\/pachuca\/index.php\/producto\/audio-bidireccional-dvr-32-canales-turbohd-8-canales-ip-5-megapixel-lite-3k-lite-acusense-reconocimiento-facial-audio-por-coaxitron-2-bahias-de-disco-duro-h-265-salida-de-video-e\/","title":{"rendered":"[Audio Bidireccional] DVR 32 Canales TurboHD + 8 Canales IP \/ 5 Megapixel Lite &#8211; 3K Lite \/ Acusense \/ Reconocimiento Facial  \/ Audio por Coaxitron \/ 2 Bah\u00edas de Disco Duro \/ H.265+ \/ Salida de Video en Full HD"},"content":{"rendered":"<div style=\"width: 100%; max-width: 1200px; margin: 0 auto; font-family: sans-serif; line-height: 1.6; color: inherit; background-color: transparent;\"><!-- Videos --><\/p>\n<div style=\"position: relative; padding-bottom: 56.25%; height: 0; overflow: hidden; margin-bottom: 30px;\"><span class=\"fr-video fr-deletable\" contenteditable=\"false\"><video style=\"position: absolute; top: 0; left: 0; width: 100%; height: 100%; border: 1px solid rgba(150&comma;150&comma;150&comma;0.3); border-radius: 8px;\" muted=\"\" controls=\"\"><source src=\"https:\/\/ftp3.syscom.mx\/usuarios\/nicolas.jimenez\/Turbo8\/Turbo8%20animacion.mp4\" type=\"video\/mp4\"><\/video><\/span><\/div>\n<div style=\"position: relative; padding-bottom: 56.25%; height: 0; overflow: hidden; margin-bottom: 30px;\"><span class=\"fr-video fr-deletable\" contenteditable=\"false\"><video style=\"position: absolute; top: 0; left: 0; width: 100%; height: 100%; border: 1px solid rgba(150&comma;150&comma;150&comma;0.3); border-radius: 8px;\" muted=\"\" controls=\"\"><source src=\"https:\/\/ftp3.syscom.mx\/usuarios\/nicolas.jimenez\/Turbo8\/Turbo%20HD%208.0-Audio%20bidireccional%20TVI%20Doblaje.mp4\" type=\"video\/mp4\"><\/video><\/span><\/div>\n<p><!-- Imagen principal --> <img decoding=\"async\" style=\"width: 100%; height: auto; border: 1px solid rgba(150&comma; 150&comma; 150&comma; 0.3); border-radius: 8px;\" src=\"https:\/\/ftp3.syscom.mx\/usuarios\/emendoza\/elesbanmch\/HIKVISON\/IMAGENES\/COAXITRON-audio.jpg\" alt=\"\" class=\"fr-fic fr-dii\"> <!-- Galer\u00eda de im\u00e1genes --><\/p>\n<div style=\"display: flex; flex-wrap: wrap; gap: 20px; margin-bottom: 30px;\">\n<div style=\"flex: 1 1 300px; min-width: 280px;\"><img decoding=\"async\" style=\"width: 100%; height: auto; border: 1px solid rgba(150&comma; 150&comma; 150&comma; 0.3); border-radius: 8px;\" src=\"https:\/\/ftp3.syscom.mx\/usuarios\/fotos\/IDS7208HQHIM1\/S(C)\/192927-untitled.png\" alt=\"\" class=\"fr-fic fr-dii\"><\/div>\n<div style=\"flex: 1 1 300px; min-width: 280px;\"><img decoding=\"async\" style=\"width: 100%; height: auto; border: 1px solid rgba(150&comma; 150&comma; 150&comma; 0.3); border-radius: 8px;\" src=\"https:\/\/ftp3.syscom.mx\/usuarios\/fotos\/IDS7208HQHIM1\/S(C)\/192927-untitled_(2).png\" alt=\"\" class=\"fr-fic fr-dii\"><\/div>\n<\/div>\n<p><!-- Videos de YouTube --><\/p>\n<div style=\"display: flex; flex-wrap: wrap; gap: 20px; margin-bottom: 30px;\">\n<div style=\"flex: 1 1 300px; min-width: 280px; position: relative; padding-bottom: 56.25%; height: 0; overflow: hidden;\"><span class=\"fr-video\" contenteditable=\"false\"> <\/span><\/div>\n<div style=\"flex: 1 1 300px; min-width: 280px; position: relative; padding-bottom: 56.25%; height: 0; overflow: hidden;\"><span class=\"fr-video\" contenteditable=\"false\"> <\/span><\/div>\n<div style=\"flex: 1 1 300px; min-width: 280px; position: relative; padding-bottom: 56.25%; height: 0; overflow: hidden;\"><span class=\"fr-video\" contenteditable=\"false\"> <\/span><\/div>\n<div style=\"flex: 1 1 300px; min-width: 280px; position: relative; padding-bottom: 56.25%; height: 0; overflow: hidden;\"><span class=\"fr-video\" contenteditable=\"false\"> <\/span><\/div>\n<div style=\"flex: 1 1 300px; min-width: 280px; position: relative; padding-bottom: 56.25%; height: 0; overflow: hidden;\"><span class=\"fr-video\" contenteditable=\"false\"> <\/span><\/div>\n<div style=\"flex: 1 1 300px; min-width: 280px; position: relative; padding-bottom: 56.25%; height: 0; overflow: hidden;\"><span class=\"fr-video\" contenteditable=\"false\"> <\/span><\/div>\n<\/div>\n<p><!-- Caracter\u00edsticas Principales --><\/p>\n<div style=\"display: flex; flex-wrap: wrap; gap: 20px; margin-bottom: 30px;\">\n<div style=\"flex: 1 1 400px; border: 1px solid rgba(150&comma;150&comma;150&comma;0.4); border-radius: 8px; overflow: hidden; display: flex; flex-direction: column;\">\n<div style=\"padding: 15px; border-bottom: 1px solid rgba(150&comma;150&comma;150&comma;0.2); font-weight: bold; font-size: 18px; color: inherit; background-color: #df001e; color: white;\">Caracter&iacute;sticas Principales:<\/div>\n<div style=\"padding: 15px; color: inherit;\">\n<ul style=\"padding-left: 20px; margin: 0; font-size: 14px; list-style-type: disc;\">\n<li style=\"margin-bottom: 5px;\">Soporta audio de dos vias por coaxitron en todos los canales (UTP o coaxial)<\/li>\n<li style=\"margin-bottom: 5px;\">Soporta reconocimiento facial en 4 canales<\/li>\n<li style=\"margin-bottom: 5px;\">Soporta proteccion perimetral en 8 canales (Cruce de linea \/ Entrada de area)<\/li>\n<li style=\"margin-bottom: 5px;\">Soporta ACUSENSE<\/li>\n<li style=\"margin-bottom: 5px;\">Soporta 32 canales TURBOHD + 8 canales IP = 40 canales en total<\/li>\n<li style=\"margin-bottom: 5px;\">Permite deshabilitar canales analogicos&comma; para generar canales IP<\/li>\n<li style=\"margin-bottom: 5px;\">Canales IP de hasta 6 Megapixeles<\/li>\n<li style=\"margin-bottom: 5px;\">DVR pentah&iacute;brido: HD-TVI \/ HD-CVI \/ Analogico \/ IP \/ AHD<\/li>\n<li style=\"margin-bottom: 5px;\">Acceso remoto: PC (WINDOWS \/ MAC)&comma; Smart Phone (iPhone&comma; iPad&comma; Android)<\/li>\n<li style=\"margin-bottom: 5px;\">Compatible con Hik-Connect P2P<\/li>\n<li style=\"margin-bottom: 5px;\">1 entrada y 1 salida de audio (bocina y microfono externo)<\/li>\n<li style=\"margin-bottom: 5px;\">Soporta 2 HDD de hasta 12 TB (no incluido)<\/li>\n<li style=\"margin-bottom: 5px;\">Interfaz serial: RS-485 (HIKVISION C&comma; COAXITRON&comma; PELCO D&comma; PELCO P&comma; etc)<\/li>\n<li style=\"margin-bottom: 5px;\">Compresi&oacute;n: H.265+ \/ H.265 \/ H.264<\/li>\n<li style=\"margin-bottom: 5px;\"><strong>Salida de video sumultaneo en HDMI y VGA<\/strong><\/li>\n<\/ul>\n<\/div>\n<\/div>\n<p><!-- Caracter\u00edsticas F\u00edsicas y El\u00e9ctricas --><\/p>\n<div style=\"flex: 1 1 400px; border: 1px solid rgba(150&comma;150&comma;150&comma;0.4); border-radius: 8px; overflow: hidden; display: flex; flex-direction: column;\">\n<div style=\"padding: 15px; border-bottom: 1px solid rgba(150&comma;150&comma;150&comma;0.2); font-weight: bold; font-size: 18px; color: inherit; background-color: #df001e; color: white;\">Caracter&iacute;sticas F&iacute;sicas y El&eacute;ctricas:<\/div>\n<div style=\"padding: 15px; color: inherit;\">\n<ul style=\"padding-left: 20px; margin: 0; font-size: 14px; list-style-type: disc;\">\n<li style=\"margin-bottom: 5px;\">Alimentaci&oacute;n: 12 Vcc (fuente incluida)<\/li>\n<li style=\"margin-bottom: 5px;\">Consumo sin HDD: 18 watts<\/li>\n<li style=\"margin-bottom: 5px;\">Temperatura de operaci&oacute;n: -10 &ordm;C hasta 55 &ordm;C<\/li>\n<li style=\"margin-bottom: 5px;\">Dimensiones: 315 x 242 x 45 mm (W &times; D &times; H)<\/li>\n<li style=\"margin-bottom: 5px;\">Peso: 1.78 Kg sin HDD<\/li>\n<li style=\"margin-bottom: 5px;\">No compatible con control remoto<\/li>\n<\/ul>\n<\/div>\n<p><!-- Resoluci\u00f3n --><\/p>\n<div style=\"padding: 15px; border-top: 1px solid rgba(150&comma;150&comma;150&comma;0.2); font-weight: bold; font-size: 18px; color: inherit; background-color: #df001e; color: white;\">Resoluci&oacute;n:<\/div>\n<div style=\"padding: 15px; color: inherit;\">\n<ul style=\"padding-left: 20px; margin: 0; font-size: 14px; list-style-type: disc;\">\n<li style=\"margin-bottom: 5px;\">TVI (TURBOHD): 3K \/ 5 MP \/ 4 MP \/ 2 MP<\/li>\n<li style=\"margin-bottom: 5px;\">CVI: 3K \/ 5 MP \/ 4 MP \/ 2 MP<\/li>\n<li style=\"margin-bottom: 5px;\">AHD: 5 MP \/ 4 MP \/ 2 MP<\/li>\n<li style=\"margin-bottom: 5px;\">CVBS (anal&oacute;gico): 1200 TVL<\/li>\n<li style=\"margin-bottom: 5px;\">IP: 6 MP \/ 5 MP\/ 4 MP \/ 2 MP<\/li>\n<\/ul>\n<\/div>\n<\/div>\n<\/div>\n<p><!-- Caracter\u00edsticas Destacadas --><\/p>\n<div style=\"border: 1px solid rgba(150&comma;150&comma;150&comma;0.4); border-radius: 8px; overflow: hidden; margin-bottom: 30px;\">\n<div style=\"padding: 15px; border-bottom: 1px solid rgba(150&comma;150&comma;150&comma;0.2); font-weight: bold; font-size: 18px; color: inherit; background-color: #df001e; color: white;\">Caracter&iacute;sticas Destacadas:<\/div>\n<div style=\"padding: 15px; color: inherit;\">\n<ul style=\"padding-left: 20px; margin: 0; font-size: 14px; list-style-type: disc;\">\n<li style=\"margin-bottom: 15px;\">Soporta audio bidireccional por coaxitron (UTP o coaxial). Compatible con modelo de c&aacute;maras TURBOHD que soporten audio de dos v&iacute;as. Podemos tener una comunicaci&oacute;n desde la App Hik-Connect bidireccional hacia la c&aacute;mara.<\/li>\n<li style=\"margin-bottom: 15px;\">Soporta reconocimiento facial en 4 canal de video&comma; compatible solo con c&aacute;maras TURBOHD (el analitico lo hace el DVR&comma; puede ser cualquier c&aacute;mara TURBOHD).<\/li>\n<li style=\"margin-bottom: 15px;\">Soporta 8 canales con tecnologia ACUSENSE&comma; permite filtrar por analitica de cruce de linea o intrusion de area humanos o vehiculos para activar un evento o grabaci&oacute;n&comma; esto nos permite descartar falsas alarmas (grabaciones) cuando exista un movimiento de hojas o movimiento de algun animal&comma; vuelve mas eficiente la grabaci&oacute;n cuando realmente si sea necesario.<\/li>\n<li style=\"margin-bottom: 15px;\">Soporta en todos los canales con tecnolog&iacute;a ACUSENSE Lite&comma; permite filtrar por detecci&oacute;n de movimiento humanos o vehiculos para activar un evento o grabaci&oacute;n&comma; esto nos permite descartar falsas alarmas (grabaciones) cuando exista un movimiento de hojas o movimiento de algun animal&comma; vuelve mas eficiente la grabaci&oacute;n cuando realmente si sea necesario.<\/li>\n<li style=\"margin-bottom: 15px;\">No es posible usar ACUSENSE y ACUSENSE Lite al mismo tiempo&comma; se tiene que definir el modo de uso.<\/li>\n<li style=\"margin-bottom: 15px;\">Soporta apagar canales TURBOHD y poder conventir el DVR en un equipo NVR completo&comma; por cada canal TURBOHD que se apague se puede generar un canal IP adicional. Podemos tener hasta 40 canales IP en total.<\/li>\n<\/ul>\n<\/div>\n<\/div>\n<p><!-- Comparativo 3K --><\/p>\n<div style=\"margin-bottom: 30px;\">\n<h3 style=\"color: inherit; font-size: 1.5rem; font-weight: bold; margin-bottom: 15px; text-align: center; border-bottom: 2px solid currentColor; padding-bottom: 5px; opacity: 0.8;\">Comparativo 3K Lite vs 3K Est&aacute;ndar<\/h3>\n<div style=\"overflow-x: auto;\">\n<table style=\"width: 100%; border-collapse: collapse; border: 1px solid rgba(150&comma;150&comma;150&comma;0.3);\">\n<thead>\n<tr>\n<th style=\"text-align: center; border: 1px solid rgba(150&comma;150&comma;150&comma;0.3); padding: 12px; background-color: #df001e; color: white;\">Caracter&iacute;stica<\/th>\n<th style=\"text-align: center; border: 1px solid rgba(150&comma;150&comma;150&comma;0.3); padding: 12px; background-color: #df001e; color: white;\">3K Lite (2.5MP)<\/th>\n<th style=\"text-align: center; border: 1px solid rgba(150&comma;150&comma;150&comma;0.3); padding: 12px; background-color: #df001e; color: white;\">3K Est&aacute;ndar (5MP)<\/th>\n<\/tr>\n<\/thead>\n<tbody>\n<tr>\n<th style=\"text-align: center; border: 1px solid rgba(150&comma;150&comma;150&comma;0.3); padding: 10px; background-color: rgba(150&comma;150&comma;150&comma;0.05);\">Resoluci&oacute;n<\/th>\n<td style=\"text-align: center; border: 1px solid rgba(150&comma;150&comma;150&comma;0.3); padding: 10px;\">2560&times;1440<\/td>\n<td style=\"text-align: center; border: 1px solid rgba(150&comma;150&comma;150&comma;0.3); padding: 10px;\">2880&times;1620<\/td>\n<\/tr>\n<tr>\n<th style=\"text-align: center; border: 1px solid rgba(150&comma;150&comma;150&comma;0.3); padding: 10px; background-color: rgba(150&comma;150&comma;150&comma;0.05);\">Almacenamiento<\/th>\n<td style=\"text-align: center; border: 1px solid rgba(150&comma;150&comma;150&comma;0.3); padding: 10px;\">Optimizado (+30% duraci&oacute;n)<\/td>\n<td style=\"text-align: center; border: 1px solid rgba(150&comma;150&comma;150&comma;0.3); padding: 10px;\">Mayor espacio requerido<\/td>\n<\/tr>\n<tr>\n<th style=\"text-align: center; border: 1px solid rgba(150&comma;150&comma;150&comma;0.3); padding: 10px; background-color: rgba(150&comma;150&comma;150&comma;0.05);\">Uso recomendado<\/th>\n<td style=\"text-align: center; border: 1px solid rgba(150&comma;150&comma;150&comma;0.3); padding: 10px;\">&Aacute;reas medianas\/Interiores<\/td>\n<td style=\"text-align: center; border: 1px solid rgba(150&comma;150&comma;150&comma;0.3); padding: 10px;\">&Aacute;reas extensas\/Exteriores<\/td>\n<\/tr>\n<\/tbody>\n<\/table>\n<\/div>\n<\/div>\n<p><!-- Imagen final --> <img decoding=\"async\" style=\"width: 100%; height: auto; border: 1px solid rgba(150&comma; 150&comma; 150&comma; 0.3); border-radius: 8px;\" src=\"https:\/\/ftp3.syscom.mx\/usuarios\/jsosa\/HIKVISION\/imagenes\/banners\/solution%20complete.png\" alt=\"\" class=\"fr-fic fr-dii\"> <!-- Separador final --><\/p>\n<hr style=\"border: 0; border-top: 1px solid rgba(150&comma;150&comma;150&comma;0.3); margin: 30px 0;\"><\/div>\n","protected":false},"excerpt":{"rendered":"<p>[Audio Bidireccional] DVR 32 Canales TurboHD + 8 Canales IP \/ 5 Megapixel Lite &#8211; 3K Lite \/ Acusense \/ Reconocimiento Facial  \/ Audio por Coaxitron \/ 2 Bah\u00edas de Disco Duro \/ H.265+ \/ Salida de Video en Full HD<\/p>\n","protected":false},"featured_media":94451,"comment_status":"open","ping_status":"closed","template":"","meta":[],"product_brand":[],"product_cat":[2254],"product_tag":[2255,54,2256],"class_list":{"0":"post-94452","1":"product","2":"type-product","3":"status-publish","4":"has-post-thumbnail","6":"product_cat-videograbadoras-analogicas-turbohd-tvi-ahd-cvi","7":"product_tag-camaras-y-dvrs-hd-turbohd-ahd-hd-tvi","8":"product_tag-hikvision","9":"product_tag-videograbadoras-analogicas-turbohd-tvi-ahd-cvi","11":"first","12":"instock","13":"sale","14":"shipping-taxable","15":"purchasable","16":"product-type-simple"},"_links":{"self":[{"href":"https:\/\/soydeaqui.ddns.net\/pachuca\/index.php\/wp-json\/wp\/v2\/product\/94452","targetHints":{"allow":["GET"]}}],"collection":[{"href":"https:\/\/soydeaqui.ddns.net\/pachuca\/index.php\/wp-json\/wp\/v2\/product"}],"about":[{"href":"https:\/\/soydeaqui.ddns.net\/pachuca\/index.php\/wp-json\/wp\/v2\/types\/product"}],"replies":[{"embeddable":true,"href":"https:\/\/soydeaqui.ddns.net\/pachuca\/index.php\/wp-json\/wp\/v2\/comments?post=94452"}],"wp:featuredmedia":[{"embeddable":true,"href":"https:\/\/soydeaqui.ddns.net\/pachuca\/index.php\/wp-json\/wp\/v2\/media\/94451"}],"wp:attachment":[{"href":"https:\/\/soydeaqui.ddns.net\/pachuca\/index.php\/wp-json\/wp\/v2\/media?parent=94452"}],"wp:term":[{"taxonomy":"product_brand","embeddable":true,"href":"https:\/\/soydeaqui.ddns.net\/pachuca\/index.php\/wp-json\/wp\/v2\/product_brand?post=94452"},{"taxonomy":"product_cat","embeddable":true,"href":"https:\/\/soydeaqui.ddns.net\/pachuca\/index.php\/wp-json\/wp\/v2\/product_cat?post=94452"},{"taxonomy":"product_tag","embeddable":true,"href":"https:\/\/soydeaqui.ddns.net\/pachuca\/index.php\/wp-json\/wp\/v2\/product_tag?post=94452"}],"curies":[{"name":"wp","href":"https:\/\/api.w.org\/{rel}","templated":true}]}}