{"id":94237,"date":"2026-03-20T06:37:07","date_gmt":"2026-03-20T06:37:07","guid":{"rendered":"https:\/\/soydeaqui.ddns.net\/pachuca\/index.php\/producto\/dual-light-2-microfonos-integrados-bala-ip-2-megapixel-lente-mot-2-8-a-12-mm-60-mts-luz-blanca-60-mts-ir-acusense-exterior-ip67-ik10-wdr-120-db-poe-alarmas-i-o-micro-sd-me\/"},"modified":"2026-03-20T06:37:07","modified_gmt":"2026-03-20T06:37:07","slug":"dual-light-2-microfonos-integrados-bala-ip-2-megapixel-lente-mot-2-8-a-12-mm-60-mts-luz-blanca-60-mts-ir-acusense-exterior-ip67-ik10-wdr-120-db-poe-alarmas-i-o-micro-sd-me","status":"publish","type":"product","link":"https:\/\/soydeaqui.ddns.net\/pachuca\/index.php\/producto\/dual-light-2-microfonos-integrados-bala-ip-2-megapixel-lente-mot-2-8-a-12-mm-60-mts-luz-blanca-60-mts-ir-acusense-exterior-ip67-ik10-wdr-120-db-poe-alarmas-i-o-micro-sd-me\/","title":{"rendered":"[Dual Light + 2 Micr\u00f3fonos Integrados] Bala IP 2 Megapixel \/ Lente Mot. 2.8 a 12 mm \/ 60 mts Luz Blanca + 60 mts IR \/ ACUSENSE \/ Exterior IP67 \/ IK10 \/ WDR 120 dB \/ PoE+  \/ Alarmas I\/O \/ Micro SD \/ Metal \/ IK10 \/ ACUSEARCH"},"content":{"rendered":"<div style='width: 100%; max-width: 1200px; margin: 0 auto; font-family: sans-serif; line-height: 1.6; color: inherit; background-color: transparent;'> <!-- Im\u00e1genes principales --> <\/p>\n<div style='width: 100%; margin-bottom: 30px;'> <img style='width: 100%; height: auto; border: 1px solid rgba(150&comma;150&comma;150&comma;0.3); border-radius: 8px;' src='https:\/\/ftp3.syscom.mx\/usuarios\/ftp\/single_page\/HIKVISION\/vision-nocturna-V2.jpg' alt='Visi\u00f3n nocturna'> <\/div>\n<p> <!-- Secci\u00f3n de caracter\u00edsticas con flex --> <\/p>\n<div style='display: flex; flex-wrap: wrap; gap: 30px; margin-bottom: 30px;'>\n<div style='flex: 1 1 300px; min-width: 280px;'>\n<h3 style='font-size: 22px; border-bottom: 2px solid currentColor; padding-bottom: 5px; margin-top: 0; color: inherit; opacity: 0.8;'>Caracter\u00edsticas Principales<\/h3>\n<ul style='padding-left: 20px; font-size: 15px; color: inherit;'>\n<li style='margin-bottom: 5px;'>Resoluci\u00f3n m\u00e1xima: <strong>2 Megapixel (1920 \u00d7 1080)<\/strong><\/li>\n<li style='margin-bottom: 5px;'>Iluminaci\u00f3n m\u00ednima: <strong>Color: 0.005 Lux @ (F1.6&comma; AGC ON)&comma; B\/N: 0 Lux con IR<\/strong><\/li>\n<li style='margin-bottom: 5px;'>Distancia focal: <strong>2.8 &#8211; 12 mm (FOV horizontal: 111.5\u00b0 a 33.4\u00b0)<\/strong><\/li>\n<li style='margin-bottom: 5px;'>Distancia de iluminaci\u00f3n: <strong>Hasta 60 m con Smart Hybrid Light (IR + Luz Blanca)<\/strong><\/li>\n<li style='margin-bottom: 5px; font-weight: bold;'>Micr\u00f3fono Integrado: Arreglo de doble micr\u00f3fono para mejor cobertura<\/li>\n<li style='margin-bottom: 5px;'>Funciones: <strong>WDR 120dB \/ ROI \/ 3D DNR \/ BLC \/ HLC<\/strong><\/li>\n<li style='margin-bottom: 5px;'>Funciones Avanzadas: <strong>Clasificaci\u00f3n de humanos y veh\u00edculos \/ Intrusi\u00f3n \/ Cruce de l\u00ednea<\/strong><\/li>\n<li style='margin-bottom: 5px;'>Compresi\u00f3n: <strong>H.265+ \/ H.265 \/ H.264+ \/ H.264<\/strong><\/li>\n<li style='margin-bottom: 5px;'>Compatible con la plataforma Hik-Connect: <a href='https:\/\/appstore.hikvision.com\/' target='_blank' rel='noopener' style='color: inherit; text-decoration: underline;'>https:\/\/appstore.hikvision.com\/<\/a><\/li>\n<\/ul><\/div>\n<div style='flex: 1 1 300px; min-width: 280px;'>\n<h3 style='font-size: 22px; border-bottom: 2px solid currentColor; padding-bottom: 5px; margin-top: 0; color: inherit; opacity: 0.8;'>Caracter\u00edsticas F\u00edsicas y El\u00e9ctricas<\/h3>\n<ul style='padding-left: 20px; font-size: 15px; color: inherit;'>\n<li style='margin-bottom: 5px;'>Alimentaci\u00f3n: <strong>12 VDC \u00b1 25%&comma; 1.08 A&comma; max. 13 W \/ PoE IEEE 802.3at&comma; Clase 4&comma; max. 15 W<\/strong><\/li>\n<li style='margin-bottom: 5px;'>Temperatura de operaci\u00f3n: <strong>-30\u00b0C a 60\u00b0C \/ Humedad al 95% m\u00e1ximo<\/strong><\/li>\n<li style='margin-bottom: 5px;'>Uso en exterior: <strong>IP67<\/strong><\/li>\n<li style='margin-bottom: 5px;'>Antivand\u00e1lica: <strong>IK10<\/strong><\/li>\n<li style='margin-bottom: 5px;'>Dimensiones: <strong>298 mm \u00d7 97.9 mm \u00d7 95.7 mm<\/strong><\/li>\n<li style='margin-bottom: 5px;'>Peso: <strong>1531 gramos<\/strong><\/li>\n<\/ul><\/div>\n<div style='flex: 1 1 300px; min-width: 280px;'>\n<h3 style='font-size: 22px; border-bottom: 2px solid currentColor; padding-bottom: 5px; margin-top: 0; color: inherit; opacity: 0.8;'>Entradas y Salidas<\/h3>\n<ul style='padding-left: 20px; font-size: 15px; color: inherit;'>\n<li style='margin-bottom: 5px;'>Entradas de alarma: <strong>1<\/strong><\/li>\n<li style='margin-bottom: 5px;'>Salidas de alarma: <strong>1 (max. 24 VDC\/24 VAC&comma; 1 A)<\/strong><\/li>\n<li style='margin-bottom: 5px;'>Entradas de audio: <strong>1<\/strong><\/li>\n<li style='margin-bottom: 5px;'>Salidas de audio: <strong>1<\/strong><\/li>\n<li style='margin-bottom: 5px;'>Almacenamiento: <strong>micro SD 512 GB (no incluida)<\/strong><\/li>\n<li style='margin-bottom: 5px;'>Puerto de red: <strong>1 (10\/100 Mbps&comma; PoE IEEE 802.3at&comma; Clase 4&comma; max. 15 W)<\/strong><\/li>\n<\/ul><\/div>\n<\/p><\/div>\n<p> <!-- Secci\u00f3n de caracter\u00edsticas destacadas --> <\/p>\n<div style='margin-bottom: 30px;'>\n<h3 style='font-size: 22px; border-bottom: 2px solid currentColor; padding-bottom: 5px; margin-top: 0; color: inherit; opacity: 0.8;'>Caracter\u00edsticas Destacadas<\/h3>\n<ul style='padding-left: 20px; font-size: 15px; color: inherit;'>\n<li style='margin-bottom: 5px;'>Compatible con la plataforma Hik-Connect para una conexi\u00f3n m\u00e1s r\u00e1pida y sencilla<\/li>\n<li style='margin-bottom: 5px;'>Soporta anal\u00edtica AcuSense para clasificaci\u00f3n de humanos y veh\u00edculos&comma; con eventos inteligentes como cruce de l\u00ednea&comma; intrusi\u00f3n&comma; entrada y salida de \u00e1rea<\/li>\n<li style='margin-bottom: 5px;'>Tecnolog\u00eda Smart Hybrid Light: Combina IR y Luz Blanca. En modo nocturno&comma; usa IR y activa la luz blanca autom\u00e1ticamente al detectar humanos o veh\u00edculos<\/li>\n<li style='margin-bottom: 5px;'>Soporta anal\u00edtica de cruce de l\u00ednea e intrusi\u00f3n de \u00e1rea<\/li>\n<\/ul><\/div>\n<p> <!-- Tabla de distancias DORI --> <\/p>\n<div style='margin-bottom: 30px;'>\n<h3 style='font-size: 22px; border-bottom: 2px solid currentColor; padding-bottom: 5px; margin-top: 0; color: inherit; opacity: 0.8;'>Distancias DORI<\/h3>\n<p style='font-size: 15px; color: inherit;'>DORI es un est\u00e1ndar utilizado para definir la distancia a la cual se puede detectar&comma; observar&comma; reconocer e identificar personas y objetos con claridad utilizando una c\u00e1mara de vigilancia.<\/p>\n<div style='overflow-x: auto;'>\n<table style='width: 100%; border-collapse: collapse; margin: 20px 0; font-size: 15px; color: inherit;'>\n<thead>\n<tr>\n<th style='border: 1px solid rgba(150&comma;150&comma;150&comma;0.3); padding: 12px; background-color: rgba(255&comma;255&comma;255&comma;0.05); text-align: left;'>Distancia Focal<\/th>\n<th style='border: 1px solid rgba(150&comma;150&comma;150&comma;0.3); padding: 12px; background-color: rgba(255&comma;255&comma;255&comma;0.05); text-align: left;'>Detectar<\/th>\n<th style='border: 1px solid rgba(150&comma;150&comma;150&comma;0.3); padding: 12px; background-color: rgba(255&comma;255&comma;255&comma;0.05); text-align: left;'>Observar<\/th>\n<th style='border: 1px solid rgba(150&comma;150&comma;150&comma;0.3); padding: 12px; background-color: rgba(255&comma;255&comma;255&comma;0.05); text-align: left;'>Reconocer<\/th>\n<th style='border: 1px solid rgba(150&comma;150&comma;150&comma;0.3); padding: 12px; background-color: rgba(255&comma;255&comma;255&comma;0.05); text-align: left;'>Identificar<\/th>\n<\/tr>\n<\/thead>\n<tbody>\n<tr>\n<td style='border: 1px solid rgba(150&comma;150&comma;150&comma;0.3); padding: 10px;'>2.8 a 12 mm<\/td>\n<td style='border: 1px solid rgba(150&comma;150&comma;150&comma;0.3); padding: 10px;'>42.7 a 132.0 m<\/td>\n<td style='border: 1px solid rgba(150&comma;150&comma;150&comma;0.3); padding: 10px;'>16.9 a 52.4 m<\/td>\n<td style='border: 1px solid rgba(150&comma;150&comma;150&comma;0.3); padding: 10px;'>8.5 a 26.4 m<\/td>\n<td style='border: 1px solid rgba(150&comma;150&comma;150&comma;0.3); padding: 10px;'>4.3 a 13.2 m<\/td>\n<\/tr>\n<\/tbody>\n<\/table><\/div>\n<\/p><\/div>\n<p> <!-- Imagen de AcuSense --> <\/p>\n<div style='width: 100%; margin-bottom: 30px;'> <img style='width: 100%; height: auto; border: 1px solid rgba(150&comma;150&comma;150&comma;0.3); border-radius: 8px;' src='https:\/\/ftp3.syscom.mx\/usuarios\/ftp\/single_page\/HIKVISION\/acusense-colorvu.png' alt='AcuSense ColorVu'> <\/div>\n<p> <!-- Descripci\u00f3n de AcuSense --> <\/p>\n<div style='margin-bottom: 30px;'>\n<p style='font-size: 15px; color: inherit;'>Soporta anal\u00edtica AcuSense para distinguir personas y veh\u00edculos de otros objetos&comma; enfoc\u00e1ndose en amenazas reales con b\u00fasquedas de video eficientes.<\/p>\n<\/p><\/div>\n<p> <!-- Secci\u00f3n de im\u00e1genes explicativas --> <\/p>\n<div style='display: flex; flex-wrap: wrap; gap: 20px; margin-bottom: 30px;'>\n<div style='flex: 1 1 300px; min-width: 280px;'> <img style='width: 100%; height: auto; border: 1px solid rgba(150&comma;150&comma;150&comma;0.3); border-radius: 8px;' src='https:\/\/ftp3.syscom.mx\/usuarios\/ftp\/single_page\/HIKVISION\/IR-PON-1.png' alt='Luz IR Encendida'> <\/p>\n<h4 style='margin-top: 15px; margin-bottom: 8px; font-size: 18px; color: inherit; opacity: 0.8;'>Luz IR Encendida<\/h4>\n<p style='font-size: 15px; color: inherit;'>En ausencia de veh\u00edculo o persona&comma; la c\u00e1mara utiliza s\u00f3lo luz IR<\/p>\n<\/p><\/div>\n<div style='flex: 1 1 300px; min-width: 280px;'> <img style='width: 100%; height: auto; border: 1px solid rgba(150&comma;150&comma;150&comma;0.3); border-radius: 8px;' src='https:\/\/ftp3.syscom.mx\/usuarios\/ftp\/single_page\/HIKVISION\/LED-ON-1.jpg' alt='Luz Blanca Encendida'> <\/p>\n<h4 style='margin-top: 15px; margin-bottom: 8px; font-size: 18px; color: inherit; opacity: 0.8;'>Luz Blanca Encendida<\/h4>\n<p style='font-size: 15px; color: inherit;'>Cuando detecta un veh\u00edculo o persona&comma; activa autom\u00e1ticamente la luz blanca&comma; produciendo im\u00e1genes a color con detalles claros<\/p>\n<\/p><\/div>\n<div style='flex: 1 1 300px; min-width: 280px;'> <img style='width: 100%; height: auto; border: 1px solid rgba(150&comma;150&comma;150&comma;0.3); border-radius: 8px;' src='https:\/\/ftp3.syscom.mx\/usuarios\/ftp\/single_page\/HIKVISION\/IR-PON-2.png' alt='Luz IR Encendida'> <\/p>\n<h4 style='margin-top: 15px; margin-bottom: 8px; font-size: 18px; color: inherit; opacity: 0.8;'>Luz IR Encendida<\/h4>\n<p style='font-size: 15px; color: inherit;'>Al salir el veh\u00edculo o persona&comma; la c\u00e1mara vuelve autom\u00e1ticamente al modo IR<\/p>\n<\/p><\/div>\n<\/p><\/div>\n<p> <!-- Video de YouTube --> <\/p>\n<div style='position: relative; padding-bottom: 56.25%; height: 0; overflow: hidden; margin-bottom: 30px;'>   <\/div>\n<p> <!-- Accesorios compatibles --> <\/p>\n<div style='margin-bottom: 30px;'>\n<h3 style='font-size: 22px; border-bottom: 2px solid currentColor; padding-bottom: 5px; margin-top: 0; color: inherit; opacity: 0.8;'>Accesorios Compatibles<\/h3>\n<p style='font-size: 15px; color: inherit;'>Consulte la ficha t\u00e9cnica para validar los accesorios compatibles&comma; de clic <a href='https:\/\/ftp3.syscom.mx\/usuarios\/emendoza\/elesbanmch\/HIKVISON\/EDICIONES\/DS-2CD2623G2-LIZS2U_Datasheet_20250208.pdf?_gl=1*hgqezc*_gcl_au*MTc3NjMxMDk4MS4xNzUwMTgxMDMx' target='_blank' rel='noopener' style='color: inherit; text-decoration: underline;'>Aqu\u00ed<\/a><\/p>\n<\/p><\/div>\n<p> <!-- Separador final --> <\/p>\n<hr style='border: 0; border-top: 1px solid rgba(150&comma; 150&comma; 150&comma; 0.3); margin: 30px 0;'> <\/div>\n","protected":false},"excerpt":{"rendered":"<p>[Dual Light + 2 Micr\u00f3fonos Integrados] Bala IP 2 Megapixel \/ Lente Mot. 2.8 a 12 mm \/ 60 mts Luz Blanca + 60 mts IR \/ ACUSENSE \/ Exterior IP67 \/ IK10 \/ WDR 120 dB \/ PoE+  \/ Alarmas I\/O \/ Micro SD \/ Metal \/ IK10 \/ ACUSEARCH<\/p>\n","protected":false},"featured_media":94236,"comment_status":"open","ping_status":"closed","template":"","meta":[],"product_brand":[],"product_cat":[438],"product_tag":[439,122,54],"class_list":{"0":"post-94237","1":"product","2":"type-product","3":"status-publish","4":"has-post-thumbnail","6":"product_cat-bala","7":"product_tag-bala","8":"product_tag-camaras-ip-y-nvrs","9":"product_tag-hikvision","11":"first","12":"instock","13":"sale","14":"shipping-taxable","15":"purchasable","16":"product-type-simple"},"_links":{"self":[{"href":"https:\/\/soydeaqui.ddns.net\/pachuca\/index.php\/wp-json\/wp\/v2\/product\/94237","targetHints":{"allow":["GET"]}}],"collection":[{"href":"https:\/\/soydeaqui.ddns.net\/pachuca\/index.php\/wp-json\/wp\/v2\/product"}],"about":[{"href":"https:\/\/soydeaqui.ddns.net\/pachuca\/index.php\/wp-json\/wp\/v2\/types\/product"}],"replies":[{"embeddable":true,"href":"https:\/\/soydeaqui.ddns.net\/pachuca\/index.php\/wp-json\/wp\/v2\/comments?post=94237"}],"wp:featuredmedia":[{"embeddable":true,"href":"https:\/\/soydeaqui.ddns.net\/pachuca\/index.php\/wp-json\/wp\/v2\/media\/94236"}],"wp:attachment":[{"href":"https:\/\/soydeaqui.ddns.net\/pachuca\/index.php\/wp-json\/wp\/v2\/media?parent=94237"}],"wp:term":[{"taxonomy":"product_brand","embeddable":true,"href":"https:\/\/soydeaqui.ddns.net\/pachuca\/index.php\/wp-json\/wp\/v2\/product_brand?post=94237"},{"taxonomy":"product_cat","embeddable":true,"href":"https:\/\/soydeaqui.ddns.net\/pachuca\/index.php\/wp-json\/wp\/v2\/product_cat?post=94237"},{"taxonomy":"product_tag","embeddable":true,"href":"https:\/\/soydeaqui.ddns.net\/pachuca\/index.php\/wp-json\/wp\/v2\/product_tag?post=94237"}],"curies":[{"name":"wp","href":"https:\/\/api.w.org\/{rel}","templated":true}]}}