{"id":94029,"date":"2026-03-20T06:28:29","date_gmt":"2026-03-20T06:28:29","guid":{"rendered":"https:\/\/soydeaqui.ddns.net\/pachuca\/index.php\/producto\/nvr-de-64-canales-soporta-grabacion-hasta-32-mp-h-265-wisestream-procesamiento-400-mbps-3-puertos-de-red-raid-5-6-160-tb-incluidos\/"},"modified":"2026-03-20T06:28:39","modified_gmt":"2026-03-20T06:28:39","slug":"nvr-de-64-canales-soporta-grabacion-hasta-32-mp-h-265-wisestream-procesamiento-400-mbps-3-puertos-de-red-raid-5-6-160-tb-incluidos","status":"publish","type":"product","link":"https:\/\/soydeaqui.ddns.net\/pachuca\/index.php\/producto\/nvr-de-64-canales-soporta-grabacion-hasta-32-mp-h-265-wisestream-procesamiento-400-mbps-3-puertos-de-red-raid-5-6-160-tb-incluidos\/","title":{"rendered":"NVR de 64 canales \/ Soporta grabaci\u00f3n hasta 32 MP \/ H.265 &#038; Wisestream \/ Procesamiento 400 Mbps \/ 3 Puertos de Red \/ Raid 5-6 \/ 160 TB incluidos"},"content":{"rendered":"<div style='width: 100%; max-width: 1200px; margin: 0 auto; font-family: sans-serif; line-height: 1.6; color: inherit; background-color: transparent;'>\n<div style='display: flex; flex-wrap: wrap; gap: 30px; margin-bottom: 30px;'>\n<div style='flex: 1 1 300px; min-width: 280px;'>\n<h3 style='font-size: 22px; border-bottom: 2px solid currentColor; padding-bottom: 5px; margin-top: 0; color: inherit; opacity: 0.8;'>Caracter\u00edsticas del NVR<\/h3>\n<ul style='padding-left: 20px; font-size: 15px; color: inherit;'>\n<li style='margin-bottom: 5px;'>Soporta 64 c\u00e1maras de hasta m\u00e1ximo 32MP<\/li>\n<li style='margin-bottom: 5px;'>Compresi\u00f3n de video: H.265&comma; H264&comma; MJPEG<\/li>\n<li style='margin-bottom: 5px;'>Soporta mouse USB para operar (incluido)<\/li>\n<li style='margin-bottom: 5px;'>Soporta 16HDD de hasta 10TB <strong style='color: inherit;'>160TB incluidos<\/strong><\/li>\n<li style='margin-bottom: 5px;'>Soporta Hanwha security DDNS<\/li>\n<li style='margin-bottom: 5px;'>Acceso por dispositivo m\u00f3vil: Android&comma; iOS<\/li>\n<li style='margin-bottom: 5px;'>Protocolos: Wisenet (SUNAPI)&comma; ONVIF<\/li>\n<li style='margin-bottom: 5px;'>Resolucion de grabacion (32MP@15fps H.265)&comma; 12MP(30fps&comma; H.265)&comma; 8.3MP(120fps)&comma; 1080p (480fps)&comma; 720p (960fps)&comma; D1 (960fps).<\/li>\n<\/ul><\/div>\n<div style='flex: 1 1 300px; min-width: 280px;'>\n<h3 style='font-size: 22px; border-bottom: 2px solid currentColor; padding-bottom: 5px; margin-top: 0; color: inherit; opacity: 0.8;'>Caracter\u00edsticas de red<\/h3>\n<ul style='padding-left: 20px; font-size: 15px; color: inherit;'>\n<li style='margin-bottom: 5px;'>Throughput de entrada: 400Mbps<\/li>\n<li style='margin-bottom: 5px;'>Throughput de salida: 400Mbps<\/li>\n<li style='margin-bottom: 5px;'>Max. de usuarios remotos: 3 reproducci\u00f3n y 10 vista en directo<\/li>\n<li style='margin-bottom: 5px;'>3 Puerto de red (1 Gbps)<\/li>\n<\/ul><\/div>\n<div style='flex: 1 1 300px; min-width: 280px;'>\n<h3 style='font-size: 22px; border-bottom: 2px solid currentColor; padding-bottom: 5px; margin-top: 0; color: inherit; opacity: 0.8;'>Interfaces<\/h3>\n<ul style='padding-left: 20px; font-size: 15px; color: inherit;'>\n<li style='margin-bottom: 5px;'>Salida HDMI 1: 3840 x 2160 30 Hz (Reproduccion y configuracion)<\/li>\n<li style='margin-bottom: 5px;'>Salida HDMI 2: 1920 x 1080 60 Hz<\/li>\n<li style='margin-bottom: 5px;'>Entradas de Audio: 64 (si la c\u00e1maras cuentan con entradas de audio)<\/li>\n<li style='margin-bottom: 5px;'>Audio de dos v\u00edas<\/li>\n<li style='margin-bottom: 5px;'>Alarma: 4 Entradas \/ 4 Salidas<\/li>\n<li style='margin-bottom: 5px;'>USB: 4 Puertos (2 frontales USB 2.0 x 2 traseros USB 3.0)<\/li>\n<li style='margin-bottom: 5px;'>Soporta RAID 5\/6 (Tama\u00f1o de arreglo: 8 HDD x 2)<\/li>\n<\/ul><\/div>\n<div style='flex: 1 1 300px; min-width: 280px;'>\n<h3 style='font-size: 22px; border-bottom: 2px solid currentColor; padding-bottom: 5px; margin-top: 0; color: inherit; opacity: 0.8;'>Caracter\u00edsticas f\u00edsicas y el\u00e9ctricas<\/h3>\n<ul style='padding-left: 20px; font-size: 15px; color: inherit;'>\n<li style='margin-bottom: 5px;'>Alimentaci\u00f3n: 100 ~ 240 V CA \u00b1 10 %&comma; 50\/60 Hz&comma; 2.7A (SMPS dual)<\/li>\n<li style='margin-bottom: 5px;'><strong style='color: inherit;'>2 entradas de Corriente Alterna (fuente redundante)<\/strong><\/li>\n<li style='margin-bottom: 5px;'>Consumo: MAX. 265W<\/li>\n<li style='margin-bottom: 5px;'>Dimensiones: 440.0 x 132.0 x 571.1mm<\/li>\n<li style='margin-bottom: 5px;'>Peso: 14.1 Kg (sin discos duros)<\/li>\n<\/ul><\/div>\n<\/p><\/div>\n<\/p><\/div>\n","protected":false},"excerpt":{"rendered":"<p>NVR de 64 canales \/ Soporta grabaci\u00f3n hasta 32 MP \/ H.265 &#038; Wisestream \/ Procesamiento 400 Mbps \/ 3 Puertos de Red \/ Raid 5-6 \/ 160 TB incluidos<\/p>\n","protected":false},"featured_media":94028,"comment_status":"open","ping_status":"closed","template":"","meta":[],"product_brand":[],"product_cat":[2234],"product_tag":[122,1055,2235],"class_list":{"0":"post-94029","1":"product","2":"type-product","3":"status-publish","4":"has-post-thumbnail","6":"product_cat-nvrs-network-video-recorders","7":"product_tag-camaras-ip-y-nvrs","8":"product_tag-hanwha-vision","9":"product_tag-nvrs-network-video-recorders","11":"first","12":"outofstock","13":"sale","14":"shipping-taxable","15":"purchasable","16":"product-type-simple"},"_links":{"self":[{"href":"https:\/\/soydeaqui.ddns.net\/pachuca\/index.php\/wp-json\/wp\/v2\/product\/94029","targetHints":{"allow":["GET"]}}],"collection":[{"href":"https:\/\/soydeaqui.ddns.net\/pachuca\/index.php\/wp-json\/wp\/v2\/product"}],"about":[{"href":"https:\/\/soydeaqui.ddns.net\/pachuca\/index.php\/wp-json\/wp\/v2\/types\/product"}],"replies":[{"embeddable":true,"href":"https:\/\/soydeaqui.ddns.net\/pachuca\/index.php\/wp-json\/wp\/v2\/comments?post=94029"}],"wp:featuredmedia":[{"embeddable":true,"href":"https:\/\/soydeaqui.ddns.net\/pachuca\/index.php\/wp-json\/wp\/v2\/media\/94028"}],"wp:attachment":[{"href":"https:\/\/soydeaqui.ddns.net\/pachuca\/index.php\/wp-json\/wp\/v2\/media?parent=94029"}],"wp:term":[{"taxonomy":"product_brand","embeddable":true,"href":"https:\/\/soydeaqui.ddns.net\/pachuca\/index.php\/wp-json\/wp\/v2\/product_brand?post=94029"},{"taxonomy":"product_cat","embeddable":true,"href":"https:\/\/soydeaqui.ddns.net\/pachuca\/index.php\/wp-json\/wp\/v2\/product_cat?post=94029"},{"taxonomy":"product_tag","embeddable":true,"href":"https:\/\/soydeaqui.ddns.net\/pachuca\/index.php\/wp-json\/wp\/v2\/product_tag?post=94029"}],"curies":[{"name":"wp","href":"https:\/\/api.w.org\/{rel}","templated":true}]}}