{"id":94013,"date":"2026-03-20T06:27:49","date_gmt":"2026-03-20T06:27:49","guid":{"rendered":"https:\/\/soydeaqui.ddns.net\/pachuca\/index.php\/producto\/servidor-de-almacenamiento-en-red-incluye-7-discos-de-25-tb-soporta-hasta-180-canales-controlador-simple\/"},"modified":"2026-03-20T06:27:52","modified_gmt":"2026-03-20T06:27:52","slug":"servidor-de-almacenamiento-en-red-incluye-7-discos-de-25-tb-soporta-hasta-180-canales-controlador-simple","status":"publish","type":"product","link":"https:\/\/soydeaqui.ddns.net\/pachuca\/index.php\/producto\/servidor-de-almacenamiento-en-red-incluye-7-discos-de-25-tb-soporta-hasta-180-canales-controlador-simple\/","title":{"rendered":"Servidor de Almacenamiento en Red \/ Incluye 7 Discos de 25 TB \/ Soporta Hasta 180 Canales \/ Controlador Simple"},"content":{"rendered":"<div style='width: 100%; max-width: 1200px; margin: 0 auto; font-family: sans-serif; line-height: 1.6; color: inherit; background-color: transparent;'>\n<p style='text-align: center;'><img style='width: 45%; height: auto; border: 1px solid rgba(150&comma;150&comma;150&comma;0.3); border-radius: 8px;' src='https:\/\/ftp3.syscom.mx\/usuarios\/jsosa\/HIKVISION\/imagenes\/logo\/hikvision%20see%20far.png' alt='Logo Hikvision'><\/p>\n<div style='display: flex; flex-wrap: wrap; gap: 30px; margin-top: 30px; margin-bottom: 30px;'>\n<div style='flex: 1 1 300px; min-width: 280px;'>\n<h3 style='font-size: 22px; border-bottom: 2px solid currentColor; padding-bottom: 5px; margin-top: 0; color: inherit; opacity: 0.8;'>Caracter\u00edsticas principales:<\/h3>\n<ul style='padding-left: 20px; font-size: 15px; color: inherit;'>\n<li style='margin-bottom: 5px;'><span style='font-family: sans-serif; color: inherit;'>Compatible con DVR \/ NVR epcom y HIKVISION<\/span><\/li>\n<li style='margin-bottom: 5px;'><span style='font-family: sans-serif; color: inherit;'>Compatible con sistemas de Hik-Central (no requiere licencias adicionales para grabar)<\/span><\/li>\n<li style='margin-bottom: 5px;'><span style='font-family: sans-serif; color: inherit;'>Soporta compresi\u00f3n H.265+ \/ H.265 \/ H.264<\/span><\/li>\n<li style='margin-bottom: 5px;'><span style='font-family: sans-serif; color: inherit;'>Incluye 7 HDD de 25TB<\/span><\/li>\n<li style='margin-bottom: 5px;'><span style='font-family: sans-serif; color: inherit;'>Soporta Hot Swap<\/span><\/li>\n<li style='margin-bottom: 5px;'><span style='font-family: sans-serif; color: inherit;'>Controlador sencillo (64 bit procesador multi-core)<\/span><\/li>\n<li style='margin-bottom: 5px;'><span style='font-family: sans-serif; color: inherit;'>Cuenta con fuente de alimentaci\u00f3n redundante<\/span><\/li>\n<li style='margin-bottom: 5px;'><span style='font-family: sans-serif; color: inherit;'>Puede grabar hasta 180 c\u00e1maras IP (usando 2 Mbps por c\u00e1mara)<\/span><\/li>\n<li style='margin-bottom: 5px;'><span style='font-family: sans-serif; color: inherit;'>Soporta arreglo RAID5&comma; RAID6&comma; iRAID<\/span><\/li>\n<\/ul><\/div>\n<div style='flex: 1 1 300px; min-width: 280px;'>\n<h3 style='font-size: 22px; border-bottom: 2px solid currentColor; padding-bottom: 5px; margin-top: 0; color: inherit; opacity: 0.8;'>Caracter\u00edsticas F\u00edsicas y El\u00e9ctricas:<\/h3>\n<ul style='padding-left: 20px; font-size: 15px; color: inherit;'>\n<li style='margin-bottom: 5px;'><span style='font-family: sans-serif; color: inherit;'>Dimensiones: 484 mm x 684 mm x 174 mm<\/span><\/li>\n<li style='margin-bottom: 5px;'><span style='font-family: sans-serif; color: inherit;'>Peso: 40 Kg (sin HDD)<\/span><\/li>\n<li style='margin-bottom: 5px;'><span style='font-family: sans-serif; color: inherit;'>Ocupa 4U de rack (19&#8242;)<\/span><\/li>\n<li style='margin-bottom: 5px;'><span style='font-family: sans-serif; color: inherit;'>Alimentaci\u00f3n: 550 W<\/span><\/li>\n<li style='margin-bottom: 5px;'><span style='font-family: sans-serif; color: inherit;'>Garant\u00eda: 5 a\u00f1os<\/span><\/li>\n<\/ul><\/div>\n<\/p><\/div>\n<hr style='border: 0; border-top: 1px solid rgba(150&comma; 150&comma; 150&comma; 0.3); margin: 30px 0;'>\n<div style='margin: 30px 0;'>\n<p style='text-align: justify;'><strong>El sistema de almacenamiento de la serie DS-AT1000S es un producto con gran capacidad y dise\u00f1o de alta densidad.<\/strong><\/p>\n<p style='text-align: justify;'>En comparaci\u00f3n con producto de almacenamiento general&comma; el DS-AT1000S reduce el total costo hasta un 20%. La tecnolog\u00eda iRAID realiza una gesti\u00f3n intensiva del espacio de almacenamiento y los datos&comma; y protege la seguridad de los datos de la subestructura. La tecnolog\u00eda de almacenamiento jer\u00e1rquico mejora el rendimiento de la b\u00fasqueda de datos por al menos 10 veces. La sustituci\u00f3n peri\u00f3dica del disco duro garantiza la disponibilidad del producto.<\/p>\n<\/p><\/div>\n<hr style='border: 0; border-top: 1px solid rgba(150&comma; 150&comma; 150&comma; 0.3); margin: 30px 0;'>\n<div style='display: flex; flex-wrap: wrap; gap: 30px; margin-bottom: 30px;'>\n<div style='flex: 1 1 300px; min-width: 280px;'> <img style='width: 100%; height: auto; border: 1px solid rgba(150&comma;150&comma;150&comma;0.3); border-radius: 8px;' src='https:\/\/ftp3.syscom.mx\/usuarios\/yalvarado\/hikvision\/CVR\/FOTOS\/CVR4.PNG' alt='Vista frontal del servidor'> <\/div>\n<div style='flex: 1 1 300px; min-width: 280px;'> <img style='width: 100%; height: auto; border: 1px solid rgba(150&comma;150&comma;150&comma;0.3); border-radius: 8px;' src='https:\/\/ftp3.syscom.mx\/usuarios\/yalvarado\/hikvision\/CVR\/FOTOS\/CVR6.PNG' alt='Detalles internos del servidor'> <\/div>\n<\/p><\/div>\n<hr style='border: 0; border-top: 1px solid rgba(150&comma; 150&comma; 150&comma; 0.3); margin: 30px 0;'>\n<div style='display: flex; flex-wrap: wrap; gap: 30px; margin-bottom: 30px;'>\n<div style='flex: 1 1 300px; min-width: 280px;'>\n<div style='border: 1px solid rgba(150&comma; 150&comma; 150&comma; 0.4); border-radius: 8px; overflow: hidden; display: flex; flex-direction: column; height: 100%;'>\n<div style='padding: 15px; border-bottom: 1px solid rgba(150&comma; 150&comma; 150&comma; 0.2); font-weight: bold; font-size: 18px; color: inherit;'>SOLUCI\u00d3N RENTABLE<\/div>\n<div style='padding: 15px; color: inherit; flex-grow: 1;'>\n<p style='margin-bottom: 15px;'>La soluci\u00f3n de Hikvision ocupa menos espacio en la sala&comma; utiliza menos electricidad y reduce el tiempo de implementaci\u00f3n&comma; lo que le ahorra tiempo y dinero. En comparaci\u00f3n con los dispositivos de almacenamiento de 8TB actuales&comma; el HDD SMR de 20TB ahorra a los usuarios hasta un 35% del costo TB y hasta un 50% del consumo de espacio y energ\u00eda por TB.<\/p>\n<\/p><\/div>\n<div style='padding: 15px; border-top: 1px solid rgba(150&comma; 150&comma; 150&comma; 0.2);'> <img style='width: 100%; height: auto; border: 1px solid rgba(150&comma;150&comma;150&comma;0.3); border-radius: 8px;' src='https:\/\/ftp3.syscom.mx\/usuarios\/yalvarado\/hikvision\/CVR\/FOTOS\/CVR.PNG' alt='Soluci\u00f3n rentable'> <\/div>\n<\/p><\/div>\n<\/p><\/div>\n<div style='flex: 1 1 300px; min-width: 280px;'>\n<div style='border: 1px solid rgba(150&comma; 150&comma; 150&comma; 0.4); border-radius: 8px; overflow: hidden; display: flex; flex-direction: column; height: 100%;'>\n<div style='padding: 15px; border-bottom: 1px solid rgba(150&comma; 150&comma; 150&comma; 0.2); font-weight: bold; font-size: 18px; color: inherit;'>SEGURA Y CONFIABLE<\/div>\n<div style='padding: 15px; color: inherit; flex-grow: 1;'>\n<p style='margin-bottom: 15px;'>La tecnolog\u00eda de almacenamiento iRAID de Hikvision aumenta la seguridad de los datos. Mientras que el RAID tradicional deja de funcionar cuando fallan tres discos duros&comma; iRAID continua funcionando&comma; por lo que la grabaci\u00f3n de video contin\u00faa sin interrupciones incluso cuando fallan cuatro discos duros (la version personalizada). Es m\u00e1s&comma; los datos almacenados en discos duros que funcionan a\u00fan se pueden reproducir.<\/p>\n<\/p><\/div>\n<div style='padding: 15px; border-top: 1px solid rgba(150&comma; 150&comma; 150&comma; 0.2);'> <img style='width: 100%; height: auto; border: 1px solid rgba(150&comma;150&comma;150&comma;0.3); border-radius: 8px;' src='https:\/\/ftp3.syscom.mx\/usuarios\/yalvarado\/hikvision\/CVR\/FOTOS\/CVR2.PNG' alt='Almacenamiento seguro'> <\/div>\n<\/p><\/div>\n<\/p><\/div>\n<div style='flex: 1 1 300px; min-width: 280px;'>\n<div style='border: 1px solid rgba(150&comma; 150&comma; 150&comma; 0.4); border-radius: 8px; overflow: hidden; display: flex; flex-direction: column; height: 100%;'>\n<div style='padding: 15px; border-bottom: 1px solid rgba(150&comma; 150&comma; 150&comma; 0.2); font-weight: bold; font-size: 18px; color: inherit;'>FACIL OPERACI\u00d3N Y MANTENIMIENTO<\/div>\n<div style='padding: 15px; color: inherit; flex-grow: 1;'>\n<p style='margin-bottom: 15px;'>Nuestro software de mantenimiento recientemente lanzado admite una configuracion sencilla y \u00fanica&comma; lo que ahorra tiempo y mejora la eficiencia. El estado de los HDD&comma; CPU&comma; unidades de energ\u00eda y ventiladores se monitorie\u00e1 en tiempo real y se mostrar\u00e1n mensajes de alarma cuando ocurra alg\u00fan problema.<\/p>\n<\/p><\/div>\n<div style='padding: 15px; border-top: 1px solid rgba(150&comma; 150&comma; 150&comma; 0.2);'> <img style='width: 100%; height: auto; border: 1px solid rgba(150&comma;150&comma;150&comma;0.3); border-radius: 8px;' src='https:\/\/ftp3.syscom.mx\/usuarios\/yalvarado\/hikvision\/CVR\/FOTOS\/CVR3.PNG' alt='Operaci\u00f3n y mantenimiento'> <\/div>\n<\/p><\/div>\n<\/p><\/div>\n<\/p><\/div>\n<\/p><\/div>\n","protected":false},"excerpt":{"rendered":"<p>Servidor de Almacenamiento en Red \/ Incluye 7 Discos de 25 TB \/ Soporta Hasta 180 Canales \/ Controlador Simple<\/p>\n","protected":false},"featured_media":94012,"comment_status":"open","ping_status":"closed","template":"","meta":[],"product_brand":[],"product_cat":[2064],"product_tag":[2066,54,2065],"class_list":{"0":"post-94013","1":"product","2":"type-product","3":"status-publish","4":"has-post-thumbnail","6":"product_cat-almacenamiento-nas-san-esata","7":"product_tag-almacenamiento-nas-san-esata","8":"product_tag-hikvision","9":"product_tag-servidores-almacenamiento","11":"first","12":"instock","13":"sale","14":"shipping-taxable","15":"purchasable","16":"product-type-simple"},"_links":{"self":[{"href":"https:\/\/soydeaqui.ddns.net\/pachuca\/index.php\/wp-json\/wp\/v2\/product\/94013","targetHints":{"allow":["GET"]}}],"collection":[{"href":"https:\/\/soydeaqui.ddns.net\/pachuca\/index.php\/wp-json\/wp\/v2\/product"}],"about":[{"href":"https:\/\/soydeaqui.ddns.net\/pachuca\/index.php\/wp-json\/wp\/v2\/types\/product"}],"replies":[{"embeddable":true,"href":"https:\/\/soydeaqui.ddns.net\/pachuca\/index.php\/wp-json\/wp\/v2\/comments?post=94013"}],"wp:featuredmedia":[{"embeddable":true,"href":"https:\/\/soydeaqui.ddns.net\/pachuca\/index.php\/wp-json\/wp\/v2\/media\/94012"}],"wp:attachment":[{"href":"https:\/\/soydeaqui.ddns.net\/pachuca\/index.php\/wp-json\/wp\/v2\/media?parent=94013"}],"wp:term":[{"taxonomy":"product_brand","embeddable":true,"href":"https:\/\/soydeaqui.ddns.net\/pachuca\/index.php\/wp-json\/wp\/v2\/product_brand?post=94013"},{"taxonomy":"product_cat","embeddable":true,"href":"https:\/\/soydeaqui.ddns.net\/pachuca\/index.php\/wp-json\/wp\/v2\/product_cat?post=94013"},{"taxonomy":"product_tag","embeddable":true,"href":"https:\/\/soydeaqui.ddns.net\/pachuca\/index.php\/wp-json\/wp\/v2\/product_tag?post=94013"}],"curies":[{"name":"wp","href":"https:\/\/api.w.org\/{rel}","templated":true}]}}