{"id":93942,"date":"2026-03-20T06:24:51","date_gmt":"2026-03-20T06:24:51","guid":{"rendered":"https:\/\/soydeaqui.ddns.net\/pachuca\/index.php\/producto\/dvr-4-canales-turbohd-4-canales-ip-8-megapixel-4k-audio-por-coaxitron-acusense-reconocimiento-facial-1-bahia-de-disco-duro-salida-de-video-en-full-hd-h-265-alarmas-i-o\/"},"modified":"2026-03-20T06:25:05","modified_gmt":"2026-03-20T06:25:05","slug":"dvr-4-canales-turbohd-4-canales-ip-8-megapixel-4k-audio-por-coaxitron-acusense-reconocimiento-facial-1-bahia-de-disco-duro-salida-de-video-en-full-hd-h-265-alarmas-i-o","status":"publish","type":"product","link":"https:\/\/soydeaqui.ddns.net\/pachuca\/index.php\/producto\/dvr-4-canales-turbohd-4-canales-ip-8-megapixel-4k-audio-por-coaxitron-acusense-reconocimiento-facial-1-bahia-de-disco-duro-salida-de-video-en-full-hd-h-265-alarmas-i-o\/","title":{"rendered":"DVR 4 Canales TURBOHD + 4 Canales IP \/ 8 Megapixel (4K) \/ Audio por Coaxitron \/ ACUSENSE \/ Reconocimiento Facial \/ 1 Bah\u00eda de Disco Duro \/ Salida de Video en Full HD \/ H.265+ \/ Alarmas I\/O"},"content":{"rendered":"<div style='width: 100%; max-width: 1200px; margin: 0 auto; font-family: sans-serif; line-height: 1.6; color: inherit; background-color: transparent;'> <!-- Im\u00e1genes principales --> <\/p>\n<div style='display: flex; flex-wrap: wrap; gap: 15px; margin-bottom: 30px;'>\n<div style='flex: 1 1 300px; min-width: 280px;'> <img style='width: 100%; height: auto; border: 1px solid rgba(150&comma;150&comma;150&comma;0.3); border-radius: 8px;' src='https:\/\/ftp3.syscom.mx\/usuarios\/fotos\/IDS7208HQHIM1\/S(C)\/192927-untitled.png' alt=''> <\/div>\n<div style='flex: 1 1 300px; min-width: 280px;'> <img style='width: 100%; height: auto; border: 1px solid rgba(150&comma;150&comma;150&comma;0.3); border-radius: 8px;' src='https:\/\/ftp3.syscom.mx\/usuarios\/fotos\/IDS7208HQHIM1\/S(C)\/192927-untitled_(2).png' alt=''> <\/div>\n<\/p><\/div>\n<p> <!-- Video --> <\/p>\n<div style='position: relative; padding-bottom: 56.25%; height: 0; overflow: hidden; margin-bottom: 30px;'>   <\/div>\n<p> <!-- Secci\u00f3n de caracter\u00edsticas --> <\/p>\n<div style='display: flex; flex-wrap: wrap; gap: 30px; margin-bottom: 30px;'>\n<div style='flex: 1 1 400px; min-width: 280px;'>\n<h3 style='font-size: 22px; border-bottom: 2px solid currentColor; padding-bottom: 5px; margin-top: 0; color: inherit; opacity: 0.8;'>Caracter\u00edsticas Principales<\/h3>\n<ul style='padding-left: 20px; font-size: 15px; color: inherit;'>\n<li style='margin-bottom: 5px;'><span style='color: inherit;'>Soporta Audio por coaxitron en todos los canales (UTP o coaxial)<\/span><\/li>\n<li style='margin-bottom: 5px;'><span style='color: inherit;'>Soporta reconocimiento facial<\/span><\/li>\n<li style='margin-bottom: 5px;'><span style='color: inherit;'>Soporta ACUSENSE<\/span><\/li>\n<li style='margin-bottom: 5px;'><span style='color: inherit;'>Soporta 4 canales TURBOHD + 4 canales IP = 8 canales en total<\/span><\/li>\n<li style='margin-bottom: 5px;'><span style='color: inherit;'>DVR pentah\u00edbrido: HD-TVI \/ HD-CVI \/ Analogico \/ IP \/ AHD<\/span><\/li>\n<li style='margin-bottom: 5px;'><span style='color: inherit;'>Acceso remoto: PC (WINDOWS \/ MAC)&comma; Smart Phone (iPhone&comma; iPad&comma; Android)<\/span><\/li>\n<li style='margin-bottom: 5px;'><span style='color: inherit;'>Compatibilidad con navegador Internet Explorer o Chrome<\/span><\/li>\n<li style='margin-bottom: 5px;'><span style='color: inherit;'>Software cliente multi sitio de hasta 64 canales (iVMS-4200)<\/span><\/li>\n<li style='margin-bottom: 5px;'><span style='color: inherit;'>Compatible con Hik-Connect P2P<\/span><\/li>\n<li style='margin-bottom: 5px;'><span style='color: inherit;'>Soporta servicio DDNS Hik-Connect Domain \/ DynDNS<\/span><\/li>\n<li style='margin-bottom: 5px;'><span style='color: inherit;'>1 entrada y 1 salida de audio (bocina y microfono externo)<\/span><\/li>\n<li style='margin-bottom: 5px;'><span style='color: inherit;'>Soporta 1 HDD de hasta 10 TB (no incluido)<\/span><\/li>\n<li style='margin-bottom: 5px;'><span style='color: inherit;'>Interfaz serial: RS-485 (HIKVISION C&comma; COAXITRON&comma; PELCO D&comma; PELCO P&comma; etc)<\/span><\/li>\n<li style='margin-bottom: 5px;'><span style='color: inherit;'>Compresi\u00f3n: H.265+ \/ H.265 \/ H.264<\/span><\/li>\n<li style='margin-bottom: 5px;'><span style='color: inherit; font-weight: bold;'>Salida de video simultaneo en HDMI y VGA<\/span><\/li>\n<\/ul><\/div>\n<div style='flex: 1 1 400px; min-width: 280px;'>\n<div style='margin-bottom: 20px;'>\n<h3 style='font-size: 22px; border-bottom: 2px solid currentColor; padding-bottom: 5px; margin-top: 0; color: inherit; opacity: 0.8;'>Caracter\u00edsticas F\u00edsicas y El\u00e9ctricas<\/h3>\n<ul style='padding-left: 20px; font-size: 15px; color: inherit;'>\n<li style='margin-bottom: 5px;'><span style='color: inherit;'>Alimentaci\u00f3n: 12 Vcc (fuente incluida)<\/span><\/li>\n<li style='margin-bottom: 5px;'><span style='color: inherit;'>Consumo sin HDD: 18 watts<\/span><\/li>\n<li style='margin-bottom: 5px;'><span style='color: inherit;'>Temperatura de operaci\u00f3n: -10 \u00baC hasta 55 \u00baC<\/span><\/li>\n<li style='margin-bottom: 5px;'><span style='color: inherit;'>Dimensiones: 315 x 242 x 45 mm (W \u00d7 D \u00d7 H)<\/span><\/li>\n<li style='margin-bottom: 5px;'><span style='color: inherit;'>Peso: 1.78 Kg sin HDD<\/span><\/li>\n<li style='margin-bottom: 5px;'><span style='color: inherit;'>No compatible con control remoto<\/span><\/li>\n<li style='margin-bottom: 5px;'><span style='color: inherit;'>Entrada de alarma: 4<\/span><\/li>\n<li style='margin-bottom: 5px;'><span style='color: inherit;'>Salida de alarma: 1<\/span><\/li>\n<\/ul><\/div>\n<div>\n<h3 style='font-size: 22px; border-bottom: 2px solid currentColor; padding-bottom: 5px; margin-top: 0; color: inherit; opacity: 0.8;'>Resoluci\u00f3n<\/h3>\n<ul style='padding-left: 20px; font-size: 15px; color: inherit;'>\n<li style='margin-bottom: 5px;'><span style='color: inherit;'>TVI (TURBOHD): 4K (8 MP) \/ 3K \/ 5 MP \/ 4 MP \/ 2 MP<\/span><\/li>\n<li style='margin-bottom: 5px;'><span style='color: inherit;'>CVI: 8 MP \/ 5 MP \/ 4 MP \/ 2 MP<\/span><\/li>\n<li style='margin-bottom: 5px;'><span style='color: inherit;'>AHD: 5 MP \/ 4 MP \/ 2 MP<\/span><\/li>\n<li style='margin-bottom: 5px;'><span style='color: inherit;'>CVBS (anal\u00f3gico): 1200 TVL<\/span><\/li>\n<li style='margin-bottom: 5px;'><span style='color: inherit;'>IP: 4k (8 MP) \/ 5 MP\/ 6 MP\/ 4 MP \/ 2 MP<\/span><\/li>\n<\/ul><\/div>\n<\/p><\/div>\n<\/p><\/div>\n<p> <!-- Caracter\u00edsticas Destacadas --> <\/p>\n<div style='margin-bottom: 30px;'>\n<h3 style='font-size: 22px; border-bottom: 2px solid currentColor; padding-bottom: 5px; margin-top: 0; color: inherit; opacity: 0.8;'>Caracter\u00edsticas Destacadas<\/h3>\n<ul style='padding-left: 20px; font-size: 15px; color: inherit;'>\n<li style='margin-bottom: 10px;'><span style='color: inherit;'>Soporta reconocimiento facial en 2 canales de video&comma; compatible solo con c\u00e1maras TURBOHD (el anal\u00edtico lo hace el DVR&comma; puede ser cualquier c\u00e1mara TURBOHD)<\/span><\/li>\n<li style='margin-bottom: 10px;'><span style='color: inherit;'>Soporta 2 canales con tecnolog\u00eda ACUSENSE&comma; permite filtrar por anal\u00edtica de cruce de l\u00ednea o intrusi\u00f3n de \u00e1rea humanos o veh\u00edculos para activar un evento o grabaci\u00f3n&comma; esto nos permite descartar falsas alarmas (grabaciones) cuando exista un movimiento de hojas o movimiento de alg\u00fan animal&comma; vuelve m\u00e1s eficiente la grabaci\u00f3n cuando realmente s\u00ed sea necesario<\/span><\/li>\n<li style='margin-bottom: 10px;'><span style='color: inherit;'>Soporta en todos los canales con tecnolog\u00eda ACUSENSE Lite&comma; permite filtrar por detecci\u00f3n de movimiento humanos o veh\u00edculos para activar un evento o grabaci\u00f3n&comma; esto nos permite descartar falsas alarmas (grabaciones) cuando exista un movimiento de hojas o movimiento de alg\u00fan animal&comma; vuelve m\u00e1s eficiente la grabaci\u00f3n cuando realmente s\u00ed sea necesario<\/span><\/li>\n<li style='margin-bottom: 10px;'><span style='color: inherit;'>Soporta 8 bloques de memoria. El sistema de bloques de memoria asigna recursos de forma din\u00e1mica&comma; permitiendo la ejecuci\u00f3n simult\u00e1nea de funciones que antes no se pod\u00edan activar juntas. Para conocer m\u00e1s sobre esta funcion consulte <a href='https:\/\/soporte.syscom.mx\/es\/articles\/10007151-hikvision-bloques-de-memoria-procesamiento-de-analiticos-en-dvr-turbo-8-0-serie-xt-y-x?_gl=1*1a7pkkq*_gcl_au*Mjg4MTQ4MTg1LjE3NTAxNzkzMjI' style='color: currentColor; text-decoration: underline;' target='_blank' rel='noopener'>aqu\u00ed<\/a><\/span><\/li>\n<li style='margin-bottom: 10px;'><span style='color: inherit;'>Soporta apagar canales TURBOHD y poder convertir el DVR en un equipo NVR completo&comma; por cada canal TURBOHD que se apague se puede generar un canal IP adicional. Podemos tener hasta 8 canales IP en total<\/span><\/li>\n<\/ul><\/div>\n<p> <!-- Imagen final --> <\/p>\n<div style='margin-bottom: 30px;'> <img style='width: 100%; height: auto; border: 1px solid rgba(150&comma;150&comma;150&comma;0.3); border-radius: 8px;' src='https:\/\/ftp3.syscom.mx\/usuarios\/jsosa\/HIKVISION\/imagenes\/banners\/solution%20complete.png' alt=''> <\/div>\n<p> <!-- Separador final --> <\/p>\n<hr style='border: 0; border-top: 1px solid rgba(150&comma; 150&comma; 150&comma; 0.3); margin: 30px 0;'> <\/div>\n","protected":false},"excerpt":{"rendered":"<p>DVR 4 Canales TURBOHD + 4 Canales IP \/ 8 Megapixel (4K) \/ Audio por Coaxitron \/ ACUSENSE \/ Reconocimiento Facial \/ 1 Bah\u00eda de Disco Duro \/ Salida de Video en Full HD \/ H.265+ \/ Alarmas I\/O<\/p>\n","protected":false},"featured_media":93941,"comment_status":"open","ping_status":"closed","template":"","meta":[],"product_brand":[],"product_cat":[2254],"product_tag":[2255,54,2256],"class_list":{"0":"post-93942","1":"product","2":"type-product","3":"status-publish","4":"has-post-thumbnail","6":"product_cat-videograbadoras-analogicas-turbohd-tvi-ahd-cvi","7":"product_tag-camaras-y-dvrs-hd-turbohd-ahd-hd-tvi","8":"product_tag-hikvision","9":"product_tag-videograbadoras-analogicas-turbohd-tvi-ahd-cvi","11":"first","12":"instock","13":"sale","14":"shipping-taxable","15":"purchasable","16":"product-type-simple"},"_links":{"self":[{"href":"https:\/\/soydeaqui.ddns.net\/pachuca\/index.php\/wp-json\/wp\/v2\/product\/93942","targetHints":{"allow":["GET"]}}],"collection":[{"href":"https:\/\/soydeaqui.ddns.net\/pachuca\/index.php\/wp-json\/wp\/v2\/product"}],"about":[{"href":"https:\/\/soydeaqui.ddns.net\/pachuca\/index.php\/wp-json\/wp\/v2\/types\/product"}],"replies":[{"embeddable":true,"href":"https:\/\/soydeaqui.ddns.net\/pachuca\/index.php\/wp-json\/wp\/v2\/comments?post=93942"}],"wp:featuredmedia":[{"embeddable":true,"href":"https:\/\/soydeaqui.ddns.net\/pachuca\/index.php\/wp-json\/wp\/v2\/media\/93941"}],"wp:attachment":[{"href":"https:\/\/soydeaqui.ddns.net\/pachuca\/index.php\/wp-json\/wp\/v2\/media?parent=93942"}],"wp:term":[{"taxonomy":"product_brand","embeddable":true,"href":"https:\/\/soydeaqui.ddns.net\/pachuca\/index.php\/wp-json\/wp\/v2\/product_brand?post=93942"},{"taxonomy":"product_cat","embeddable":true,"href":"https:\/\/soydeaqui.ddns.net\/pachuca\/index.php\/wp-json\/wp\/v2\/product_cat?post=93942"},{"taxonomy":"product_tag","embeddable":true,"href":"https:\/\/soydeaqui.ddns.net\/pachuca\/index.php\/wp-json\/wp\/v2\/product_tag?post=93942"}],"curies":[{"name":"wp","href":"https:\/\/api.w.org\/{rel}","templated":true}]}}