{"id":93840,"date":"2026-03-20T06:20:29","date_gmt":"2026-03-20T06:20:29","guid":{"rendered":"https:\/\/soydeaqui.ddns.net\/pachuca\/index.php\/producto\/camara-pt-doble-lente-4-mp-4mp-4-megapixel-wi-fi-ia-deteccion-humana-vision-nocturna-a-color-audio-bidireccional-doble-banda-2-4-5ghz-wifi-6-uso-en-interior-vision-nocturna-i\/"},"modified":"2026-03-20T06:20:40","modified_gmt":"2026-03-20T06:20:40","slug":"camara-pt-doble-lente-4-mp-4mp-4-megapixel-wi-fi-ia-deteccion-humana-vision-nocturna-a-color-audio-bidireccional-doble-banda-2-4-5ghz-wifi-6-uso-en-interior-vision-nocturna-i","status":"publish","type":"product","link":"https:\/\/soydeaqui.ddns.net\/pachuca\/index.php\/producto\/camara-pt-doble-lente-4-mp-4mp-4-megapixel-wi-fi-ia-deteccion-humana-vision-nocturna-a-color-audio-bidireccional-doble-banda-2-4-5ghz-wifi-6-uso-en-interior-vision-nocturna-i\/","title":{"rendered":"C\u00e1mara PT \/ Doble Lente (4 MP + 4MP) \/ 4 Megap\u00edxel \/ Wi-Fi \/ IA Detecci\u00f3n Humana \/ Visi\u00f3n Nocturna a Color \/ Audio Bidireccional \/ Doble Banda 2.4 \/ 5GHz \/ WiFi 6 \/ Uso en Interior \/ Vision Nocturna Inteligente (Color 27\/4)"},"content":{"rendered":"<div style='width: 100%; max-width: 1200px; margin: 0 auto; font-family: sans-serif; line-height: 1.6; color: inherit; background-color: transparent;'> <!-- Banner de marca --> <\/p>\n<div style='text-align: center; margin-bottom: 30px;'> <a href='#link' target='_blank' rel='noopener'> <img style='width: 100%; max-width: 600px; height: auto; border: 1px solid rgba(150&comma;150&comma;150&comma;0.3); border-radius: 8px;' src='https:\/\/ftp3.syscom.mx\/usuarios\/rcovarrubias\/EZVIZ\/IMAGENES\/banner_EZVIZ.png' alt='Banner EZVIZ'> <\/a> <\/div>\n<p> <!-- Secci\u00f3n principal con caracter\u00edsticas --> <\/p>\n<div style='display: flex; flex-wrap: wrap; gap: 30px; margin-bottom: 30px;'>\n<div style='flex: 1 1 300px; min-width: 280px;'>\n<h3 style='font-size: 22px; border-bottom: 2px solid currentColor; padding-bottom: 5px; margin-top: 0; color: inherit; opacity: 0.8;'>Caracter\u00edsticas principales<\/h3>\n<ul style='padding-left: 20px; font-size: 15px; color: inherit;'>\n<li style='margin-bottom: 5px;'>Resoluci\u00f3n: 4 Megapixel (2560 x 1440)<\/li>\n<li style='margin-bottom: 5px;'>Lente: 2.8 mm&comma; \u00e1ngulo de visi\u00f3n 108\u00b0<\/li>\n<li style='margin-bottom: 5px;'>Visi\u00f3n nocturna a color<\/li>\n<li style='margin-bottom: 5px;'>Micr\u00f3fono y bocina interconstruida (audio de dos v\u00edas)<\/li>\n<li style='margin-bottom: 5px;'>dWDR \/ 3D-DNR<\/li>\n<li style='margin-bottom: 5px;'>Detecci\u00f3n de movimiento<\/li>\n<li style='margin-bottom: 5px;'>10 mts IR (visi\u00f3n nocturna)<\/li>\n<li style='margin-bottom: 5px;'>Compresi\u00f3n: H.265&comma; H.264<\/li>\n<li style='margin-bottom: 5px;'>Doble antena WiFi 2.4GHz<\/li>\n<li style='margin-bottom: 5px;'>1 RJ45 (Puerto Ethernet adaptativo 10M\/100M)<\/li>\n<li style='margin-bottom: 5px;'>Micro SD de 512 GB para grabaci\u00f3n local (<strong>memoria no incluida<\/strong>)<\/li>\n<\/ul><\/div>\n<div style='flex: 1 1 300px; min-width: 280px;'>\n<h3 style='font-size: 22px; border-bottom: 2px solid currentColor; padding-bottom: 5px; margin-top: 0; color: inherit; opacity: 0.8;'>Caracter\u00edsticas F\u00edsicas y El\u00e9ctricas<\/h3>\n<ul style='padding-left: 20px; font-size: 15px; color: inherit;'>\n<li style='margin-bottom: 5px;'>Uso en interior<\/li>\n<li style='margin-bottom: 5px;'>Alimentaci\u00f3n: 5 Vcc 2A \/ 8 Watts (<strong>fuente de alimentaci\u00f3n incluida<\/strong>)<\/li>\n<li style='margin-bottom: 5px;'>Dimensiones: 88 x 88 x 131.5 mm (3.46&#8242; x 3.47&#8242; x 4.69&#8242;)<\/li>\n<li style='margin-bottom: 5px;'>Temperatura de operaci\u00f3n: -10\u00b0C a 45\u00b0C<\/li>\n<li style='margin-bottom: 5px;'>Peso: 270 g<\/li>\n<\/ul><\/div>\n<div style='flex: 1 1 300px; min-width: 280px;'>\n<h3 style='font-size: 22px; border-bottom: 2px solid currentColor; padding-bottom: 5px; margin-top: 0; color: inherit; opacity: 0.8;'>Caracter\u00edsticas Destacadas<\/h3>\n<ul style='padding-left: 20px; font-size: 15px; color: inherit;'>\n<li style='margin-bottom: 5px;'>Al suscribirse a la grabaci\u00f3n en la nube&comma; se otorgan 7 d\u00edas de prueba gratis. Despu\u00e9s&comma; se puede adquirir un plan de almacenamiento:<\/li>\n<li style='margin-bottom: 5px;'><strong style='color: #d35400;'>Opci\u00f3n 1:<\/strong> Compra de licencia con c\u00f3digo entregado al facturar:\n<ul style='padding-left: 20px; margin-top: 5px; margin-bottom: 5px;'>\n<li style='margin-bottom: 5px;'><a href='https:\/\/www.syscom.mx\/producto\/EZ-CLOUD-7A-EZVIZ-207807.html' target='_blank' rel='noopener' style='color: inherit; text-decoration: underline;'>EZ-CLOUD\/7A<\/a>: 7 d\u00edas de almacenamiento por un a\u00f1o.<\/li>\n<li style='margin-bottom: 5px;'><a href='https:\/\/www.syscom.mx\/producto\/EZ-CLOUD-30A-EZVIZ-207809.html' target='_blank' rel='noopener' style='color: inherit; text-decoration: underline;'>EZ-CLOUD\/30A<\/a>: 30 d\u00edas de almacenamiento por un a\u00f1o.<\/li>\n<\/ul>\n<\/li>\n<li style='margin-bottom: 5px;'><strong style='color: #d35400;'>Opci\u00f3n 2:<\/strong> Suscripci\u00f3n directa a EZVIZ Cloud desde la app de EZVIZ&comma; con cobro gestionado dentro de la misma aplicaci\u00f3n.<\/li>\n<li style='margin-bottom: 5px;'><strong style='color: #3598db;'>Compatible con Alexa&comma; Google Home y IFTTT<\/strong><\/li>\n<\/ul>\n<h4 style='color: #e74c3c; margin-top: 20px; margin-bottom: 10px;'>Notas:<\/h4>\n<ul style='padding-left: 20px; font-size: 15px; color: #e74c3c;'>\n<li style='margin-bottom: 5px;'>Configuraci\u00f3n \u00fanicamente mediante aplicaci\u00f3n EZVIZ<\/li>\n<\/ul><\/div>\n<\/p><\/div>\n<p> <!-- Separador --> <\/p>\n<hr style='border: 0; border-top: 1px solid rgba(150&comma; 150&comma; 150&comma; 0.3); margin: 30px 0;'> <!-- Galer\u00eda de im\u00e1genes --> <\/p>\n<div style='display: flex; flex-wrap: wrap; gap: 20px; margin-bottom: 30px;'>\n<div style='flex: 1 1 300px; min-width: 280px;'> <img style='width: 100%; height: auto; border: 1px solid rgba(150&comma;150&comma;150&comma;0.3); border-radius: 8px;' src='https:\/\/ftp3.syscom.mx\/usuarios\/rcovarrubias\/EZVIZ\/Manual%20esp-ing\/CS-H7C\/h7c1.png' alt=''> <\/div>\n<div style='flex: 1 1 300px; min-width: 280px;'> <img style='width: 100%; height: auto; border: 1px solid rgba(150&comma;150&comma;150&comma;0.3); border-radius: 8px;' src='https:\/\/ftp3.syscom.mx\/usuarios\/rcovarrubias\/EZVIZ\/Manual%20esp-ing\/CS-H7C\/h7c2.png' alt=''> <\/div>\n<div style='flex: 1 1 300px; min-width: 280px;'> <img style='width: 100%; height: auto; border: 1px solid rgba(150&comma;150&comma;150&comma;0.3); border-radius: 8px;' src='https:\/\/ftp3.syscom.mx\/usuarios\/rcovarrubias\/EZVIZ\/Manual%20esp-ing\/CS-H7C\/h7c3.png' alt=''> <\/div>\n<div style='flex: 1 1 300px; min-width: 280px;'> <img style='width: 100%; height: auto; border: 1px solid rgba(150&comma;150&comma;150&comma;0.3); border-radius: 8px;' src='https:\/\/ftp3.syscom.mx\/usuarios\/rcovarrubias\/EZVIZ\/Manual%20esp-ing\/CS-H7C\/h7c4.png' alt=''> <\/div>\n<div style='flex: 1 1 300px; min-width: 280px;'> <img style='width: 100%; height: auto; border: 1px solid rgba(150&comma;150&comma;150&comma;0.3); border-radius: 8px;' src='https:\/\/ftp3.syscom.mx\/usuarios\/rcovarrubias\/EZVIZ\/Manual%20esp-ing\/CS-H7C\/h7c5.png' alt=''> <\/div>\n<\/p><\/div>\n<p> <!-- Separador --> <\/p>\n<hr style='border: 0; border-top: 1px solid rgba(150&comma; 150&comma; 150&comma; 0.3); margin: 30px 0;'> <!-- Videos de conexi\u00f3n --> <\/p>\n<h3 style='text-align: center; margin-bottom: 20px; color: #e74c3c;'>V\u00eddeos sobre conexi\u00f3n con Alexa y Google Home<\/h3>\n<div style='display: flex; flex-wrap: wrap; gap: 30px; justify-content: center;'>\n<div style='flex: 1 1 400px; min-width: 300px;'>\n<h4 style='text-align: center; color: #2880b9;'>Conexi\u00f3n con Google Home<\/h4>\n<p> <video style='width: 100%; height: auto; border: 1px solid rgba(150&comma;150&comma;150&comma;0.3); border-radius: 8px;' src='https:\/\/ftp3.syscom.mx\/usuarios\/rcovarrubias\/EZVIZ\/videos\/Conecta%20Equipos%20EZVIZ%20a%20Tu%20Dispositivo%20Google%20Home%202019.mp4' loop muted controls height='400'><\/video> <\/div>\n<div style='flex: 1 1 400px; min-width: 300px;'>\n<h4 style='text-align: center; color: #2880b9;'>Conexi\u00f3n con Alexa<\/h4>\n<p> <video style='width: 100%; height: auto; border: 1px solid rgba(150&comma;150&comma;150&comma;0.3); border-radius: 8px;' src='https:\/\/ftp3.syscom.mx\/usuarios\/rcovarrubias\/EZVIZ\/videos\/Activa%20Habilidad%20EZVIZ%20en%20Tu%20Dispositivo%20Amazon%20Alexa.mp4' loop muted controls height='400'><\/video> <\/div>\n<\/p><\/div>\n<p> <!-- Video de introducci\u00f3n --> <\/p>\n<h3 style='text-align: center; margin-top: 30px; margin-bottom: 20px; color: #e74c3c;'>Crea una vida segura mediante dispositivos inteligentes<\/h3>\n<div style='position: relative; padding-bottom: 56.25%; height: 0; overflow: hidden; margin-bottom: 30px;'>   <\/div>\n<\/p><\/div>\n","protected":false},"excerpt":{"rendered":"<p>C\u00e1mara PT \/ Doble Lente (4 MP + 4MP) \/ 4 Megap\u00edxel \/ Wi-Fi \/ IA Detecci\u00f3n Humana \/ Visi\u00f3n Nocturna a Color \/ Audio Bidireccional \/ Doble Banda 2.4 \/ 5GHz \/ WiFi 6 \/ Uso en Interior \/ Vision Nocturna Inteligente (Color 27\/4)<\/p>\n","protected":false},"featured_media":93839,"comment_status":"open","ping_status":"closed","template":"","meta":[],"product_brand":[],"product_cat":[1224],"product_tag":[122,111,1225],"class_list":{"0":"post-93840","1":"product","2":"type-product","3":"status-publish","4":"has-post-thumbnail","6":"product_cat-ptz","7":"product_tag-camaras-ip-y-nvrs","8":"product_tag-ezviz","9":"product_tag-ptz","11":"first","12":"instock","13":"sale","14":"shipping-taxable","15":"purchasable","16":"product-type-simple"},"_links":{"self":[{"href":"https:\/\/soydeaqui.ddns.net\/pachuca\/index.php\/wp-json\/wp\/v2\/product\/93840","targetHints":{"allow":["GET"]}}],"collection":[{"href":"https:\/\/soydeaqui.ddns.net\/pachuca\/index.php\/wp-json\/wp\/v2\/product"}],"about":[{"href":"https:\/\/soydeaqui.ddns.net\/pachuca\/index.php\/wp-json\/wp\/v2\/types\/product"}],"replies":[{"embeddable":true,"href":"https:\/\/soydeaqui.ddns.net\/pachuca\/index.php\/wp-json\/wp\/v2\/comments?post=93840"}],"wp:featuredmedia":[{"embeddable":true,"href":"https:\/\/soydeaqui.ddns.net\/pachuca\/index.php\/wp-json\/wp\/v2\/media\/93839"}],"wp:attachment":[{"href":"https:\/\/soydeaqui.ddns.net\/pachuca\/index.php\/wp-json\/wp\/v2\/media?parent=93840"}],"wp:term":[{"taxonomy":"product_brand","embeddable":true,"href":"https:\/\/soydeaqui.ddns.net\/pachuca\/index.php\/wp-json\/wp\/v2\/product_brand?post=93840"},{"taxonomy":"product_cat","embeddable":true,"href":"https:\/\/soydeaqui.ddns.net\/pachuca\/index.php\/wp-json\/wp\/v2\/product_cat?post=93840"},{"taxonomy":"product_tag","embeddable":true,"href":"https:\/\/soydeaqui.ddns.net\/pachuca\/index.php\/wp-json\/wp\/v2\/product_tag?post=93840"}],"curies":[{"name":"wp","href":"https:\/\/api.w.org\/{rel}","templated":true}]}}