{"id":93826,"date":"2026-03-20T06:19:55","date_gmt":"2026-03-20T06:19:55","guid":{"rendered":"https:\/\/soydeaqui.ddns.net\/pachuca\/index.php\/producto\/bateria-12v-260ah-para-respaldo-tecnologias-agm-vrla-5-anos-vida-util-terminales-m8-listada-ul\/"},"modified":"2026-03-20T06:19:57","modified_gmt":"2026-03-20T06:19:57","slug":"bateria-12v-260ah-para-respaldo-tecnologias-agm-vrla-5-anos-vida-util-terminales-m8-listada-ul","status":"publish","type":"product","link":"https:\/\/soydeaqui.ddns.net\/pachuca\/index.php\/producto\/bateria-12v-260ah-para-respaldo-tecnologias-agm-vrla-5-anos-vida-util-terminales-m8-listada-ul\/","title":{"rendered":"Bater\u00eda 12V, 260AH, Para Respaldo, Tecnolog\u00edas AGM\/VRLA, 5 A\u00f1os Vida \u00datil, Terminales M8, Listada UL"},"content":{"rendered":"<div style='width: 100%; max-width: 1200px; margin: 0 auto; font-family: sans-serif; line-height: 1.6; color: inherit; background-color: transparent;'> <!-- Secci\u00f3n de descripci\u00f3n --> <\/p>\n<div style='margin-bottom: 30px;'>\n<h2 style='font-size: 24px; border-bottom: 2px solid currentColor; padding-bottom: 5px; margin-top: 0; color: inherit; opacity: 0.8;'>Descripci\u00f3n del Producto<\/h2>\n<p style='font-size: 15px; color: inherit; margin-top: 15px; text-align: justify;'>Power Sonic ofrece una amplia gama de productos de bater\u00eda innovadores que incluyen tecnolog\u00edas de litio y \u00e1cido de plomo selladas. Esto garantiza que tengamos la bater\u00eda adecuada para satisfacer las demandas \u00fanicas de su aplicaci\u00f3n.<\/p>\n<p style='font-size: 15px; color: inherit; margin-top: 15px; text-align: justify;'>Power Sonic ha brindado soluciones de bater\u00edas seguras&comma; confiables y de calidad en todo el mundo durante m\u00e1s de 50 a\u00f1os. Nuestros productos de bater\u00eda est\u00e1n dise\u00f1ados y fabricados con los \u00faltimos equipos de \u00faltima generaci\u00f3n y est\u00e1n sujetos al control de calidad m\u00e1s estricto. Este proceso es clave para garantizar tanto la consistencia como la confiabilidad con cualquier producto que lleve el nombre de Power Sonic.<\/p>\n<\/p><\/div>\n<p> <!-- Secci\u00f3n de caracter\u00edsticas de la serie --> <\/p>\n<div style='margin-bottom: 30px;'>\n<h2 style='font-size: 24px; border-bottom: 2px solid currentColor; padding-bottom: 5px; margin-top: 0; color: inherit; opacity: 0.8;'>Serie PS<\/h2>\n<p style='font-size: 15px; color: inherit; margin-top: 15px; text-align: justify;'>La serie PS de Power Sonic bater\u00edas selladas de plomo-\u00e1cido se ha dise\u00f1ado con tecnolog\u00eda AGM (Absorbent Glass Mat) para garantizar un rendimiento y una fiabilidad superior que cualquier otra bater\u00eda de respaldo del mercado. Disponibles en 2&comma; 4&comma; 6 y 12 V con capacidades desde 0.8 a 260 AH. Con gran variedad de modelos&comma; es la primera opci\u00f3n para la industria de seguridad humana.<\/p>\n<\/p><\/div>\n<p> <!-- Secci\u00f3n de caracter\u00edsticas generales --> <\/p>\n<div style='margin-bottom: 30px;'>\n<h3 style='font-size: 20px; border-bottom: 2px solid currentColor; padding-bottom: 5px; margin-top: 0; color: inherit; opacity: 0.8;'>Caracter\u00edsticas Generales Serie PS<\/h3>\n<ul style='padding-left: 20px; font-size: 15px; color: inherit; margin-top: 15px;'>\n<li style='margin-bottom: 5px;'>Bater\u00edas selladas de plomo \u00e1cido.<\/li>\n<li style='margin-bottom: 5px;'>Dise\u00f1o de 5 a\u00f1os de vida \u00fatil.<\/li>\n<li style='margin-bottom: 5px;'>Reconocida UL.<\/li>\n<li style='margin-bottom: 5px;'>Tecnolog\u00eda VRLA (Valve Regulated Lead Acid) para larga vida \u00fatil por liberaci\u00f3n de gases.<\/li>\n<li style='margin-bottom: 5px;'>Tecnolog\u00eda AGM (Absorbent Glass Mat) para garantizar un rendimiento y una fiabilidad superiores.<\/li>\n<li style='margin-bottom: 5px;'>Relaci\u00f3n de potencia y volumen que produce una densidad de energ\u00eda inigualable.<\/li>\n<li style='margin-bottom: 5px;'>Libre de mantenimiento.<\/li>\n<li style='margin-bottom: 5px;'>Recargables con cargadores VRLA.<\/li>\n<li style='margin-bottom: 5px;'>Construcci\u00f3n a prueba de derrames regulada por v\u00e1lvula permite una operaci\u00f3n segura en cualquier orientaci\u00f3n (excepto el uso continuo invertido).<\/li>\n<li style='margin-bottom: 5px;'>Caja de ABS resistente a impactos y cubierta retardante de llama seg\u00fan UL94:HB y UL94:V0.<\/li>\n<li style='margin-bottom: 5px;'>Baja tasa de descarga para una larga vida \u00fatil.<\/li>\n<li style='margin-bottom: 5px;'>Certificado ISO 9001:2015.<\/li>\n<\/ul><\/div>\n<p> <!-- Secci\u00f3n de especificaciones del modelo --> <\/p>\n<div style='margin-bottom: 30px;'>\n<h3 style='font-size: 20px; border-bottom: 2px solid currentColor; padding-bottom: 5px; margin-top: 0; color: inherit; opacity: 0.8;'>Caracter\u00edsticas PS-122500-M8<\/h3>\n<ul style='padding-left: 20px; font-size: 15px; color: inherit; margin-top: 15px;'>\n<li style='margin-bottom: 5px;'>Dise\u00f1o de 5 a\u00f1os de vida \u00fatil.<\/li>\n<li style='margin-bottom: 5px;'>Reconocida UL.<\/li>\n<li style='margin-bottom: 5px;'>Tipo de terminal: M8.<\/li>\n<li style='margin-bottom: 5px;'>Voltaje Nominal: 12V.<\/li>\n<li style='margin-bottom: 5px;'>Capacidad @20HR (AH): 260.0 AH.<\/li>\n<li style='margin-bottom: 5px;'>Capacidad @10HR (AH): 250.0 AH.<\/li>\n<li style='margin-bottom: 5px;'>Peso: 73 kg\/161 lbs.<\/li>\n<li style='margin-bottom: 5px;'>Dimensiones: 20.55\u201d\/522 mm Longitud x 10.55\u201d\/268 mm Ancho x 8.66\u201d\/220 mm Altura.<\/li>\n<li style='margin-bottom: 5px;'>Recargable con cargador.<\/li>\n<\/ul><\/div>\n<p> <!-- Secci\u00f3n de aplicaciones --> <\/p>\n<div style='margin-bottom: 30px;'>\n<h3 style='font-size: 20px; border-bottom: 2px solid currentColor; padding-bottom: 5px; margin-top: 0; color: inherit; opacity: 0.8;'>Aplicaciones<\/h3>\n<ul style='padding-left: 20px; font-size: 15px; color: inherit; margin-top: 15px;'>\n<li style='margin-bottom: 5px;'>Sistemas de seguridad y emergencia.<\/li>\n<li style='margin-bottom: 5px;'>Sistemas de control de acceso.<\/li>\n<li style='margin-bottom: 5px;'>Sistemas de alarma.<\/li>\n<li style='margin-bottom: 5px;'>Sistemas de detecci\u00f3n de incendio.<\/li>\n<li style='margin-bottom: 5px;'>Sistemas de videovigilancia.<\/li>\n<\/ul><\/div>\n<p> <!-- Separador final --> <\/p>\n<hr style='border: 0; border-top: 1px solid rgba(150&comma; 150&comma; 150&comma; 0.3); margin: 30px 0;'> <\/div>\n","protected":false},"excerpt":{"rendered":"<p>Bater\u00eda 12V, 260AH, Para Respaldo, Tecnolog\u00edas AGM\/VRLA, 5 A\u00f1os Vida \u00datil, Terminales M8, Listada UL<\/p>\n","protected":false},"featured_media":93825,"comment_status":"open","ping_status":"closed","template":"","meta":[],"product_brand":[],"product_cat":[141],"product_tag":[143,142,236],"class_list":{"0":"post-93826","1":"product","2":"type-product","3":"status-publish","4":"has-post-thumbnail","6":"product_cat-baterias","7":"product_tag-baterias","8":"product_tag-energia","9":"product_tag-power-sonic","11":"first","12":"outofstock","13":"sale","14":"shipping-taxable","15":"purchasable","16":"product-type-simple"},"_links":{"self":[{"href":"https:\/\/soydeaqui.ddns.net\/pachuca\/index.php\/wp-json\/wp\/v2\/product\/93826","targetHints":{"allow":["GET"]}}],"collection":[{"href":"https:\/\/soydeaqui.ddns.net\/pachuca\/index.php\/wp-json\/wp\/v2\/product"}],"about":[{"href":"https:\/\/soydeaqui.ddns.net\/pachuca\/index.php\/wp-json\/wp\/v2\/types\/product"}],"replies":[{"embeddable":true,"href":"https:\/\/soydeaqui.ddns.net\/pachuca\/index.php\/wp-json\/wp\/v2\/comments?post=93826"}],"wp:featuredmedia":[{"embeddable":true,"href":"https:\/\/soydeaqui.ddns.net\/pachuca\/index.php\/wp-json\/wp\/v2\/media\/93825"}],"wp:attachment":[{"href":"https:\/\/soydeaqui.ddns.net\/pachuca\/index.php\/wp-json\/wp\/v2\/media?parent=93826"}],"wp:term":[{"taxonomy":"product_brand","embeddable":true,"href":"https:\/\/soydeaqui.ddns.net\/pachuca\/index.php\/wp-json\/wp\/v2\/product_brand?post=93826"},{"taxonomy":"product_cat","embeddable":true,"href":"https:\/\/soydeaqui.ddns.net\/pachuca\/index.php\/wp-json\/wp\/v2\/product_cat?post=93826"},{"taxonomy":"product_tag","embeddable":true,"href":"https:\/\/soydeaqui.ddns.net\/pachuca\/index.php\/wp-json\/wp\/v2\/product_tag?post=93826"}],"curies":[{"name":"wp","href":"https:\/\/api.w.org\/{rel}","templated":true}]}}