{"id":93679,"date":"2026-03-20T06:13:41","date_gmt":"2026-03-20T06:13:41","guid":{"rendered":"https:\/\/soydeaqui.ddns.net\/pachuca\/index.php\/producto\/domo-ip-4k-lente-2-8-mm-salida-hdmi-1080p-para-usar-en-monitor-uso-en-centros-comerciales-30-mts-ir-exir-ip42-ik10-wdr-120-db-poe-micro-sd\/"},"modified":"2026-03-20T06:13:41","modified_gmt":"2026-03-20T06:13:41","slug":"domo-ip-4k-lente-2-8-mm-salida-hdmi-1080p-para-usar-en-monitor-uso-en-centros-comerciales-30-mts-ir-exir-ip42-ik10-wdr-120-db-poe-micro-sd","status":"publish","type":"product","link":"https:\/\/soydeaqui.ddns.net\/pachuca\/index.php\/producto\/domo-ip-4k-lente-2-8-mm-salida-hdmi-1080p-para-usar-en-monitor-uso-en-centros-comerciales-30-mts-ir-exir-ip42-ik10-wdr-120-db-poe-micro-sd\/","title":{"rendered":"Domo IP 4K  \/ Lente 2.8 mm \/ Salida HDMI (1080p) para Usar en Monitor \/ Uso en Centros Comerciales \/ 30 Mts IR EXIR \/ IP42 \/ IK10 \/ WDR 120 dB \/ PoE \/ Micro SD"},"content":{"rendered":"<div style='width: 100%; max-width: 1200px; margin: 0 auto; font-family: sans-serif; line-height: 1.6; color: inherit; background-color: transparent;'>\n<p style='text-align: center;'><img style='width: 45%; height: auto; border: 1px solid rgba(150&comma;150&comma;150&comma;0.3); border-radius: 8px;' src='https:\/\/ftp3.syscom.mx\/usuarios\/jsosa\/HIKVISION\/imagenes\/logo\/hikvision%20see%20far.png' alt=''><\/p>\n<p style='margin: 30px 0;'>\n<p><img style='width: 100%; height: auto; border: 1px solid rgba(150&comma;150&comma;150&comma;0.3); border-radius: 8px;' src='http:\/\/ftp3.syscom.mx\/usuarios\/emendoza\/elesbanmch\/HIKVISON\/IMAGENES\/Diagrama_Elesban-1.jpg' alt=''><\/p>\n<div style='display: flex; flex-wrap: wrap; gap: 30px; margin-top: 30px; margin-bottom: 30px;'>\n<div style='flex: 1 1 300px; min-width: 280px;'>\n<div style='border-left: 5px solid #0091ff; border-radius: 5px; padding: 5px; box-shadow: 2px 2px 10px rgba(216&comma;216&comma;216&comma;0.5);'> <strong style='font-size: 18px; color: inherit;'>Caracter\u00edsticas principales:<\/strong> <\/p>\n<ul style='padding-left: 20px; font-size: 15px; color: inherit;'>\n<li style='margin-bottom: 5px;'>Resoluci\u00f3n m\u00e1xima: 3840 x 2160 (8 Megapixel).<\/li>\n<li style='margin-bottom: 5px;'>Lente fijo: 2.8 mm (108\u00b0).<\/li>\n<li style='margin-bottom: 5px;'>30 mts IR EXIR.<\/li>\n<li style='margin-bottom: 5px;'>Compresi\u00f3n: H.265+ \/ H.265 \/ H.264.<\/li>\n<li style='margin-bottom: 5px;'>1 Entrada y 1 salida de audio.<\/li>\n<li style='margin-bottom: 5px;'>1 Entrada y 1 salida de alarma.<\/li>\n<li style='margin-bottom: 5px;'>1 Salida en HDMI ( 1080p ).<\/li>\n<li style='margin-bottom: 5px;'>Memoria micro SD de hasta 512 GB (no incluida).<\/li>\n<li style='margin-bottom: 5px;'>WDR 120 dB \/ BLC \/ HLC \/ 3D DNR.<\/li>\n<\/ul><\/div>\n<\/p><\/div>\n<div style='flex: 1 1 300px; min-width: 280px;'>\n<div style='border-left: 5px solid #0091ff; border-radius: 5px; padding: 5px; box-shadow: 2px 2px 10px rgba(216&comma;216&comma;216&comma;0.5);'> <strong style='font-size: 18px; color: inherit;'>Caracter\u00edsticas F\u00edsicas y El\u00e9ctricas:<\/strong> <\/p>\n<ul style='padding-left: 20px; font-size: 15px; color: inherit;'>\n<li style='margin-bottom: 5px;'>Dimensiones: 119 x 90 mm.<\/li>\n<li style='margin-bottom: 5px;'>Fabricado en metal.<\/li>\n<li style='margin-bottom: 5px;'>Alimentaci\u00f3n: 12 Vcc \/ PoE (802.3 af).<\/li>\n<li style='margin-bottom: 5px;'>Consumo: 8.5 Watts.<\/li>\n<li style='margin-bottom: 5px;'>Protecci\u00f3n: IP42 \/ IK10.<\/li>\n<\/ul>\n<p style='margin-top: 15px; margin-bottom: 10px;'><strong>Accesorios opcionales:<\/strong><\/p>\n<ul style='padding-left: 20px; font-size: 15px; color: inherit;'>\n<li style='margin-bottom: 5px; line-height: 1.5;'>Caja de conexiones&comma; modelo: <a href='https:\/\/www.syscom.mx\/producto\/DS-1280ZJ-DM46-HIKVISION-188766.html' target='_blank' rel='noopener' style='color: #0091ff; text-decoration: none;'>DS-1280ZJ-DM46<\/a><\/li>\n<li style='margin-bottom: 5px; line-height: 1.5;'>Montaje Colgante&comma; modelo: <a href='https:\/\/www.syscom.mx\/producto\/DS-1271ZJ-120-HIKVISION-168453.html' target='_blank' rel='noopener' style='color: #0091ff; text-decoration: none;'>DS-1271ZJ-120<\/a><\/li>\n<li style='margin-bottom: 5px; line-height: 1.5;'>Montaje de Pared con caja de conexion&comma; modelo: <a href='https:\/\/www.syscom.mx\/producto\/DS-1272ZJ-120B-HIKVISION-168454.html' target='_blank' rel='noopener' style='color: #0091ff; text-decoration: none;'>DS-1272ZJ-120B<\/a><\/li>\n<\/ul><\/div>\n<\/p><\/div>\n<div style='flex: 1 1 300px; min-width: 280px;'>\n<div style='border-left: 5px solid #0091ff; border-radius: 5px; padding: 5px; box-shadow: 2px 2px 10px rgba(216&comma;216&comma;216&comma;0.5);'> <strong style='font-size: 18px; color: inherit;'>Caracter\u00edsticas Destacadas:<\/strong> <\/p>\n<p style='margin-top: 10px; margin-bottom: 10px;'>La c\u00e1mara domo cuenta con una salida de video en HDMI con resoluci\u00f3n de hasta 1080p para poder conectarse directo a un monitor.<\/p>\n<p style='margin-top: 10px; margin-bottom: 10px;'>El uso principal de este modelo es para proyectar en un monitor lo que la c\u00e1mara esta viendo (HDMI) y a la vez permite grabar el video de manera normal en un NVR (RJ45).<\/p>\n<\/p><\/div>\n<\/p><\/div>\n<\/p><\/div>\n<div style='display: flex; flex-wrap: wrap; margin-top: 30px; margin-bottom: 30px;'>\n<div style='flex: 1 1 100%;'>\n<div style='border-left: 5px solid #0091ff; border-radius: 5px; padding: 5px; box-shadow: 2px 2px 10px rgba(216&comma;216&comma;216&comma;0.5);'> <strong style='font-size: 18px; color: inherit;'>Consideraciones:<\/strong> <\/p>\n<ul style='padding-left: 20px; font-size: 15px; color: inherit;'>\n<li style='margin-bottom: 5px; line-height: 1.5;'>La c\u00e1mara es 3-Axis&comma; permite el ajuste en 3 \u00e1ngulos diferentes para su instalaci\u00f3n.<\/li>\n<\/ul><\/div>\n<\/p><\/div>\n<\/p><\/div>\n<p style='margin: 30px 0;'>\n<p><img style='width: 100%; height: auto; border: 1px solid rgba(150&comma;150&comma;150&comma;0.3); border-radius: 8px;' src='https:\/\/ftp3.syscom.mx\/usuarios\/jsosa\/HIKVISION\/imagenes\/banners\/solution%20complete.png' alt=''><\/p>\n<p style='margin: 30px 0;'>\n<\/p><\/div>\n","protected":false},"excerpt":{"rendered":"<p>Domo IP 4K  \/ Lente 2.8 mm \/ Salida HDMI (1080p) para Usar en Monitor \/ Uso en Centros Comerciales \/ 30 Mts IR EXIR \/ IP42 \/ IK10 \/ WDR 120 dB \/ PoE \/ Micro SD<\/p>\n","protected":false},"featured_media":93678,"comment_status":"open","ping_status":"closed","template":"","meta":[],"product_brand":[],"product_cat":[2056],"product_tag":[122,2057,54],"class_list":{"0":"post-93679","1":"product","2":"type-product","3":"status-publish","4":"has-post-thumbnail","6":"product_cat-domo-eyeball-turret","7":"product_tag-camaras-ip-y-nvrs","8":"product_tag-domo-eyeball-turret","9":"product_tag-hikvision","11":"first","12":"instock","13":"sale","14":"shipping-taxable","15":"purchasable","16":"product-type-simple"},"_links":{"self":[{"href":"https:\/\/soydeaqui.ddns.net\/pachuca\/index.php\/wp-json\/wp\/v2\/product\/93679","targetHints":{"allow":["GET"]}}],"collection":[{"href":"https:\/\/soydeaqui.ddns.net\/pachuca\/index.php\/wp-json\/wp\/v2\/product"}],"about":[{"href":"https:\/\/soydeaqui.ddns.net\/pachuca\/index.php\/wp-json\/wp\/v2\/types\/product"}],"replies":[{"embeddable":true,"href":"https:\/\/soydeaqui.ddns.net\/pachuca\/index.php\/wp-json\/wp\/v2\/comments?post=93679"}],"wp:featuredmedia":[{"embeddable":true,"href":"https:\/\/soydeaqui.ddns.net\/pachuca\/index.php\/wp-json\/wp\/v2\/media\/93678"}],"wp:attachment":[{"href":"https:\/\/soydeaqui.ddns.net\/pachuca\/index.php\/wp-json\/wp\/v2\/media?parent=93679"}],"wp:term":[{"taxonomy":"product_brand","embeddable":true,"href":"https:\/\/soydeaqui.ddns.net\/pachuca\/index.php\/wp-json\/wp\/v2\/product_brand?post=93679"},{"taxonomy":"product_cat","embeddable":true,"href":"https:\/\/soydeaqui.ddns.net\/pachuca\/index.php\/wp-json\/wp\/v2\/product_cat?post=93679"},{"taxonomy":"product_tag","embeddable":true,"href":"https:\/\/soydeaqui.ddns.net\/pachuca\/index.php\/wp-json\/wp\/v2\/product_tag?post=93679"}],"curies":[{"name":"wp","href":"https:\/\/api.w.org\/{rel}","templated":true}]}}