{"id":93661,"date":"2026-03-20T06:12:57","date_gmt":"2026-03-20T06:12:57","guid":{"rendered":"https:\/\/soydeaqui.ddns.net\/pachuca\/index.php\/producto\/tandemvu-domo-ptz-ip-4-megapixel-con-40x-zoom-con-camara-optica-fija-de-4-megapixel-lente-12-4-mm-y-camara-termica-384-x-288-con-lente-25-mm-proteccion-perimetral\/"},"modified":"2026-03-20T06:13:03","modified_gmt":"2026-03-20T06:13:03","slug":"tandemvu-domo-ptz-ip-4-megapixel-con-40x-zoom-con-camara-optica-fija-de-4-megapixel-lente-12-4-mm-y-camara-termica-384-x-288-con-lente-25-mm-proteccion-perimetral","status":"publish","type":"product","link":"https:\/\/soydeaqui.ddns.net\/pachuca\/index.php\/producto\/tandemvu-domo-ptz-ip-4-megapixel-con-40x-zoom-con-camara-optica-fija-de-4-megapixel-lente-12-4-mm-y-camara-termica-384-x-288-con-lente-25-mm-proteccion-perimetral\/","title":{"rendered":"[TandemVu] Domo PTZ IP 4 Megapixel con 40X Zoom con C\u00e1mara Optica Fija de 4 Megapixel Lente 12.4 mm y C\u00e1mara T\u00e9rmica 384 x 288 con Lente 25 mm \/ Protecci\u00f3n perimetral"},"content":{"rendered":"<div style=\"width: 100%; max-width: 1200px; margin: 0 auto; font-family: sans-serif; line-height: 1.6; color: inherit; background-color: transparent;\"><!-- Logo HIKMICRO --><\/p>\n<div style=\"text-align: center; margin: 30px 0;\"><img decoding=\"async\" style=\"width: 100%; max-width: 540px; height: auto; border: 1px solid rgba(150&comma; 150&comma; 150&comma; 0.3); border-radius: 8px;\" src=\"https:\/\/ftp3.syscom.mx\/usuarios\/fotos\/HMTP2310VF\/WM30\/200759-logo-hikmicro.png\" alt=\"Logo HikMicro\" class=\"fr-fic fr-dii\"><\/div>\n<p><!-- Video YouTube --><\/p>\n<div style=\"position: relative; padding-bottom: 56.25%; height: 0; overflow: hidden; margin: 30px 0;\"><span class=\"fr-video\" contenteditable=\"false\">&nbsp; &nbsp;<\/span><\/div>\n<p><!-- Video Funcion PTZ --><\/p>\n<div style=\"position: relative; padding-bottom: 56.25%; height: 0; overflow: hidden; margin: 30px 0;\"><span class=\"fr-video fr-deletable\" contenteditable=\"false\"><video style=\"position: absolute; top: 0px; left: 0px; width: 100%; height: 100%; border: none; border-radius: 8px;\" controls=\"\" class=\"fr-draggable\"><source src=\"https:\/\/ftp3.syscom.mx\/usuarios\/smendoza\/smendozaro\/Hikmicro\/Funcion%20PTZ.mp4\" type=\"video\/mp4\">&nbsp;&nbsp;Tu navegador no soporta el elemento de video.<\/video><\/span><\/div>\n<p><!-- T\u00edtulo del producto --><\/p>\n<h3 style=\"font-size: 22px; border-bottom: 2px solid currentColor; padding-bottom: 5px; margin-top: 30px; margin-bottom: 20px; color: inherit; opacity: 0.8; text-align: center;\"><strong>SISTEMA DE C&Aacute;MARAS PTZ T&Eacute;RMICAS<\/strong><\/h3>\n<p><!-- Secci\u00f3n de especificaciones en cajas rojas --><\/p>\n<div style=\"display: flex; flex-wrap: wrap; gap: 30px; margin: 30px 0;\"><!-- Caracter\u00edsticas de las C\u00e1maras --><\/p>\n<div style=\"flex: 1 1 45%; min-width: 300px;\">\n<div style=\"border: 1px solid rgba(150&comma;150&comma;150&comma;0.4); border-radius: 8px; overflow: hidden;\">\n<div style=\"background: #df001e; color: #ffffff; padding: 15px; font-weight: bold; font-size: 18px; border-bottom: 2px solid #a80000;\">CARACTER&Iacute;STICAS DE LAS C&Aacute;MARAS<\/div>\n<div style=\"padding: 15px; background-color: #f9f9f9;\">\n<ul style=\"padding-left: 20px; margin: 0; font-size: 14px; list-style-type: disc;\">\n<li style=\"margin-bottom: 15px;\"><strong>C&aacute;mara PTZ<\/strong><br \/>&bull;&nbsp;<strong>Resoluci&oacute;n m&aacute;xima:<\/strong> 4 Megapixel (2560 &times; 1440)<br \/>&bull;&nbsp;<strong>Iluminaci&oacute;n m&iacute;nima:<\/strong> color 0.0003 Lux @ (F1.3&comma; AGC ON)<br \/>&bull;&nbsp;<strong>Distancia focal:<\/strong> 6 a 240 mm (40X zoom &oacute;ptico \/ 16X zoom digital)<br \/>&bull;&nbsp;<strong>Funciones normales:<\/strong> HLC \/ EIS \/ WDR 120dB \/ BLC<br \/>&bull; <strong>Distancia de infrarrojo:<\/strong> 300 mts Smart IR<\/li>\n<li style=\"margin-bottom: 15px;\"><strong>C&aacute;mara T&eacute;rmica Fija:<\/strong><br \/>&bull;&nbsp;<strong>Resoluci&oacute;n m&aacute;xima:<\/strong> 384 x 288 p&iacute;xeles<br \/>&bull;&nbsp;<strong>Distancia focal:<\/strong> 25mm<br \/>&bull; <strong>Anal&iacute;ticos:<\/strong> Solo Protecci&oacute;n Perimetral&comma; sin temperatura<\/li>\n<li style=\"margin-bottom: 15px;\"><strong>C&aacute;mara &Oacute;ptica Fija:<\/strong><br \/>&bull;&nbsp;<strong>Resoluci&oacute;n m&aacute;xima:<\/strong> 4 Megapixel (2688 &times; 1520)<br \/>&bull;&nbsp;<strong>Distancia focal:<\/strong> 12.4mm<br \/>&bull;&nbsp;<strong>Iluminaci&oacute;n m&iacute;nima:<\/strong> color 0.005 Lux @ (F1.6&comma; AGC ON)<br \/>&bull;&nbsp;<strong>Funciones normales:<\/strong> HLC \/ ROI \/ WDR 120dB \/ BLC<br \/>&bull;&nbsp;<strong>Detecci&oacute;n:<\/strong> Intrusi&oacute;n \/ Cruce de l&iacute;nea \/ Entrada-Salida de Regi&oacute;n<br \/>&bull; <strong>Seguimiento:<\/strong> Manual y Autom&aacute;tico<\/li>\n<li><strong>Rango de detecci&oacute;n\/rango de funci&oacute;n inteligente<\/strong>\n<ul style=\"padding-left: 20px; margin: 10px 0;\">\n<li style=\"margin-bottom: 5px;\">&bull; Rango VCA para humanos: 250m<\/li>\n<li style=\"margin-bottom: 5px;\">&bull; Rango VCA para veh&iacute;culos: 750m<\/li>\n<\/ul>\n<\/li>\n<\/ul>\n<\/div>\n<\/div>\n<\/div>\n<p><!-- Caracter\u00edsticas Generales --><\/p>\n<div style=\"flex: 1 1 45%; min-width: 300px;\">\n<div style=\"border: 1px solid rgba(150&comma;150&comma;150&comma;0.4); border-radius: 8px; overflow: hidden;\">\n<div style=\"background: #df001e; color: #ffffff; padding: 15px; font-weight: bold; font-size: 18px; border-bottom: 2px solid #a80000;\">CARACTER&Iacute;STICAS GENERALES<\/div>\n<div style=\"padding: 15px; background-color: #f9f9f9;\">\n<ul style=\"padding-left: 20px; margin: 0; font-size: 14px; list-style-type: disc;\">\n<li style=\"margin-bottom: 15px;\"><strong>Compresi&oacute;n:<\/strong> H.265+ \/ H.265 \/ H.264+ \/ H.264<br \/><strong>Compatibilidad:<\/strong> Plataforma Hik-Connect<br \/><strong>Paneo:<\/strong> 360&deg;<br \/><strong>Tildeo:<\/strong> -15&deg; a 90&deg;<br \/><strong>Presets:<\/strong> 300<br \/><strong>Patrol:<\/strong> 8 (hasta 32 presets por patrol)<br \/><strong>Pattern:<\/strong> 4 (hasta 10 minutos por pattern)<br \/><strong>Tareas calendarizadas<\/strong><br \/><strong>Usuarios simult&aacute;neos:<\/strong> Hasta 20<\/li>\n<li style=\"margin-bottom: 15px;\"><strong>Entradas y Salidas:<\/strong><br \/>&bull;&nbsp;<strong>Entradas de alarma:<\/strong> 2<br \/>&bull;&nbsp;<strong>Salidas de alarma:<\/strong> 2<br \/>&bull;&nbsp;<strong>Entradas de audio:<\/strong> 1<br \/>&bull;&nbsp;<strong>Salidas de audio:<\/strong> 1<br \/>&bull; <strong>Puerto de red:<\/strong> 1 (10 \/ 100 Mbps)<\/li>\n<li style=\"margin-bottom: 15px;\"><strong>Almacenamiento:<\/strong> Micro SD de hasta 256 GB \/ ANR (Automatic Network Recovery)<br \/><strong>Compatibilidad:<\/strong> ONVIF (Profile S&comma; Profile G&comma; Profile T) \/ ISAPI \/ SDK<\/li>\n<\/ul>\n<\/div>\n<\/div>\n<\/div>\n<\/div>\n<p><!-- Segunda fila de especificaciones --><\/p>\n<div style=\"display: flex; flex-wrap: wrap; gap: 30px; margin: 30px 0;\"><!-- Caracter\u00edsticas F\u00edsicas y El\u00e9ctricas --><\/p>\n<div style=\"flex: 1 1 45%; min-width: 300px;\">\n<div style=\"border: 1px solid rgba(150&comma;150&comma;150&comma;0.4); border-radius: 8px; overflow: hidden;\">\n<div style=\"background: #df001e; color: #ffffff; padding: 15px; font-weight: bold; font-size: 18px; border-bottom: 2px solid #a80000;\">CARACTER&Iacute;STICAS F&Iacute;SICAS Y EL&Eacute;CTRICAS<\/div>\n<div style=\"padding: 15px; background-color: #f9f9f9;\">\n<ul style=\"padding-left: 20px; margin: 0; font-size: 14px; list-style-type: disc;\">\n<li style=\"margin-bottom: 15px;\"><strong>Alimentaci&oacute;n:<\/strong> 36 Vcc&comma; PoE++. Max 90W<\/li>\n<li style=\"margin-bottom: 15px;\"><strong>Temperatura de operaci&oacute;n:<\/strong> -40&deg;C a 70&deg;C \/ Humedad al 90% m&aacute;ximo<\/li>\n<li style=\"margin-bottom: 15px;\"><strong>Uso:<\/strong> Exterior IP66<\/li>\n<li style=\"margin-bottom: 15px;\"><strong>Protecciones:<\/strong> Contra sobretensiones y protecci&oacute;n contra voltajes transitorios<\/li>\n<li style=\"margin-bottom: 15px;\"><strong>Dimensiones:<\/strong> 458.7 x 266.6 x 290 mm<\/li>\n<li style=\"margin-bottom: 15px;\"><strong>Peso:<\/strong> 13.5 Kgs<\/li>\n<li style=\"margin-bottom: 15px;\"><strong>Garant&iacute;a:<\/strong> 5 a&ntilde;os<\/li>\n<li><strong>Nota:<\/strong> No incluye fuente de alimentaci&oacute;n. No incluye brazo.<\/li>\n<\/ul>\n<\/div>\n<\/div>\n<\/div>\n<p><!-- Accesorios --><\/p>\n<div style=\"flex: 1 1 45%; min-width: 300px;\">\n<div style=\"border: 1px solid rgba(150&comma;150&comma;150&comma;0.4); border-radius: 8px; overflow: hidden;\">\n<div style=\"background: #df001e; color: #ffffff; padding: 15px; font-weight: bold; font-size: 18px; border-bottom: 2px solid #a80000;\">ACCESORIOS<\/div>\n<div style=\"padding: 15px; background-color: #f9f9f9;\">\n<ul style=\"padding-left: 20px; margin: 0; font-size: 14px; list-style-type: disc;\">\n<li><strong>Montaje Vertical de Pared \/ Color Plata \/ Exterior:<\/strong> DS-1603ZJ-P<\/li>\n<\/ul>\n<\/div>\n<\/div>\n<\/div>\n<\/div>\n<p><!-- Imagen del producto --><\/p>\n<div style=\"text-align: center; margin: 30px 0;\"><img decoding=\"async\" style=\"width: 100%; height: auto; border: 1px solid rgba(150&comma; 150&comma; 150&comma; 0.3); border-radius: 8px;\" src=\"https:\/\/ftp3.syscom.mx\/usuarios\/smendoza\/smendozaro\/Hikmicro\/hikmicro_camtermica.jpg\" alt=\"C\u00e1mara T\u00e9rmica\" class=\"fr-fic fr-dii\"><\/div>\n<\/div>\n","protected":false},"excerpt":{"rendered":"<p>[TandemVu] Domo PTZ IP 4 Megapixel con 40X Zoom con C\u00e1mara Optica Fija de 4 Megapixel Lente 12.4 mm y C\u00e1mara T\u00e9rmica 384 x 288 con Lente 25 mm \/ Protecci\u00f3n perimetral<\/p>\n","protected":false},"featured_media":93660,"comment_status":"open","ping_status":"closed","template":"","meta":[],"product_brand":[],"product_cat":[1049],"product_tag":[122,158,1050],"class_list":{"0":"post-93661","1":"product","2":"type-product","3":"status-publish","4":"has-post-thumbnail","6":"product_cat-termicas","7":"product_tag-camaras-ip-y-nvrs","8":"product_tag-hikmicro","9":"product_tag-termicas","11":"first","12":"instock","13":"sale","14":"shipping-taxable","15":"purchasable","16":"product-type-simple"},"_links":{"self":[{"href":"https:\/\/soydeaqui.ddns.net\/pachuca\/index.php\/wp-json\/wp\/v2\/product\/93661","targetHints":{"allow":["GET"]}}],"collection":[{"href":"https:\/\/soydeaqui.ddns.net\/pachuca\/index.php\/wp-json\/wp\/v2\/product"}],"about":[{"href":"https:\/\/soydeaqui.ddns.net\/pachuca\/index.php\/wp-json\/wp\/v2\/types\/product"}],"replies":[{"embeddable":true,"href":"https:\/\/soydeaqui.ddns.net\/pachuca\/index.php\/wp-json\/wp\/v2\/comments?post=93661"}],"wp:featuredmedia":[{"embeddable":true,"href":"https:\/\/soydeaqui.ddns.net\/pachuca\/index.php\/wp-json\/wp\/v2\/media\/93660"}],"wp:attachment":[{"href":"https:\/\/soydeaqui.ddns.net\/pachuca\/index.php\/wp-json\/wp\/v2\/media?parent=93661"}],"wp:term":[{"taxonomy":"product_brand","embeddable":true,"href":"https:\/\/soydeaqui.ddns.net\/pachuca\/index.php\/wp-json\/wp\/v2\/product_brand?post=93661"},{"taxonomy":"product_cat","embeddable":true,"href":"https:\/\/soydeaqui.ddns.net\/pachuca\/index.php\/wp-json\/wp\/v2\/product_cat?post=93661"},{"taxonomy":"product_tag","embeddable":true,"href":"https:\/\/soydeaqui.ddns.net\/pachuca\/index.php\/wp-json\/wp\/v2\/product_tag?post=93661"}],"curies":[{"name":"wp","href":"https:\/\/api.w.org\/{rel}","templated":true}]}}