{"id":93655,"date":"2026-03-20T06:12:42","date_gmt":"2026-03-20T06:12:42","guid":{"rendered":"https:\/\/soydeaqui.ddns.net\/pachuca\/index.php\/producto\/monitor-android-soporta-app-android-pantalla-touch-screen-lcd-7-wifi-punto-wifi-bluetooth-poe-sip-8-entradas-de-alarma-1-salida-de-rele-comunicacion-con-app-de-familiares-admini\/"},"modified":"2026-03-20T06:12:48","modified_gmt":"2026-03-20T06:12:48","slug":"monitor-android-soporta-app-android-pantalla-touch-screen-lcd-7-wifi-punto-wifi-bluetooth-poe-sip-8-entradas-de-alarma-1-salida-de-rele-comunicacion-con-app-de-familiares-admini","status":"publish","type":"product","link":"https:\/\/soydeaqui.ddns.net\/pachuca\/index.php\/producto\/monitor-android-soporta-app-android-pantalla-touch-screen-lcd-7-wifi-punto-wifi-bluetooth-poe-sip-8-entradas-de-alarma-1-salida-de-rele-comunicacion-con-app-de-familiares-admini\/","title":{"rendered":"Monitor ANDROID \/ Soporta APP Android \/ Pantalla Touch Screen LCD 7&#8243; \/ WiFi \/ Punto WIFI \/ Bluetooth \/ PoE \/ SIP \/ 8 Entradas de Alarma \/ 1 Salida de Rel\u00e9 \/ Comunicaci\u00f3n con App de Familiares \/ Administraci\u00f3n 100 % en la Nube"},"content":{"rendered":"<div style='width: 100%; max-width: 1200px; margin: 0 auto; font-family: sans-serif; line-height: 1.6; color: inherit; background-color: transparent;'> <!-- Banner principal --> <\/p>\n<div style='background: linear-gradient(55deg&comma; #CCD0FA 0%&comma; #0212AA 100%); border-bottom: 6px solid #0212AA; border-left: 6px solid #CCD0FA; border-right: 6px solid #0212AA; padding: 20px; text-align: center;'> <img style='width: 100%; max-width: 450px; height: auto; border: 1px solid rgba(150&comma;150&comma;150&comma;0.3); border-radius: 8px; margin-bottom: 8px;' src='https:\/\/shop.domo-supply.com\/img\/m\/126.jpg' alt=''> <\/p>\n<h2 style='color: darkslategray; font-size: 24px; margin: 0; padding: 0;'><span style='font-family: Franklin Gothic;'>Monitor ANDROID \/ Soporta APP Android \/ Pantalla Touch Screen LCD 7&#8242; \/ WiFi \/ Punto WIFI \/ Bluetooth \/ PoE \/ SIP \/ 8 Entradas de Alarma \/ 1 Salida de Rel\u00e9 \/ Comunicaci\u00f3n con App de Familiares \/ Administraci\u00f3n 100 % en la Nube<\/span><\/h2>\n<\/p><\/div>\n<p> <!-- Videos --> <\/p>\n<div style='display: flex; flex-wrap: wrap; gap: 20px; margin: 30px 0;'>\n<div style='flex: 1 1 45%; min-width: 300px; position: relative; padding-bottom: 56.25%; height: 0; overflow: hidden;'>   <\/div>\n<div style='flex: 1 1 45%; min-width: 300px; position: relative; padding-bottom: 56.25%; height: 0; overflow: hidden;'>   <\/div>\n<\/p><\/div>\n<p> <!-- Secciones acorde\u00f3n transformadas a cards --> <\/p>\n<div style='display: flex; flex-direction: column; gap: 30px; margin-bottom: 30px;'> <!-- Gesti\u00f3n 100% en la nube --> <\/p>\n<div style='border: 1px solid rgba(150&comma;150&comma;150&comma;0.4); border-radius: 8px; overflow: hidden; background-color: rgba(40&comma; 39&comma; 57&comma; 0.05);'>\n<div style='padding: 15px; background-color: #282739; color: white; font-weight: bold; font-size: 18px;'>Gesti\u00f3n 100% en la nube<\/div>\n<div style='padding: 20px; color: inherit;'>\n<div style='display: flex; flex-wrap: wrap; gap: 20px;'>\n<div style='flex: 1 1 300px;'>\n<h3 style='font-size: 20px; margin-top: 0; color: inherit; opacity: 0.9;'>Gesti\u00f3n 100% en la nube<\/h3>\n<p style='margin: 10px 0; font-size: 15px; color: inherit;'>Akuvox Cloud es una plataforma en la nube que permite la gesti\u00f3n y configuraci\u00f3n de los equipos Akuvox para sistemas de videportero y control de acceso facilitando la instalaci\u00f3n y administraci\u00f3n.<\/p>\n<p style='margin: 10px 0; font-size: 15px; color: inherit;'>La APP Smart Plus para Android y iOS permite la comunicaci\u00f3n de los usuarios con sus visitas&comma; gesti\u00f3n de pases temporales para visitantes&comma; control de acceso de las puertas&comma; gesti\u00f3n de sus propias credenciales de acceso&comma; transmisi\u00f3n en vivo de video entre muchas funciones m\u00e1s.<\/p>\n<\/p><\/div>\n<div style='flex: 1 1 300px;'> <img style='width: 100%; height: auto; border: 1px solid rgba(150&comma;150&comma;150&comma;0.3); border-radius: 8px;' src='https:\/\/ftp3.syscom.mx\/usuarios\/hsanchez\/Akuvox\/APP%20y%20CLOUD.png' alt=''> <\/div>\n<\/p><\/div>\n<\/p><\/div>\n<\/p><\/div>\n<p> <!-- \u00bfQu\u00e9 es Akuvox? --> <\/p>\n<div style='border: 1px solid rgba(150&comma;150&comma;150&comma;0.4); border-radius: 8px; overflow: hidden; background-color: rgba(40&comma; 39&comma; 57&comma; 0.05);'>\n<div style='padding: 15px; background-color: #282739; color: white; font-weight: bold; font-size: 18px;'>\u00bfQu\u00e9 es Akuvox?<\/div>\n<div style='padding: 20px; color: inherit;'>\n<div style='display: flex; flex-wrap: wrap; gap: 20px;'>\n<div style='flex: 1 1 300px;'>\n<h3 style='font-size: 20px; margin-top: 0; color: inherit; opacity: 0.9;'>Pionero de Smart Intercom<\/h3>\n<p style='margin: 10px 0; font-size: 15px; color: inherit;'>Akuvox es una marca l\u00edder mundial de productos y soluciones Smart Intercom&comma; ofreciendo el poder de las tecnolog\u00edas para mejorar la vida de las personas con una mejor comunicaci\u00f3n&comma; mayor seguridad y mayor comodidad.<\/p>\n<p style='margin: 10px 0; font-size: 15px; color: inherit;'>Al abarcar la inteligencia artificial&comma; SIP&comma; Android&comma; la nube&comma; la seguridad y otras tecnolog\u00edas avanzadas&comma; impulsamos continuamente cambios innovadores en la industria y ofrecemos de manera creativa una cartera inigualable de productos y soluciones de intercomunicaci\u00f3n inteligente.<\/p>\n<\/p><\/div>\n<div style='flex: 1 1 300px;'> <img style='width: 100%; height: auto; border: 1px solid rgba(150&comma;150&comma;150&comma;0.3); border-radius: 8px;' src='https:\/\/ftp3.syscom.mx\/usuarios\/hsanchez\/Akuvox\/Akuvox%20logo%20%28blue%29-20180329.png' alt=''> <\/div>\n<\/p><\/div>\n<\/p><\/div>\n<\/p><\/div>\n<p> <!-- Escensario de aplicaci\u00f3n --> <\/p>\n<div style='border: 1px solid rgba(150&comma;150&comma;150&comma;0.4); border-radius: 8px; overflow: hidden; background-color: rgba(40&comma; 39&comma; 57&comma; 0.05);'>\n<div style='padding: 15px; background-color: #282739; color: white; font-weight: bold; font-size: 18px;'>Escensario de aplicaci\u00f3n<\/div>\n<div style='padding: 20px; color: inherit;'>\n<div style='display: flex; flex-wrap: wrap; gap: 20px;'>\n<div style='flex: 1 1 300px;'>\n<h3 style='font-size: 20px; margin-top: 0; color: inherit; opacity: 0.9;'>Uso multiapartamento&comma; residencial o corporativo<\/h3>\n<ul style='padding-left: 20px; margin: 10px 0; font-size: 15px; color: inherit; list-style-type: disc;'>\n<li style='margin-bottom: 8px;'><span style='font-family: Franklin Gothic;'>Videoportero para oficinas con los sistemas IP PBX en sitio o alojados<\/span><\/li>\n<li style='margin-bottom: 8px;'><span style='font-family: Franklin Gothic;'>Configuraci\u00f3n y gesti\u00f3n de entrada remota a trav\u00e9s de Internet<\/span><\/li>\n<li style='margin-bottom: 8px;'><span style='font-family: Franklin Gothic;'>Intercomunicador para apartamentos o pisos con control de acceso<\/span><\/li>\n<li style='margin-bottom: 8px;'><span style='font-family: Franklin Gothic;'>Informaci\u00f3n comercial o una experiencia de bienvenida para los invitados.<\/span><\/li>\n<\/ul><\/div>\n<div style='flex: 1 1 300px;'> <img style='width: 100%; height: auto; border: 1px solid rgba(150&comma;150&comma;150&comma;0.3); border-radius: 8px;' src='https:\/\/ftp3.syscom.mx\/usuarios\/hsanchez\/Akuvox\/aplicacion.jpg' alt=''> <\/div>\n<\/p><\/div>\n<\/p><\/div>\n<\/p><\/div>\n<p> <!-- Caracter\u00edsticas f\u00edsicas y el\u00e9ctricas --> <\/p>\n<div style='border: 1px solid rgba(150&comma;150&comma;150&comma;0.4); border-radius: 8px; overflow: hidden; background-color: rgba(40&comma; 39&comma; 57&comma; 0.05);'>\n<div style='padding: 15px; background-color: #282739; color: white; font-weight: bold; font-size: 18px;'>Caracter\u00edsticas f\u00edsicas y el\u00e9ctricas de C316W<\/div>\n<div style='padding: 20px; color: inherit;'>\n<div style='display: flex; flex-wrap: wrap; gap: 20px;'>\n<div style='flex: 1 1 300px;'>\n<h3 style='font-size: 20px; margin-top: 0; color: inherit; opacity: 0.9;'>F\u00edsica y alimentaci\u00f3n<\/h3>\n<ul style='padding-left: 20px; margin: 10px 0; font-size: 15px; color: inherit; list-style-type: disc;'>\n<li style='margin-bottom: 8px;'>Panel frontal: Pl\u00e1stico<\/li>\n<li style='margin-bottom: 8px;'>SO: Android 12<\/li>\n<li style='margin-bottom: 8px;'>RAM\/ROM: 2 GB\/8 GB<\/li>\n<li style='margin-bottom: 8px;'>Pantalla: LCD TFT de 7 pulgadas<\/li>\n<li style='margin-bottom: 8px;'>Pantalla: Pantalla t\u00e1ctil capacitiva de 7 pulgadas<\/li>\n<li style='margin-bottom: 8px;'>Wi-Fi: IEEE802.11 b\/g\/n a 2&comma;4 GHz<\/li>\n<li style='margin-bottom: 8px;'>Bluetooth: Bluetooth 4.2<\/li>\n<li style='margin-bottom: 8px;'>Puerto RS485: compatible<\/li>\n<li style='margin-bottom: 8px;'>Salida de rel\u00e9: 1<\/li>\n<li style='margin-bottom: 8px;'>Entrada de timbre: 1<\/li>\n<li style='margin-bottom: 8px;'>E\/S: 8<\/li>\n<li style='margin-bottom: 8px;'>Micr\u00f3fono: -58dB<\/li>\n<li style='margin-bottom: 8px;'>Altavoz: 4\u03a9\/ 2W<\/li>\n<li style='margin-bottom: 8px;'>Puertos Ethernet: 2xRJ45&comma; 10\/100Mbps adaptables<\/li>\n<li style='margin-bottom: 8px;'>Conector de alimentaci\u00f3n por Ethernet 802.3af de 12 V CC (si no se utiliza PoE)<\/li>\n<li style='margin-bottom: 8px;'>Instalaci\u00f3n: Montaje en pared y sobre escritorio<\/li>\n<li style='margin-bottom: 8px;'>Dimensiones: 200.2 x 132.2 x 27.2 mm<\/li>\n<li style='margin-bottom: 8px;'>Humedad de funcionamiento: 10~90 %<\/li>\n<li style='margin-bottom: 8px;'>Temperatura de funcionamiento: -10 \u00b0C~ +45 \u00b0C<\/li>\n<li style='margin-bottom: 8px;'>Temperatura de almacenamiento: -20 \u00b0C~ +70 \u00b0C<\/li>\n<\/ul><\/div>\n<div style='flex: 1 1 300px;'>\n<h3 style='font-size: 20px; margin-top: 0; color: inherit; opacity: 0.9;'>Pantalla t\u00e1ctil<\/h3>\n<ul style='padding-left: 20px; margin: 10px 0; font-size: 15px; color: inherit; list-style-type: disc;'>\n<li style='margin-bottom: 8px;'>Modo de visualizaci\u00f3n: normalmente blanco&comma; transmisivo<\/li>\n<li style='margin-bottom: 8px;'>Tama\u00f1o de la pantalla LCD: 7 pulgadas (diagonal)<\/li>\n<li style='margin-bottom: 8px;'>Resoluci\u00f3n: 1024&#215;600<\/li>\n<li style='margin-bottom: 8px;'>Relaci\u00f3n de contraste: 800:1<\/li>\n<li style='margin-bottom: 8px;'>Luminosidad: 270 cd\/m\u00b2<\/li>\n<li style='margin-bottom: 8px;'>\u00c1ngulo de visi\u00f3n: 75\u00b0 izquierda&comma; 75\u00b0 derecha&comma; 70\u00b0 superior&comma; 75\u00b0 inferior<\/li>\n<li style='margin-bottom: 8px;'>Pantalla t\u00e1ctil: capacitiva proyectada<\/li>\n<\/ul>\n<h3 style='font-size: 20px; margin-top: 20px; margin-bottom: 10px; color: inherit; opacity: 0.9;'>Audio<\/h3>\n<ul style='padding-left: 20px; margin: 10px 0; font-size: 15px; color: inherit; list-style-type: disc;'>\n<li style='margin-bottom: 8px;'>SIP v1 (RFC2543)&comma; SIP v2 (RFC3261)<\/li>\n<li style='margin-bottom: 8px;'>C\u00f3dec de audio de banda estrecha: G.711a&comma; G.711\u03bc&comma; G.729<\/li>\n<li style='margin-bottom: 8px;'>C\u00f3dec de audio de banda ancha: G.722<\/li>\n<li style='margin-bottom: 8px;'>DTMF: DTMF en banda&comma; fuera de banda (RFC2833)&comma; informaci\u00f3n SIP<\/li>\n<li style='margin-bottom: 8px;'>Eco Cancelaci\u00f3n<\/li>\n<li style='margin-bottom: 8px;'>Detecci\u00f3n de activaci\u00f3n por voz<\/li>\n<li style='margin-bottom: 8px;'>Generador de ruido de confort<\/li>\n<li style='margin-bottom: 8px;'>Control autom\u00e1tico de ganancia<\/li>\n<\/ul>\n<h3 style='font-size: 20px; margin-top: 20px; margin-bottom: 10px; color: inherit; opacity: 0.9;'>Redes<\/h3>\n<ul style='padding-left: 20px; margin: 10px 0; font-size: 15px; color: inherit; list-style-type: disc;'>\n<li style='margin-bottom: 8px;'>Compatibilidad con protocolos: IPv4&comma; HTTP&comma; HTTPS&comma; FTP&comma; TFTP&comma; SNMP&comma; DNS&comma; SNTP&comma; RTSP&comma; SRTP&comma; RTP&comma; TCP&comma; UDP&comma; TLS&comma; ICMP&comma; DHCP&comma; ARP<\/li>\n<\/ul>\n<h3 style='font-size: 20px; margin-top: 20px; margin-bottom: 10px; color: inherit; opacity: 0.9;'>Implementaci\u00f3n y mantenimiento<\/h3>\n<ul style='padding-left: 20px; margin: 10px 0; font-size: 15px; color: inherit; list-style-type: disc;'>\n<li style='margin-bottom: 8px;'>Aprovisionamiento autom\u00e1tico<\/li>\n<li style='margin-bottom: 8px;'>Portal de administraci\u00f3n web<\/li>\n<li style='margin-bottom: 8px;'>Volcado de paquetes basado en web<\/li>\n<li style='margin-bottom: 8px;'>Copia de seguridad\/restauraci\u00f3n de configuraci\u00f3n<\/li>\n<li style='margin-bottom: 8px;'>Actualizaci\u00f3n de firmware<\/li>\n<li style='margin-bottom: 8px;'>Registros del sistema (incluidos registros de acceso a puertas)<\/li>\n<\/ul>\n<h3 style='font-size: 20px; margin-top: 20px; margin-bottom: 10px; color: inherit; opacity: 0.9;'>Escenario de aplicaci\u00f3n<\/h3>\n<ul style='padding-left: 20px; margin: 10px 0; font-size: 15px; color: inherit; list-style-type: disc;'>\n<li style='margin-bottom: 8px;'>Villas<\/li>\n<li style='margin-bottom: 8px;'>Complejos de apartamentos<\/li>\n<li style='margin-bottom: 8px;'>Sistemas de automatizaci\u00f3n del hogar<\/li>\n<li style='margin-bottom: 8px;'>Interiores modernos<\/li>\n<\/ul>\n<h3 style='font-size: 20px; margin-top: 20px; margin-bottom: 10px; color: inherit; opacity: 0.9;'>V\u00eddeo<\/h3>\n<ul style='padding-left: 20px; margin: 10px 0; font-size: 15px; color: inherit; list-style-type: disc;'>\n<li style='margin-bottom: 8px;'>Formatos de transmisi\u00f3n: H.263 y H.264<\/li>\n<\/ul><\/div>\n<\/p><\/div>\n<\/p><\/div>\n<p> <!-- \u00bfPor qu\u00e9 elegir Akuvox? --> <\/p>\n<div style='border: 1px solid rgba(150&comma;150&comma;150&comma;0.4); border-radius: 8px; overflow: hidden; background-color: rgba(40&comma; 39&comma; 57&comma; 0.05);'>\n<div style='padding: 15px; background-color: #282739; color: white; font-weight: bold; font-size: 18px;'>\u00bfPor qu\u00e9 elegir Akuvox?<\/div>\n<div style='padding: 20px; color: inherit;'>\n<div style='display: flex; flex-wrap: wrap; gap: 20px;'>\n<div style='flex: 1 1 300px;'>\n<h3 style='font-size: 20px; margin-top: 0; color: inherit; opacity: 0.9;'>Akuvox<\/h3>\n<p style='margin: 10px 0; font-size: 15px; color: inherit;'>Akuvox es la soluci\u00f3n ideal para su fraccionamiento&comma; edificio de apartamentos o edificios corporativos&comma; gracias a su gesti\u00f3n 100% en la nube ofrece una f\u00e1cil instalaci\u00f3n y administraci\u00f3n desde cualquier parte del mundo. Nunca ha sido tan f\u00e1cil y seguro gestionar el acceso a los residentes&comma; empleados o visitantes gracias a que es un dispositivo muy amigable junto con la App Smart Plus para iOS o Android.<\/p>\n<p style='margin: 10px 0; font-size: 15px; color: inherit;'>Brindar la mejor soluci\u00f3n es posible con Akuvox gracias a su tecnolog\u00eda innovadora&comma; lleva al siguiente nivel tus instalaciones&comma; aumenta la plusval\u00eda y disminuye los costos de operaci\u00f3n gracias a Akuvox.<\/p>\n<\/p><\/div>\n<div style='flex: 1 1 300px;'> <img style='width: 100%; height: auto; border: 1px solid rgba(150&comma;150&comma;150&comma;0.3); border-radius: 8px;' src='https:\/\/ftp3.syscom.mx\/usuarios\/hsanchez\/Akuvox\/edificio.jpg' alt=''> <\/div>\n<\/p><\/div>\n<\/p><\/div>\n<\/p><\/div>\n<\/p><\/div>\n<p> <!-- Im\u00e1genes adicionales --> <\/p>\n<div style='margin: 30px 0; display: flex; flex-wrap: wrap; gap: 20px; justify-content: center;'>\n<div style='width: 100%;'> <img style='width: 100%; height: auto; border: 1px solid rgba(150&comma;150&comma;150&comma;0.3); border-radius: 8px;' src='https:\/\/ftp3.syscom.mx\/usuarios\/hsanchez\/C316W\/Pagina2.jpg' alt=''> <\/div>\n<div style='display: flex; gap: 20px; width: 100%; flex-wrap: wrap; justify-content: center;'> <img style='width: 49%; min-width: 300px; height: auto; border: 1px solid rgba(150&comma;150&comma;150&comma;0.3); border-radius: 8px;' src='https:\/\/ftp3.syscom.mx\/usuarios\/hsanchez\/C316W\/Pagina1.jpg' alt=''> <img style='width: 49%; min-width: 300px; height: auto; border: 1px solid rgba(150&comma;150&comma;150&comma;0.3); border-radius: 8px;' src='https:\/\/ftp3.syscom.mx\/usuarios\/hsanchez\/C316W\/Pagina3.jpg' alt=''> <\/div>\n<\/p><\/div>\n<p> <!-- Caracter\u00edsticas principales --> <\/p>\n<div style='border: 1px solid rgba(150&comma;150&comma;150&comma;0.4); border-radius: 8px; overflow: hidden; margin-bottom: 30px; background-color: rgba(40&comma; 39&comma; 57&comma; 0.05);'>\n<div style='padding: 15px; background-color: #282739; color: white; font-weight: bold; font-size: 18px;'>Caracter\u00edsticas principales del Monitor C316W<\/div>\n<ul style='padding: 20px; margin: 0; font-size: 15px; color: inherit; list-style-type: disc;'>\n<li style='margin: 8px 0; color: #000000;'>Monitor ANDROID<\/li>\n<li style='margin: 8px 0; color: #000000;'>Soporta APP Android<\/li>\n<li style='margin: 8px 0; color: #000000;'>Pantalla Touch Screen LCD 7&#8242; WiFi<\/li>\n<li style='margin: 8px 0; color: #000000;'>Punto WIFI<\/li>\n<li style='margin: 8px 0; color: #000000;'>Bluetooth<\/li>\n<li style='margin: 8px 0; color: #000000;'>PoE<\/li>\n<li style='margin: 8px 0; color: #000000;'>SIP<\/li>\n<li style='margin: 8px 0; color: #000000;'>8 Entradas de Alarma<\/li>\n<li style='margin: 8px 0; color: #000000;'>1 Salida de Rel\u00e9<\/li>\n<li style='margin: 8px 0; color: #000000;'>Comunicaci\u00f3n con App de Familiares<\/li>\n<li style='margin: 8px 0; color: #000000;'>Administraci\u00f3n 100 % en la Nube<\/li>\n<\/ul><\/div>\n<p> <!-- Informaci\u00f3n adicional --> <\/p>\n<div style='display: flex; flex-direction: column; gap: 20px;'>\n<div style='border: 1px solid rgba(150&comma;150&comma;150&comma;0.4); border-radius: 8px; overflow: hidden; background-color: rgba(40&comma; 39&comma; 57&comma; 0.05);'>\n<div style='padding: 15px; background-color: #282739; color: white; font-weight: bold; font-size: 18px;'>\u00bfTe interesa obtener m\u00e1s informaci\u00f3n?<\/div>\n<ul style='padding: 20px; margin: 0; font-size: 15px; color: inherit; list-style-type: disc;'>\n<li style='margin: 8px 0; color: #000000;'><a style='color: #000000; text-decoration: underline;' href='https:\/\/soporte.syscom.mx\/es\/articles\/8202185-guia-akuvox-solucion-para-fraccionamientos-y-edificios-de-apartamentos'>Para consultar una gu\u00eda de configuraciones click aqu\u00ed<\/a><\/li>\n<\/ul><\/div>\n<div style='border: 1px solid rgba(150&comma;150&comma;150&comma;0.4); border-radius: 8px; overflow: hidden; background-color: rgba(40&comma; 39&comma; 57&comma; 0.05);'>\n<div style='padding: 15px; background-color: #282739; color: white; font-weight: bold; font-size: 18px;'>\u00bfQu\u00e9 necesito para instalar dispositivos Akuvox?<\/div>\n<ul style='padding: 20px; margin: 0; font-size: 15px; color: inherit; list-style-type: disc;'>\n<li style='margin: 8px 0; color: #000000;'><strong>Cuenta de instalador en Akuvox Cloud<\/strong> para configuraci\u00f3n y administraci\u00f3n de los equipos y licencias. <a style='color: #000000; text-decoration: underline;' href='https:\/\/soporte.syscom.mx\/es\/articles\/6957756-crear-cuenta-de-instalador-akuvox-cloud'>Click aqu\u00ed para obtener una cuenta.<\/a><\/li>\n<li style='margin: 8px 0; color: #000000;'><strong>Acceso a la red IP<\/strong>: Los equipos Akuvox funcionan en redes IP&comma; por lo que necesitar\u00e1s una red con acceso a internet y suficiente capacidad para manejar el tr\u00e1fico de datos.<\/li>\n<li style='margin: 8px 0; color: #000000;'><strong>Fuente de alimentaci\u00f3n<\/strong>: Verifica el tipo de alimentaci\u00f3n que requiere el dispositivo. Muchos equipos Akuvox se alimentan a trav\u00e9s de <strong>Power over Ethernet (PoE)<\/strong>.<\/li>\n<\/ul><\/div>\n<\/p><\/div>\n<\/p><\/div>\n","protected":false},"excerpt":{"rendered":"<p>Monitor ANDROID \/ Soporta APP Android \/ Pantalla Touch Screen LCD 7&#8243; \/ WiFi \/ Punto WIFI \/ Bluetooth \/ PoE \/ SIP \/ 8 Entradas de Alarma \/ 1 Salida de Rel\u00e9 \/ Comunicaci\u00f3n con App de Familiares \/ Administraci\u00f3n 100 % en la Nube<\/p>\n","protected":false},"featured_media":93654,"comment_status":"open","ping_status":"closed","template":"","meta":[],"product_brand":[],"product_cat":[894],"product_tag":[786,820,557],"class_list":{"0":"post-93655","1":"product","2":"type-product","3":"status-publish","4":"has-post-thumbnail","6":"product_cat-multiapartamentos-videoporteros-e-interfonos","7":"product_tag-akuvox","8":"product_tag-multiapartamentos","9":"product_tag-videoporteros-e-interfonos","11":"first","12":"instock","13":"sale","14":"shipping-taxable","15":"purchasable","16":"product-type-simple"},"_links":{"self":[{"href":"https:\/\/soydeaqui.ddns.net\/pachuca\/index.php\/wp-json\/wp\/v2\/product\/93655","targetHints":{"allow":["GET"]}}],"collection":[{"href":"https:\/\/soydeaqui.ddns.net\/pachuca\/index.php\/wp-json\/wp\/v2\/product"}],"about":[{"href":"https:\/\/soydeaqui.ddns.net\/pachuca\/index.php\/wp-json\/wp\/v2\/types\/product"}],"replies":[{"embeddable":true,"href":"https:\/\/soydeaqui.ddns.net\/pachuca\/index.php\/wp-json\/wp\/v2\/comments?post=93655"}],"wp:featuredmedia":[{"embeddable":true,"href":"https:\/\/soydeaqui.ddns.net\/pachuca\/index.php\/wp-json\/wp\/v2\/media\/93654"}],"wp:attachment":[{"href":"https:\/\/soydeaqui.ddns.net\/pachuca\/index.php\/wp-json\/wp\/v2\/media?parent=93655"}],"wp:term":[{"taxonomy":"product_brand","embeddable":true,"href":"https:\/\/soydeaqui.ddns.net\/pachuca\/index.php\/wp-json\/wp\/v2\/product_brand?post=93655"},{"taxonomy":"product_cat","embeddable":true,"href":"https:\/\/soydeaqui.ddns.net\/pachuca\/index.php\/wp-json\/wp\/v2\/product_cat?post=93655"},{"taxonomy":"product_tag","embeddable":true,"href":"https:\/\/soydeaqui.ddns.net\/pachuca\/index.php\/wp-json\/wp\/v2\/product_tag?post=93655"}],"curies":[{"name":"wp","href":"https:\/\/api.w.org\/{rel}","templated":true}]}}