{"id":93598,"date":"2026-03-20T06:10:00","date_gmt":"2026-03-20T06:10:00","guid":{"rendered":"https:\/\/soydeaqui.ddns.net\/pachuca\/index.php\/producto\/ptz-ip-dual-lente-termico-50-mm-640x512-lente-optico-40x-4-mp-150-mts-ir-exir-termografia-ip66\/"},"modified":"2026-03-20T06:10:01","modified_gmt":"2026-03-20T06:10:01","slug":"ptz-ip-dual-lente-termico-50-mm-640x512-lente-optico-40x-4-mp-150-mts-ir-exir-termografia-ip66","status":"publish","type":"product","link":"https:\/\/soydeaqui.ddns.net\/pachuca\/index.php\/producto\/ptz-ip-dual-lente-termico-50-mm-640x512-lente-optico-40x-4-mp-150-mts-ir-exir-termografia-ip66\/","title":{"rendered":"PTZ IP DUAL \/ LENTE TERMICO 50 MM (640X512) \/ LENTE OPTICO 40X (4 MP) \/ 150 MTS IR EXIR \/ TERMOGRAFIA \/ IP66"},"content":{"rendered":"<div style='width: 100%; max-width: 1200px; margin: 0 auto; font-family: sans-serif; line-height: 1.6; color: inherit; background-color: transparent;'>\n<p style='text-align: center; margin: 0 0 15px;'><img style='width: 100%; max-width: 450px; height: auto; border: 1px solid rgba(150&comma;150&comma;150&comma;0.3); border-radius: 8px;' src='https:\/\/ftp3.syscom.mx\/usuarios\/jsosa\/HIKVISION\/imagenes\/logo\/hikvision%20see%20far.png' alt='Logo Hikvision'><\/p>\n<div style='display: flex; flex-wrap: wrap; gap: 30px; margin: 30px 0;'>\n<div style='flex: 1 1 500px; min-width: 300px;'>\n<div style='position: relative; padding-bottom: 56.25%; height: 0; overflow: hidden;'>   <\/div>\n<\/p><\/div>\n<div style='flex: 1 1 500px; min-width: 300px;'>\n<div style='position: relative; padding-bottom: 56.25%; height: 0; overflow: hidden;'>   <\/div>\n<\/p><\/div>\n<\/p><\/div>\n<div style='display: flex; flex-wrap: wrap; gap: 30px; margin-bottom: 30px;'>\n<div style='flex: 1 1 300px; min-width: 280px;'>\n<div style='border-left: 5px solid #ff0000; border-radius: 5px; padding: 5px; box-shadow: 2px 2px 10px rgba(216&comma;216&comma;216&comma;0.4);'>\n<h3 style='font-size: 20px; margin-top: 0; margin-bottom: 15px; color: inherit;'>Caracter\u00edsticas lente t\u00e9rmico:<\/h3>\n<ul style='padding-left: 20px; font-size: 14px; color: inherit; list-style-type: disc;'>\n<li style='margin-bottom: 8px;'>Lente fijo: 50 mm.<\/li>\n<li style='margin-bottom: 8px;'>Resoluci\u00f3n: 640X512.<\/li>\n<li style='margin-bottom: 8px;'>Sensor de imagen: oxido de vanadio&comma; detector de plano focal no refrigerado.<\/li>\n<li style='margin-bottom: 8px;'>Identificaci\u00f3n de personas: 184 mts aproximado.<\/li>\n<li style='margin-bottom: 8px;'>Identificaci\u00f3n de veh\u00edculos: 564 mts aproximado.<\/li>\n<\/ul><\/div>\n<\/p><\/div>\n<div style='flex: 1 1 300px; min-width: 280px;'>\n<div style='border-left: 5px solid #ff0000; border-radius: 5px; padding: 5px; box-shadow: 2px 2px 10px rgba(216&comma;216&comma;216&comma;0.4);'>\n<h3 style='font-size: 20px; margin-top: 0; margin-bottom: 15px; color: inherit;'>Caracter\u00edsticas de lente \u00f3ptico:<\/h3>\n<ul style='padding-left: 20px; font-size: 14px; color: inherit; list-style-type: disc;'>\n<li style='margin-bottom: 8px;'>Resolucion maxima: 4 Megapixel (2688X1520).<\/li>\n<li style='margin-bottom: 8px;'>Iluminacion minima: Color 0.001 Lux @ (F1.3&comma; AGC ON )&comma; B\/N 0.0002 Lux @ (F1.5&comma; AGC ON).<\/li>\n<li style='margin-bottom: 8px;'>Funciones normales: WDR real 120dB \/ 3D-DNR \/ Defog.<\/li>\n<li style='margin-bottom: 8px;'>Funciones especiales: Cruce de linea \/ Intrusion de area.<\/li>\n<li style='margin-bottom: 8px;'>Distancia focal: 6 a 240 mm (40 X Zoom optico 56.6\u00b0 a 33.7\u00b0).<\/li>\n<li style='margin-bottom: 8px;'>Distancia de infrarrojos: 150 mts IR.<\/li>\n<\/ul><\/div>\n<\/p><\/div>\n<div style='flex: 1 1 300px; min-width: 280px;'>\n<div style='border-left: 5px solid #ff0000; border-radius: 5px; padding: 5px; box-shadow: 2px 2px 10px rgba(216&comma;216&comma;216&comma;0.4);'>\n<h3 style='font-size: 20px; margin-top: 0; margin-bottom: 15px; color: inherit;'>Caracter\u00edsticas F\u00edsicas y El\u00e9ctricas:<\/h3>\n<ul style='padding-left: 20px; font-size: 14px; color: inherit; list-style-type: disc;'>\n<li style='margin-bottom: 8px;'>Alimentacion: 24 Vca \/ 60 Watts \/ Hi-POE<\/li>\n<li style='margin-bottom: 8px;'>Temperatura de operacion: -40\u00baC a 66\u00baC.<\/li>\n<li style='margin-bottom: 8px;'>Proteccion: Interior \/ Exterior IP66.<\/li>\n<li style='margin-bottom: 8px;'>Proteccion contra sobretensiones y proteccion contra voltajes transistorios.<\/li>\n<li style='margin-bottom: 8px;'>Dimensiones: 220 x 410 mm x 198.6mm.<\/li>\n<li style='margin-bottom: 8px;'>Peso: 9 Kgs.<\/li>\n<\/ul><\/div>\n<\/p><\/div>\n<div style='flex: 1 1 300px; min-width: 280px;'>\n<div style='border-left: 5px solid #ff0000; border-radius: 5px; padding: 5px; box-shadow: 2px 2px 10px rgba(216&comma;216&comma;216&comma;0.4);'>\n<h3 style='font-size: 20px; margin-top: 0; margin-bottom: 15px; color: inherit;'>Entradas y Salidas de Audio \/ Alarmas \/ Red:<\/h3>\n<ul style='padding-left: 20px; font-size: 14px; color: inherit; list-style-type: disc;'>\n<li style='margin-bottom: 8px;'>Entradas de alarma: 7.<\/li>\n<li style='margin-bottom: 8px;'>Salidas de alarma: 2.<\/li>\n<li style='margin-bottom: 8px;'>Entrada de audio: 1.<\/li>\n<li style='margin-bottom: 8px;'>Salida de audio: 1.<\/li>\n<li style='margin-bottom: 8px;'>Soporta Micro SD m\u00e1ximo 256 GB (no incluida).<\/li>\n<li style='margin-bottom: 8px;'>Puerto de red: 1 (10 \/ 100 Mbps).<\/li>\n<li style='margin-bottom: 8px;'>Compresion: H.265+ \/ H.265 \/ H.264+ \/ H.264.<\/li>\n<\/ul><\/div>\n<\/p><\/div>\n<\/p><\/div>\n<p style='margin: 30px 0 15px;'><img style='width: 100%; height: auto; border: 1px solid rgba(150&comma;150&comma;150&comma;0.3); border-radius: 8px;' src='https:\/\/ftp3.syscom.mx\/usuarios\/jsosa\/banners\/solucion-termica.jpg' alt='Soluci\u00f3n t\u00e9rmica'><\/p>\n<\/p><\/div>\n","protected":false},"excerpt":{"rendered":"<p>PTZ IP DUAL \/ LENTE TERMICO 50 MM (640X512) \/ LENTE OPTICO 40X (4 MP) \/ 150 MTS IR EXIR \/ TERMOGRAFIA \/ IP66<\/p>\n","protected":false},"featured_media":93597,"comment_status":"open","ping_status":"closed","template":"","meta":[],"product_brand":[],"product_cat":[1224],"product_tag":[122,54,1225],"class_list":{"0":"post-93598","1":"product","2":"type-product","3":"status-publish","4":"has-post-thumbnail","6":"product_cat-ptz","7":"product_tag-camaras-ip-y-nvrs","8":"product_tag-hikvision","9":"product_tag-ptz","11":"first","12":"outofstock","13":"sale","14":"shipping-taxable","15":"purchasable","16":"product-type-simple"},"_links":{"self":[{"href":"https:\/\/soydeaqui.ddns.net\/pachuca\/index.php\/wp-json\/wp\/v2\/product\/93598","targetHints":{"allow":["GET"]}}],"collection":[{"href":"https:\/\/soydeaqui.ddns.net\/pachuca\/index.php\/wp-json\/wp\/v2\/product"}],"about":[{"href":"https:\/\/soydeaqui.ddns.net\/pachuca\/index.php\/wp-json\/wp\/v2\/types\/product"}],"replies":[{"embeddable":true,"href":"https:\/\/soydeaqui.ddns.net\/pachuca\/index.php\/wp-json\/wp\/v2\/comments?post=93598"}],"wp:featuredmedia":[{"embeddable":true,"href":"https:\/\/soydeaqui.ddns.net\/pachuca\/index.php\/wp-json\/wp\/v2\/media\/93597"}],"wp:attachment":[{"href":"https:\/\/soydeaqui.ddns.net\/pachuca\/index.php\/wp-json\/wp\/v2\/media?parent=93598"}],"wp:term":[{"taxonomy":"product_brand","embeddable":true,"href":"https:\/\/soydeaqui.ddns.net\/pachuca\/index.php\/wp-json\/wp\/v2\/product_brand?post=93598"},{"taxonomy":"product_cat","embeddable":true,"href":"https:\/\/soydeaqui.ddns.net\/pachuca\/index.php\/wp-json\/wp\/v2\/product_cat?post=93598"},{"taxonomy":"product_tag","embeddable":true,"href":"https:\/\/soydeaqui.ddns.net\/pachuca\/index.php\/wp-json\/wp\/v2\/product_tag?post=93598"}],"curies":[{"name":"wp","href":"https:\/\/api.w.org\/{rel}","templated":true}]}}