{"id":93386,"date":"2026-03-20T06:00:46","date_gmt":"2026-03-20T06:00:46","guid":{"rendered":"https:\/\/soydeaqui.ddns.net\/pachuca\/index.php\/producto\/kit-de-camara-de-bateria-recargable-10400mah-y-panel-solar-wi-fi-incluye-1-pieza-de-cs-cb8-y-1-pieza-de-panel-solar\/"},"modified":"2026-03-20T06:00:58","modified_gmt":"2026-03-20T06:00:58","slug":"kit-de-camara-de-bateria-recargable-10400mah-y-panel-solar-wi-fi-incluye-1-pieza-de-cs-cb8-y-1-pieza-de-panel-solar","status":"publish","type":"product","link":"https:\/\/soydeaqui.ddns.net\/pachuca\/index.php\/producto\/kit-de-camara-de-bateria-recargable-10400mah-y-panel-solar-wi-fi-incluye-1-pieza-de-cs-cb8-y-1-pieza-de-panel-solar\/","title":{"rendered":"Kit de C\u00e1mara de Bater\u00eda Recargable 10400mAh y Panel Solar \/ Wi-Fi  \/ Incluye 1 pieza de CS-CB8 y 1 Pieza de Panel Solar"},"content":{"rendered":"<div style='width: 100%; max-width: 1200px; margin: 0 auto; font-family: sans-serif; line-height: 1.6; color: inherit; background-color: transparent;'> <!-- Banner promocional --> <\/p>\n<div style='margin-bottom: 30px;'> <a href='#link' target='_blank' rel='noopener' style='text-decoration: none; display: block;'> <img style='width: 100%; height: auto; border: 1px solid rgba(150&comma;150&comma;150&comma;0.3); border-radius: 8px;' src='https:\/\/ftp3.syscom.mx\/usuarios\/rcovarrubias\/EZVIZ\/Bannerspag\/SerieH.png' alt='Banner promocional'> <\/a> <\/div>\n<p> <!-- Secci\u00f3n de caracter\u00edsticas con 3 columnas --> <\/p>\n<div style='display: flex; flex-wrap: wrap; gap: 30px; margin-bottom: 30px;'> <!-- Caracter\u00edsticas principales --> <\/p>\n<div style='flex: 1 1 300px; min-width: 280px;'>\n<div style='border-left: 5px solid #42BB1A; border-radius: 8px; box-shadow: 0 2px 10px rgba(150&comma;150&comma;150&comma;0.2); padding: 15px; background-color: rgba(66&comma;187&comma;26&comma;0.05);'>\n<h3 style='font-size: 18px; margin-top: 0; margin-bottom: 15px; color: #42BB1A; font-family: sans-serif; font-weight: bold; border-bottom: 2px solid rgba(66&comma;187&comma;26&comma;0.3); padding-bottom: 5px;'>Caracter\u00edsticas principales<\/h3>\n<ul style='padding-left: 20px; font-size: 15px; color: inherit; list-style-type: disc;'>\n<li style='margin-bottom: 8px;'>Resoluci\u00f3n: 3 Megapixel (2304 x 1296)<\/li>\n<li style='margin-bottom: 8px;'>Iluminaci\u00f3n m\u00ednima: 0.01 Lux<\/li>\n<li style='margin-bottom: 8px;'>Lente: 4mm<\/li>\n<li style='margin-bottom: 8px;'>Pan: 340\u00b0&comma; Tilt: 65\u00b0<\/li>\n<li style='margin-bottom: 8px;'>IR 15mts (Visi\u00f3n Nocturna)<\/li>\n<li style='margin-bottom: 8px;'>Audio de dos v\u00edas<\/li>\n<li style='margin-bottom: 8px;'>3D-DNR<\/li>\n<li style='margin-bottom: 8px;'>Compresi\u00f3n: H.264&comma; H.265<\/li>\n<li style='margin-bottom: 8px;'>Ranura para memoria microSD de hasta 256 GB para grabaci\u00f3n local (<strong>memoria no incluida<\/strong>)<\/li>\n<\/ul>\n<div style='margin-top: 20px;'>\n<h4 style='font-size: 16px; margin-top: 0; margin-bottom: 10px; color: inherit; font-weight: bold; font-family: sans-serif;'>El kit incluye:<\/h4>\n<ul style='padding-left: 20px; font-size: 15px; color: inherit; list-style-type: disc;'>\n<li style='margin-bottom: 8px;'>1 C\u00e1mara PT de bater\u00eda recargable<\/li>\n<li style='margin-bottom: 8px;'>1 Panel solar de 4.5W<\/li>\n<\/ul><\/div>\n<\/p><\/div>\n<\/p><\/div>\n<p> <!-- Caracter\u00edsticas F\u00edsicas y El\u00e9ctricas --> <\/p>\n<div style='flex: 1 1 300px; min-width: 280px;'>\n<div style='border-left: 5px solid #42BB1A; border-radius: 8px; box-shadow: 0 2px 10px rgba(150&comma;150&comma;150&comma;0.2); padding: 15px; background-color: rgba(66&comma;187&comma;26&comma;0.05);'>\n<h3 style='font-size: 18px; margin-top: 0; margin-bottom: 15px; color: #42BB1A; font-family: sans-serif; font-weight: bold; border-bottom: 2px solid rgba(66&comma;187&comma;26&comma;0.3); padding-bottom: 5px;'>Caracter\u00edsticas F\u00edsicas y El\u00e9ctricas<\/h3>\n<ul style='padding-left: 20px; font-size: 15px; color: inherit; list-style-type: disc;'>\n<li style='margin-bottom: 8px;'>Alimentaci\u00f3n de la c\u00e1mara: 5 Vcc \/ 2A \/ 10W<\/li>\n<li style='margin-bottom: 8px;'>Condiciones de operaci\u00f3n: -20\u00b0C a 50\u00b0C<\/li>\n<li style='margin-bottom: 8px;'>Peso: 803 g<\/li>\n<li style='margin-bottom: 8px;'><strong>La c\u00e1mara solo incluye cable USB&comma; fuente recomendada <a href='https:\/\/www.syscom.mx\/producto\/PLUSB1000V-EPCOM-POWERLINE-193143.html' target='_blank' rel='noopener' style='color: #42BB1A; text-decoration: underline;'>PLUSB1000V<\/a><\/strong><\/li>\n<li style='margin-bottom: 8px;'><strong>El cable del panel solar es de 4 metros para conexi\u00f3n a la c\u00e1mara<\/strong><\/li>\n<li style='margin-bottom: 8px;'><strong>1 a\u00f1o de garant\u00eda<\/strong><\/li>\n<\/ul><\/div>\n<\/p><\/div>\n<p> <!-- Caracter\u00edsticas Destacadas --> <\/p>\n<div style='flex: 1 1 300px; min-width: 280px;'>\n<div style='border-left: 5px solid #42BB1A; border-radius: 8px; box-shadow: 0 2px 10px rgba(150&comma;150&comma;150&comma;0.2); padding: 15px; background-color: rgba(66&comma;187&comma;26&comma;0.05);'>\n<h3 style='font-size: 18px; margin-top: 0; margin-bottom: 15px; color: #42BB1A; font-family: sans-serif; font-weight: bold; border-bottom: 2px solid rgba(66&comma;187&comma;26&comma;0.3); padding-bottom: 5px;'>Caracter\u00edsticas Destacadas<\/h3>\n<ul style='padding-left: 20px; font-size: 15px; color: inherit; list-style-type: disc;'>\n<li style='margin-bottom: 8px;'>Soporta grabaci\u00f3n en nube de EZVIZ (El cobro se realiza directo en la aplicaci\u00f3n EZVIZ)<\/li>\n<li style='margin-bottom: 8px;'>Para grabaci\u00f3n en la nube contamos con dos opciones:\n<ul style='padding-left: 20px; margin-top: 8px; margin-bottom: 8px; list-style-type: circle;'>\n<li style='margin-bottom: 5px;'>Opci\u00f3n 1: Comprar cualquiera de estos dos planes: <a href='https:\/\/www.syscom.mx\/producto\/EZ-CLOUD-7A-EZVIZ-207807.html' target='_blank' rel='noopener' style='color: #42BB1A; text-decoration: underline;'>EZ-CLOUD\/7A<\/a> para 7 d\u00edas de almacenamiento durante un a\u00f1o&comma; <a href='https:\/\/www.syscom.mx\/producto\/EZ-CLOUD-30A-EZVIZ-207809.html' target='_blank' rel='noopener' style='color: #42BB1A; text-decoration: underline;'>EZ-CLOUD\/30A<\/a> para 30 d\u00edas de almacenamiento durante un a\u00f1o<\/li>\n<li style='margin-bottom: 5px;'>Opci\u00f3n 2: Suscribirse directamente App EZVIZ<\/li>\n<\/ul>\n<\/li>\n<\/ul>\n<div style='margin-top: 20px;'>\n<h4 style='font-size: 16px; margin-top: 0; margin-bottom: 10px; color: #e74c3c; font-weight: bold; font-family: sans-serif;'>Notas:<\/h4>\n<ul style='padding-left: 20px; font-size: 15px; color: #e74c3c; list-style-type: square;'>\n<li style='margin-bottom: 8px;'><strong>Cargue la bater\u00eda de su c\u00e1mara al 100% con el transformador antes de instalar<\/strong><\/li>\n<li style='margin-bottom: 8px;'><strong>Configuraci\u00f3n \u00fanicamente mediante aplicaci\u00f3n EZVIZ<\/strong><\/li>\n<li style='margin-bottom: 8px;'><strong>Graba solo por movimiento para mejorar el rendimiento de la bater\u00eda<\/strong><\/li>\n<li style='margin-bottom: 8px;'><strong>La duraci\u00f3n de la bater\u00eda puede variar y depender\u00e1 de la frecuencia de activaci\u00f3n por movimiento&comma; notificaciones&comma; etc.<\/strong><\/li>\n<li style='margin-bottom: 8px;'><strong>Utilice el panel solar para mantener la bater\u00eda siempre cargada<\/strong><\/li>\n<li style='margin-bottom: 8px;'><strong>Las c\u00e1maras de bater\u00eda no se pueden agregar al DVR \/ NVR&comma; debido al mecanismo de ahorro de energ\u00eda de la c\u00e1mara<\/strong><\/li>\n<\/ul><\/div>\n<\/p><\/div>\n<\/p><\/div>\n<\/p><\/div>\n<p> <!-- Separador --> <\/p>\n<hr style='border: 0; border-top: 1px solid rgba(150&comma; 150&comma; 150&comma; 0.3); margin: 30px 0;'> <!-- Galer\u00eda de im\u00e1genes --> <\/p>\n<div style='display: flex; flex-wrap: wrap; gap: 20px; margin-bottom: 30px;'>\n<div style='flex: 1 1 300px; min-width: 280px;'> <img style='width: 100%; height: auto; border: 1px solid rgba(150&comma;150&comma;150&comma;0.3); border-radius: 8px;' src='https:\/\/ftp3.syscom.mx\/usuarios\/rcovarrubias\/EZVIZ\/Manual%20esp-ing\/CS-CB8SP\/cb8sp6.png' alt=''> <\/div>\n<div style='flex: 1 1 300px; min-width: 280px;'> <img style='width: 100%; height: auto; border: 1px solid rgba(150&comma;150&comma;150&comma;0.3); border-radius: 8px;' src='https:\/\/ftp3.syscom.mx\/usuarios\/rcovarrubias\/EZVIZ\/Manual%20esp-ing\/CS-HB8\/hb8%20memoria.png' alt=''> <\/div>\n<div style='flex: 1 1 300px; min-width: 280px;'> <img style='width: 100%; height: auto; border: 1px solid rgba(150&comma;150&comma;150&comma;0.3); border-radius: 8px;' src='https:\/\/ftp3.syscom.mx\/usuarios\/rcovarrubias\/EZVIZ\/Manual%20esp-ing\/CS-CB8SP\/cb8sp2.png' alt=''> <\/div>\n<div style='flex: 1 1 300px; min-width: 280px;'> <img style='width: 100%; height: auto; border: 1px solid rgba(150&comma;150&comma;150&comma;0.3); border-radius: 8px;' src='https:\/\/ftp3.syscom.mx\/usuarios\/rcovarrubias\/EZVIZ\/Manual%20esp-ing\/CS-CB8SP\/cb8sp1.png' alt=''> <\/div>\n<div style='flex: 1 1 300px; min-width: 280px;'> <img style='width: 100%; height: auto; border: 1px solid rgba(150&comma;150&comma;150&comma;0.3); border-radius: 8px;' src='https:\/\/ftp3.syscom.mx\/usuarios\/rcovarrubias\/EZVIZ\/Manual%20esp-ing\/CS-CB8SP\/cb8sp3.png' alt=''> <\/div>\n<\/p><\/div>\n<\/p><\/div>\n","protected":false},"excerpt":{"rendered":"<p>Kit de C\u00e1mara de Bater\u00eda Recargable 10400mAh y Panel Solar \/ Wi-Fi  \/ Incluye 1 pieza de CS-CB8 y 1 Pieza de Panel Solar<\/p>\n","protected":false},"featured_media":93385,"comment_status":"open","ping_status":"closed","template":"","meta":[],"product_brand":[],"product_cat":[2231],"product_tag":[111,2233,2232],"class_list":{"0":"post-93386","1":"product","2":"type-product","3":"status-publish","4":"has-post-thumbnail","6":"product_cat-ip-megapixel","7":"product_tag-ezviz","8":"product_tag-ip-megapixel","9":"product_tag-kits-sistemas-completos","11":"first","12":"instock","13":"sale","14":"shipping-taxable","15":"purchasable","16":"product-type-simple"},"_links":{"self":[{"href":"https:\/\/soydeaqui.ddns.net\/pachuca\/index.php\/wp-json\/wp\/v2\/product\/93386","targetHints":{"allow":["GET"]}}],"collection":[{"href":"https:\/\/soydeaqui.ddns.net\/pachuca\/index.php\/wp-json\/wp\/v2\/product"}],"about":[{"href":"https:\/\/soydeaqui.ddns.net\/pachuca\/index.php\/wp-json\/wp\/v2\/types\/product"}],"replies":[{"embeddable":true,"href":"https:\/\/soydeaqui.ddns.net\/pachuca\/index.php\/wp-json\/wp\/v2\/comments?post=93386"}],"wp:featuredmedia":[{"embeddable":true,"href":"https:\/\/soydeaqui.ddns.net\/pachuca\/index.php\/wp-json\/wp\/v2\/media\/93385"}],"wp:attachment":[{"href":"https:\/\/soydeaqui.ddns.net\/pachuca\/index.php\/wp-json\/wp\/v2\/media?parent=93386"}],"wp:term":[{"taxonomy":"product_brand","embeddable":true,"href":"https:\/\/soydeaqui.ddns.net\/pachuca\/index.php\/wp-json\/wp\/v2\/product_brand?post=93386"},{"taxonomy":"product_cat","embeddable":true,"href":"https:\/\/soydeaqui.ddns.net\/pachuca\/index.php\/wp-json\/wp\/v2\/product_cat?post=93386"},{"taxonomy":"product_tag","embeddable":true,"href":"https:\/\/soydeaqui.ddns.net\/pachuca\/index.php\/wp-json\/wp\/v2\/product_tag?post=93386"}],"curies":[{"name":"wp","href":"https:\/\/api.w.org\/{rel}","templated":true}]}}