{"id":93237,"date":"2026-03-20T05:54:18","date_gmt":"2026-03-20T05:54:18","guid":{"rendered":"https:\/\/soydeaqui.ddns.net\/pachuca\/index.php\/producto\/camara-movil-ip-5-megapixel-lente-8-mm-20-mts-ir-exterior-ip68-ik10-wdr-120-db-conector-rj45-reconocimiento-de-placas-anpr\/"},"modified":"2026-03-20T05:54:24","modified_gmt":"2026-03-20T05:54:24","slug":"camara-movil-ip-5-megapixel-lente-8-mm-20-mts-ir-exterior-ip68-ik10-wdr-120-db-conector-rj45-reconocimiento-de-placas-anpr","status":"publish","type":"product","link":"https:\/\/soydeaqui.ddns.net\/pachuca\/index.php\/producto\/camara-movil-ip-5-megapixel-lente-8-mm-20-mts-ir-exterior-ip68-ik10-wdr-120-db-conector-rj45-reconocimiento-de-placas-anpr\/","title":{"rendered":"C\u00e1mara M\u00f3vil IP 5 Megapixel \/ Lente 8 mm \/ 20 mts IR \/ Exterior IP68 \/ IK10 \/ WDR 120 dB \/ Conector RJ45 \/ Reconocimiento de Placas (ANPR)"},"content":{"rendered":"<div style='width: 100%; max-width: 1200px; margin: 0 auto; font-family: sans-serif; line-height: 1.6; color: inherit;'>\n<p style='text-align: center; margin: 0; padding: 15px 0;'> <img style='width: 45%; height: auto; border: 1px solid rgba(150&comma;150&comma;150&comma;0.3); border-radius: 8px;' src='https:\/\/ftp3.syscom.mx\/usuarios\/jsosa\/HIKVISION\/imagenes\/logo\/hikvision%20see%20far.png' alt='Logo Hikvision'> <\/p>\n<div style='display: flex; flex-wrap: wrap; gap: 30px; margin: 30px 0;'>\n<div style='flex: 1 1 400px; min-width: 300px;'>\n<div style='border-left: 5px solid #ff0000; border-radius: 5px; padding: 15px; box-shadow: 2px 2px 10px rgba(216&comma;216&comma;216&comma;0.3);'>\n<h3 style='font-size: 18px; margin-top: 0; margin-bottom: 15px; color: inherit; opacity: 0.8;'>Caracter\u00edsticas principales<\/h3>\n<ul style='padding-left: 20px; font-size: 14px; color: inherit; list-style-type: disc;'>\n<li style='margin-bottom: 8px;'>Resoluci\u00f3n m\u00e1xima: 5 Megapixel (2560\u00d71920).<\/li>\n<li style='margin-bottom: 8px;'>Soporta ONVIF (PROFILE S&comma; PROFILE G) \/ ISAPI.<\/li>\n<li style='margin-bottom: 8px;'>Compresi\u00f3n: H.265+ \/ H.265 \/ H.264+ \/ H.264.<\/li>\n<li style='margin-bottom: 8px;'>Lente 8 mm (\u00e1ngulo de visi\u00f3n 37\u00b0).<\/li>\n<li style='margin-bottom: 8px;'>Distancia de IR (visi\u00f3n nocturna): 20 metros.<\/li>\n<li style='margin-bottom: 8px;'>WDR Real 120dB \/ BLC \/ 3D DNR.<\/li>\n<li style='margin-bottom: 8px;'>Reconocimiento de placas (ANPR).<\/li>\n<\/ul><\/div>\n<\/p><\/div>\n<div style='flex: 1 1 400px; min-width: 300px;'>\n<div style='border-left: 5px solid #ff0000; border-radius: 5px; padding: 15px; box-shadow: 2px 2px 10px rgba(216&comma;216&comma;216&comma;0.3);'>\n<h3 style='font-size: 18px; margin-top: 0; margin-bottom: 15px; color: inherit; opacity: 0.8;'>Caracter\u00edsticas F\u00edsicas y El\u00e9ctricas<\/h3>\n<ul style='padding-left: 20px; font-size: 14px; color: inherit; list-style-type: disc;'>\n<li style='margin-bottom: 8px;'>Soporta memoria microSD&comma; m\u00e1ximo 256GB (no incluida).<\/li>\n<li style='margin-bottom: 8px;'>Protecci\u00f3n exterior IP68.<\/li>\n<li style='margin-bottom: 8px;'>Conector RJ45.<\/li>\n<li style='margin-bottom: 8px;'>Temperatura de operaci\u00f3n: -30\u00b0C a 75\u00b0C.<\/li>\n<li style='margin-bottom: 8px;'>Alimentaci\u00f3n: 9-36 V y PoE (802.3af&comma; 36 V a 57 V).<\/li>\n<li style='margin-bottom: 8px;'>Dimensiones: 78.8 mm \u00d7 81.6 mm \u00d7 63.8 mm.<\/li>\n<li style='margin-bottom: 8px;'>Peso: 330 gramos<\/li>\n<\/ul>\n<div style='margin-top: 20px;'>\n<h4 style='font-size: 16px; margin-top: 0; margin-bottom: 10px; color: inherit; opacity: 0.8;'>Compatible con NVR`s m\u00f3viles<\/h4>\n<ul style='padding-left: 20px; font-size: 14px; color: inherit; list-style-type: disc;'>\n<li style='margin-bottom: 8px;'><a href='https:\/\/www.syscom.mx\/principal\/searchcont?route=AEMN5043RJ45-HIKVISION-230650&#038;autodetect=AEMN5043' style='color: #0066cc; text-decoration: underline;'>AE-MN5043(RJ45)<\/a><\/li>\n<li style='margin-bottom: 8px;'><a href='https:\/\/www.syscom.mx\/principal\/searchcont?route=AE-MN5083RJ45-HIKVISION-220359&#038;autodetect=AEMN5043' style='color: #0066cc; text-decoration: underline;'>AE-MN5083(RJ45)<\/a><\/li>\n<\/ul><\/div>\n<\/p><\/div>\n<\/p><\/div>\n<\/p><\/div>\n<div style='position: relative; padding-bottom: 56.25%; height: 0; overflow: hidden; margin: 30px 0;'>   <\/div>\n<p style='text-align: center; margin: 30px 0 0; padding: 0;'> <img style='width: 100%; height: auto; border: 1px solid rgba(150&comma;150&comma;150&comma;0.3); border-radius: 8px;' src='https:\/\/ftp3.syscom.mx\/usuarios\/jsosa\/HIKVISION\/imagenes\/banners\/solution%20complete.png' alt='Soluci\u00f3n completa Hikvision'> <\/p>\n<\/p><\/div>\n","protected":false},"excerpt":{"rendered":"<p>C\u00e1mara M\u00f3vil IP 5 Megapixel \/ Lente 8 mm \/ 20 mts IR \/ Exterior IP68 \/ IK10 \/ WDR 120 dB \/ Conector RJ45 \/ Reconocimiento de Placas (ANPR)<\/p>\n","protected":false},"featured_media":93236,"comment_status":"open","ping_status":"closed","template":"","meta":[],"product_brand":[],"product_cat":[1410],"product_tag":[211,54,1344],"class_list":{"0":"post-93237","1":"product","2":"type-product","3":"status-publish","4":"has-post-thumbnail","6":"product_cat-camaras-videograbadoras-moviles-y-portatiles","7":"product_tag-camaras","8":"product_tag-hikvision","9":"product_tag-videograbadoras-moviles-y-portatiles","11":"first","12":"outofstock","13":"sale","14":"shipping-taxable","15":"purchasable","16":"product-type-simple"},"_links":{"self":[{"href":"https:\/\/soydeaqui.ddns.net\/pachuca\/index.php\/wp-json\/wp\/v2\/product\/93237","targetHints":{"allow":["GET"]}}],"collection":[{"href":"https:\/\/soydeaqui.ddns.net\/pachuca\/index.php\/wp-json\/wp\/v2\/product"}],"about":[{"href":"https:\/\/soydeaqui.ddns.net\/pachuca\/index.php\/wp-json\/wp\/v2\/types\/product"}],"replies":[{"embeddable":true,"href":"https:\/\/soydeaqui.ddns.net\/pachuca\/index.php\/wp-json\/wp\/v2\/comments?post=93237"}],"wp:featuredmedia":[{"embeddable":true,"href":"https:\/\/soydeaqui.ddns.net\/pachuca\/index.php\/wp-json\/wp\/v2\/media\/93236"}],"wp:attachment":[{"href":"https:\/\/soydeaqui.ddns.net\/pachuca\/index.php\/wp-json\/wp\/v2\/media?parent=93237"}],"wp:term":[{"taxonomy":"product_brand","embeddable":true,"href":"https:\/\/soydeaqui.ddns.net\/pachuca\/index.php\/wp-json\/wp\/v2\/product_brand?post=93237"},{"taxonomy":"product_cat","embeddable":true,"href":"https:\/\/soydeaqui.ddns.net\/pachuca\/index.php\/wp-json\/wp\/v2\/product_cat?post=93237"},{"taxonomy":"product_tag","embeddable":true,"href":"https:\/\/soydeaqui.ddns.net\/pachuca\/index.php\/wp-json\/wp\/v2\/product_tag?post=93237"}],"curies":[{"name":"wp","href":"https:\/\/api.w.org\/{rel}","templated":true}]}}