{"id":93172,"date":"2026-03-20T05:51:31","date_gmt":"2026-03-20T05:51:31","guid":{"rendered":"https:\/\/soydeaqui.ddns.net\/pachuca\/index.php\/producto\/camara-pt-doble-lente-10-megapixel-5mp5mp-ia-deteccion-humana-y-vehiculo-vision-nocturna-a-color-sirena-y-luz-estroboscopica-vista-simultanea-de-camara-pt-y-camara-fija-proteccion-ip65\/"},"modified":"2026-03-20T05:51:42","modified_gmt":"2026-03-20T05:51:42","slug":"camara-pt-doble-lente-10-megapixel-5mp5mp-ia-deteccion-humana-y-vehiculo-vision-nocturna-a-color-sirena-y-luz-estroboscopica-vista-simultanea-de-camara-pt-y-camara-fija-proteccion-ip65","status":"publish","type":"product","link":"https:\/\/soydeaqui.ddns.net\/pachuca\/index.php\/producto\/camara-pt-doble-lente-10-megapixel-5mp5mp-ia-deteccion-humana-y-vehiculo-vision-nocturna-a-color-sirena-y-luz-estroboscopica-vista-simultanea-de-camara-pt-y-camara-fija-proteccion-ip65\/","title":{"rendered":"C\u00e1mara PT Doble Lente \/ 10 Megapixel (5MP+5MP) \/ IA Detecci\u00f3n Humana y Vehiculo \/ Vision Nocturna a Color \/ Sirena y Luz Estrobosc\u00f3pica \/ Vista Simult\u00e1nea de C\u00e1mara PT y C\u00e1mara Fija \/ Protecci\u00f3n IP65 \/ Audi"},"content":{"rendered":"<div style='width: 100%; max-width: 1200px; margin: 0 auto; font-family: sans-serif; line-height: 1.6; color: inherit; background-color: transparent;'> <!-- Banner principal --> <\/p>\n<div style='margin-bottom: 30px;'> <a href='#link' target='_blank' rel='noopener' style='text-decoration: none;'> <img style='width: 100%; height: auto; border: 1px solid rgba(150&comma;150&comma;150&comma;0.3); border-radius: 8px;' src='https:\/\/ftp3.syscom.mx\/usuarios\/rcovarrubias\/EZVIZ\/Bannerspag\/SerieH.png' alt='Banner principal'> <\/a> <\/div>\n<p> <!-- Secci\u00f3n de caracter\u00edsticas con flex --> <\/p>\n<div style='display: flex; flex-wrap: wrap; gap: 30px; margin-bottom: 30px;'> <!-- Caracter\u00edsticas principales --> <\/p>\n<div style='flex: 1 1 300px; min-width: 280px;'>\n<h3 style='font-size: 22px; border-bottom: 2px solid currentColor; padding-bottom: 5px; margin-top: 0; color: inherit; opacity: 0.8;'>Caracter\u00edsticas principales<\/h3>\n<ul style='padding-left: 20px; font-size: 15px; color: inherit;'>\n<li style='margin-bottom: 5px;'>Resoluci\u00f3n: 3K (2880 \u00d7 1620)<\/li>\n<li style='margin-bottom: 5px;'>Lente fijo 2.8 mm&comma; visi\u00f3n horizontal 110\u00b0&comma; diagonal 132\u00b0<\/li>\n<li style='margin-bottom: 5px;'>Movimiento panor\u00e1mico 6mm&comma; Pan 350\u00b0&comma; Tilt: 80\u00b0<\/li>\n<li style='margin-bottom: 5px;'>Micr\u00f3fono y bocina interconstruida (100 dB). (audio de dos v\u00edas)<\/li>\n<li style='margin-bottom: 5px;'>WDR \/ 3D-DNR<\/li>\n<li style='margin-bottom: 5px;'>IR 30m<\/li>\n<li style='margin-bottom: 5px;'>Cobertura panor\u00e1mica de 360\u00b0<\/li>\n<li style='margin-bottom: 5px;'>Visi\u00f3n nocturna a color<\/li>\n<li style='margin-bottom: 5px;'>Soporta tarjetas microSD (hasta 512 GB)<\/li>\n<li style='margin-bottom: 5px;'>Puerto Ethernet RJ45<\/li>\n<li style='margin-bottom: 5px;'>Wi-Fi 2.4GHz<\/li>\n<li style='margin-bottom: 5px;'>Detecci\u00f3n humana<\/li>\n<li style='margin-bottom: 5px;'>Detecci\u00f3n de veh\u00edculo<\/li>\n<li style='margin-bottom: 5px;'><strong>Preset:<\/strong> Hasta 12 posicionamientos&comma; se llaman manualmente no autom\u00e1ticos<\/li>\n<\/ul><\/div>\n<p> <!-- Caracter\u00edsticas F\u00edsicas y El\u00e9ctricas --> <\/p>\n<div style='flex: 1 1 300px; min-width: 280px;'>\n<h3 style='font-size: 22px; border-bottom: 2px solid currentColor; padding-bottom: 5px; margin-top: 0; color: inherit; opacity: 0.8;'>Caracter\u00edsticas F\u00edsicas y El\u00e9ctricas<\/h3>\n<ul style='padding-left: 20px; font-size: 15px; color: inherit;'>\n<li style='margin-bottom: 5px;'><strong>Alimentaci\u00f3n:<\/strong> 12Vcc&comma; 1A&comma; Max 12W&comma; Fuente incluida<\/li>\n<li style='margin-bottom: 5px;'><strong>Material:<\/strong> Policarbonato<\/li>\n<li style='margin-bottom: 5px;'><strong>Dimensiones:<\/strong> 116 x 153.2 x 163.8 mm<\/li>\n<li style='margin-bottom: 5px;'><strong>Peso:<\/strong> 592g<\/li>\n<li style='margin-bottom: 5px;'><strong>Protecci\u00f3n IP<\/strong> 65&comma; uso en exterior con protecci\u00f3n<\/li>\n<li style='margin-bottom: 5px;'><strong>Temperatura de operaci\u00f3n:<\/strong> \u221220 \u00b0C a 50 \u00b0C y humedad del 95 % o inferior<\/li>\n<li style='margin-bottom: 5px; color: #e74c3c;'><strong>3 A\u00f1os de garant\u00eda<\/strong><\/li>\n<\/ul><\/div>\n<p> <!-- Caracter\u00edsticas Destacadas --> <\/p>\n<div style='flex: 1 1 300px; min-width: 280px;'>\n<h3 style='font-size: 22px; border-bottom: 2px solid currentColor; padding-bottom: 5px; margin-top: 0; color: inherit; opacity: 0.8;'>Caracter\u00edsticas Destacadas<\/h3>\n<ul style='padding-left: 20px; font-size: 15px; color: inherit;'>\n<li style='margin-bottom: 5px;'>Soporta grabaci\u00f3n en nube de EZVIZ (el cobro se realiza directo en la aplicaci\u00f3n EZVIZ)<\/li>\n<li style='margin-bottom: 5px;'><strong><span style='color: #d35400;'>Opci\u00f3n 1:<\/span><\/strong> comprar cualquiera de estos dos planes: <a href='https:\/\/www.syscom.mx\/producto\/EZ-CLOUD-7A-EZVIZ-207807.html' target='_blank' rel='noopener nofollow noreferrer' style='color: #1E90FF; text-decoration: underline;'>EZ-CLOUD\/7A<\/a> para 7 d\u00edas de almacenamiento durante un a\u00f1o&comma; <a href='https:\/\/www.syscom.mx\/producto\/EZ-CLOUD-30A-EZVIZ-207809.html' target='_blank' rel='noopener nofollow noreferrer' style='color: #1E90FF; text-decoration: underline;'>EZ-CLOUD\/30A<\/a> para 30 d\u00edas de almacenamiento durante un a\u00f1o<\/li>\n<li style='margin-bottom: 5px;'><strong><span style='color: #d35400;'>Opci\u00f3n 2:<\/span><\/strong> Suscribirse directamente App EZVIZ<\/li>\n<\/ul>\n<h4 style='margin-top: 20px; margin-bottom: 10px; font-size: 18px; color: #e74c3c; opacity: 0.9;'>Notas:<\/h4>\n<ul style='padding-left: 20px; font-size: 15px; color: inherit;'>\n<li style='margin-bottom: 5px;'><span style='color: #e74c3c;'>Configuraci\u00f3n \u00fanicamente mediante aplicaci\u00f3n EZVIZ<\/span><\/li>\n<li style='margin-bottom: 5px;'><strong style='color: #3598db;'>Compatible con Alexa&comma; Google Home y IFTTT<\/strong><\/li>\n<\/ul><\/div>\n<\/p><\/div>\n<p> <!-- Separador --> <\/p>\n<hr style='border: 0; border-top: 1px solid rgba(150&comma; 150&comma; 150&comma; 0.3); margin: 30px 0;'> <!-- Galer\u00eda de im\u00e1genes --> <\/p>\n<div style='display: flex; flex-wrap: wrap; gap: 20px; margin-bottom: 30px;'>\n<div style='flex: 1 1 300px; min-width: 280px;'> <img style='width: 100%; height: auto; border: 1px solid rgba(150&comma;150&comma;150&comma;0.3); border-radius: 8px;' src='https:\/\/ftp3.syscom.mx\/usuarios\/rcovarrubias\/EZVIZ\/Manual%20esp-ing\/CSH9C\/H9c%2010MP\/h9c3k1.png' alt=''> <\/div>\n<div style='flex: 1 1 300px; min-width: 280px;'> <img style='width: 100%; height: auto; border: 1px solid rgba(150&comma;150&comma;150&comma;0.3); border-radius: 8px;' src='https:\/\/ftp3.syscom.mx\/usuarios\/rcovarrubias\/EZVIZ\/Manual%20esp-ing\/CSH9C\/H9C%206MP\/h9c2k3.png' alt=''> <\/div>\n<div style='flex: 1 1 300px; min-width: 280px;'> <img style='width: 100%; height: auto; border: 1px solid rgba(150&comma;150&comma;150&comma;0.3); border-radius: 8px;' src='https:\/\/ftp3.syscom.mx\/usuarios\/rcovarrubias\/EZVIZ\/Manual%20esp-ing\/CS-H9C%206k\/csh9c1.png' alt=''> <\/div>\n<div style='flex: 1 1 300px; min-width: 280px;'> <img style='width: 100%; height: auto; border: 1px solid rgba(150&comma;150&comma;150&comma;0.3); border-radius: 8px;' src='https:\/\/ftp3.syscom.mx\/usuarios\/rcovarrubias\/EZVIZ\/Manual%20esp-ing\/CSH9C\/H9c%2010MP\/h9c3k3.png' alt=''> <\/div>\n<div style='flex: 1 1 300px; min-width: 280px;'> <img style='width: 100%; height: auto; border: 1px solid rgba(150&comma;150&comma;150&comma;0.3); border-radius: 8px;' src='https:\/\/ftp3.syscom.mx\/usuarios\/rcovarrubias\/EZVIZ\/Manual%20esp-ing\/CSH9C\/H9c%2010MP\/h9c3k4.png' alt=''> <\/div>\n<div style='flex: 1 1 300px; min-width: 280px;'> <img style='width: 100%; height: auto; border: 1px solid rgba(150&comma;150&comma;150&comma;0.3); border-radius: 8px;' src='https:\/\/ftp3.syscom.mx\/usuarios\/rcovarrubias\/EZVIZ\/Manual%20esp-ing\/CSH9C\/h9c7.png' alt=''> <\/div>\n<div style='flex: 1 1 300px; min-width: 280px;'> <img style='width: 100%; height: auto; border: 1px solid rgba(150&comma;150&comma;150&comma;0.3); border-radius: 8px;' src='https:\/\/ftp3.syscom.mx\/usuarios\/rcovarrubias\/EZVIZ\/Manual%20esp-ing\/CS-H9C\/h9c3.png' alt=''> <\/div>\n<div style='flex: 1 1 300px; min-width: 280px;'> <img style='width: 100%; height: auto; border: 1px solid rgba(150&comma;150&comma;150&comma;0.3); border-radius: 8px;' src='https:\/\/ftp3.syscom.mx\/usuarios\/rcovarrubias\/EZVIZ\/Banner%20COMPATIBLE-ALEXA-GOOGLE.jpg' alt=''> <\/div>\n<\/p><\/div>\n<\/p><\/div>\n","protected":false},"excerpt":{"rendered":"<p>C\u00e1mara PT Doble Lente \/ 10 Megapixel (5MP+5MP) \/ IA Detecci\u00f3n Humana y Vehiculo \/ Vision Nocturna a Color \/ Sirena y Luz Estrobosc\u00f3pica \/ Vista Simult\u00e1nea de C\u00e1mara PT y C\u00e1mara Fija \/ Protecci\u00f3n IP65 \/ Audi<\/p>\n","protected":false},"featured_media":93171,"comment_status":"open","ping_status":"closed","template":"","meta":[],"product_brand":[],"product_cat":[1224],"product_tag":[122,111,1225],"class_list":{"0":"post-93172","1":"product","2":"type-product","3":"status-publish","4":"has-post-thumbnail","6":"product_cat-ptz","7":"product_tag-camaras-ip-y-nvrs","8":"product_tag-ezviz","9":"product_tag-ptz","11":"first","12":"instock","13":"sale","14":"shipping-taxable","15":"purchasable","16":"product-type-simple"},"_links":{"self":[{"href":"https:\/\/soydeaqui.ddns.net\/pachuca\/index.php\/wp-json\/wp\/v2\/product\/93172","targetHints":{"allow":["GET"]}}],"collection":[{"href":"https:\/\/soydeaqui.ddns.net\/pachuca\/index.php\/wp-json\/wp\/v2\/product"}],"about":[{"href":"https:\/\/soydeaqui.ddns.net\/pachuca\/index.php\/wp-json\/wp\/v2\/types\/product"}],"replies":[{"embeddable":true,"href":"https:\/\/soydeaqui.ddns.net\/pachuca\/index.php\/wp-json\/wp\/v2\/comments?post=93172"}],"wp:featuredmedia":[{"embeddable":true,"href":"https:\/\/soydeaqui.ddns.net\/pachuca\/index.php\/wp-json\/wp\/v2\/media\/93171"}],"wp:attachment":[{"href":"https:\/\/soydeaqui.ddns.net\/pachuca\/index.php\/wp-json\/wp\/v2\/media?parent=93172"}],"wp:term":[{"taxonomy":"product_brand","embeddable":true,"href":"https:\/\/soydeaqui.ddns.net\/pachuca\/index.php\/wp-json\/wp\/v2\/product_brand?post=93172"},{"taxonomy":"product_cat","embeddable":true,"href":"https:\/\/soydeaqui.ddns.net\/pachuca\/index.php\/wp-json\/wp\/v2\/product_cat?post=93172"},{"taxonomy":"product_tag","embeddable":true,"href":"https:\/\/soydeaqui.ddns.net\/pachuca\/index.php\/wp-json\/wp\/v2\/product_tag?post=93172"}],"curies":[{"name":"wp","href":"https:\/\/api.w.org\/{rel}","templated":true}]}}