{"id":93153,"date":"2026-03-20T05:50:38","date_gmt":"2026-03-20T05:50:38","guid":{"rendered":"https:\/\/soydeaqui.ddns.net\/pachuca\/index.php\/producto\/switch-cnmatrix-ex2028-p-capa-3-de-28-puertos-24-poe-gigabit-802-3af-at-4-sfp-administracion-desde-la-nube-mx-ex2028pxb-u\/"},"modified":"2026-03-20T05:50:48","modified_gmt":"2026-03-20T05:50:48","slug":"switch-cnmatrix-ex2028-p-capa-3-de-28-puertos-24-poe-gigabit-802-3af-at-4-sfp-administracion-desde-la-nube-mx-ex2028pxb-u","status":"publish","type":"product","link":"https:\/\/soydeaqui.ddns.net\/pachuca\/index.php\/producto\/switch-cnmatrix-ex2028-p-capa-3-de-28-puertos-24-poe-gigabit-802-3af-at-4-sfp-administracion-desde-la-nube-mx-ex2028pxb-u\/","title":{"rendered":"Switch cnMatrix EX2028-P capa 3 de 28 puertos (24 PoE Gigabit 802.3af\/at, 4 SFP+) administraci\u00f3n desde la Nube (MX-EX2028PxB-U)"},"content":{"rendered":"<div style='width: 100%; max-width: 1200px; margin: 0 auto; font-family: sans-serif; line-height: 1.6; color: inherit; background-color: transparent;'> <!-- Logo --> <\/p>\n<div style='width: 100%; text-align: center; margin: 30px 0;'> <img style='width: auto; max-width: 300px; height: auto; border: 1px solid rgba(150&comma;150&comma;150&comma;0.3); border-radius: 8px;' src='http:\/\/ftp3.syscom.mx\/usuarios\/hortega\/Cambium\/cambium-networks-logo.png' alt=''> <\/div>\n<p> <!-- Texto introductorio --> <\/p>\n<div style='text-align: center; margin: 30px 0;'>\n<h3 style='font-size: 22px; border-bottom: 2px solid currentColor; padding-bottom: 5px; margin-top: 0; color: inherit; opacity: 0.8;'> Mejore el rendimiento de la red&comma; reduzca tiempo y costo de gesti\u00f3n&comma; administraci\u00f3n y aprovisionamiento&comma; haciendo m\u00e1s \u00e1gil la implementaci\u00f3n. <\/h3>\n<\/p><\/div>\n<p> <!-- Imagen principal --> <\/p>\n<div style='width: 100%; text-align: center; margin: 30px 0;'> <img style='width: 100%; max-width: 600px; height: auto; border: 1px solid rgba(150&comma;150&comma;150&comma;0.3); border-radius: 8px;' src='https:\/\/ftp3.syscom.mx\/usuarios\/dquezada\/Cambium\/cnMatrix\/switches%20cnmatrix.JPG' alt=''> <\/div>\n<p> <!-- Descripci\u00f3n general --> <\/p>\n<div style='text-align: center; margin: 30px 0;'>\n<p style='font-size: 15px; color: inherit;'> Los Switchs cnMatrix simplifican la implementaci\u00f3n y operaci\u00f3n de la red. Cuando se implementan con puntos de acceso WLAN cnPilot y el sistema de administraci\u00f3n cnMaestro Essentials o cnMaestro X&comma; los operadores de red tienen una red unificada de alta calidad con cable&comma; inal\u00e1mbrica&comma; y de alta calidad. CnMatrix de Cambium Networks mejora el rendimiento&comma; la seguridad y la satisfacci\u00f3n del usuario final al tiempo que reduce los costos. <\/p>\n<\/p><\/div>\n<p> <!-- Secci\u00f3n de caracter\u00edsticas con im\u00e1genes --> <\/p>\n<div style='display: flex; flex-wrap: wrap; gap: 30px; margin: 40px 0;'>\n<div style='flex: 1 1 400px; min-width: 300px;'> <img style='width: 100%; height: auto; border: 1px solid rgba(150&comma;150&comma;150&comma;0.3); border-radius: 8px;' src='data:image\/png;base64&comma;iVBORw0KGgoAAAANSUhEUgAAACoAAAA4CAYAAACL3WrLAAACNUlEQVRoBe2ZO0sDQRSF80v8A9rYqYUINooWVmvAIk1ABCHGRkHQoEUiSEStfEB8EoiFiIiIloGICNoEC7WQiIqFIoIBi4yckVl2kzXcWfdhwlwYJoGTvd+end0kcwKsRipQI5xMgTp9pWrb0fePIptfP2XayApr6Bj3ZKAXeqK3VVU4mr95ZG3BWU\/grExo6o0xMJRXBWhXeIFDNvbEWOboguUu7zwZ6NXan+C9AVvurAkUYpwlIAtPr+Un5fp7wKE3GNZ2s6Z+JtDY0gEXYfarkqkTzhCe2DQhmEC1yDIXQWynbu9fWDSeYcPTaXZ1XbBzCL7M4ChYjOUoaHd4kZ8oGrVoCWMf8mvcE66Cfha\/dEg0wnh4fiMDCqHroGg0OLmtwwajq6K31OwJKIjSh+dsa\/+MlUolKUAh9gxUNLQ71xdo+8AcX2OhsRTb2Mv5MsSzHCzGMj2emvtm9JtB3Ll+zfgaNZYlaGcoyYamdnwZWuTnFxtMM5YJ9K\/fTMYD231dXzeTclRiHahLL2EWSaocJdkkIVKOSphFkipHSTZJiJSjEmaRpMpRkk0SIuWohFkkqXKUZJOESDkqYRZJqhwJ9v81\/wX8A74jxJvD1ZU0AAAAAElFTkSuQmCC' alt=''> <\/p>\n<h4 style='font-size: 18px; margin-top: 15px; margin-bottom: 8px; color: inherit; opacity: 0.8; text-align: center;'> AUTOMATIZACI\u00d3N BASADA EN POL\u00cdTICAS <\/h4>\n<p style='font-size: 14px; color: inherit; text-align: center;'> Capacidad para perfilar dispositivos y configurar autom\u00e1ticamente el switch proporcionando una experiencia de zero-touch incluso al implementar&comma; desconectar o mover dispositivos de red <\/p>\n<\/p><\/div>\n<div style='flex: 1 1 400px; min-width: 300px;'> <img style='width: 100%; height: auto; border: 1px solid rgba(150&comma;150&comma;150&comma;0.3); border-radius: 8px;' src='data:image\/png;base64&comma;iVBORw0KGgoAAAANSUhEUgAAADQAAAA2CAYAAACIsLrgAAACK0lEQVRoBe2aMUsDMRTH\/SR+AR1c3RwEBR2c6irYxUnRRVCw4mAna9FFEYqCSzsoVFDpIljoIihCBxF1ENRJEAfHJ\/\/THGlykeOaa0J9gcflzrs0v\/d\/Lznb10Nd1nq6jIf+D9Dz6zutblcpM7dLvUOLXthotkgL+QphbqYWqVDz\/oX6x3NeQEQ5E3Mrn15FMmlAH59fIczgZD54sHH9QD7Y2WWTRqaLgaMBFaWUBrRRqgUPAAZwPjYBlduqatPTgDKzOwHQXqWu3ezLBSiFUMRc1WYEQoj52jA3kVvqHBlI9YiLcysKLW8ek0uTHWcNSMRtp48zKocwTbCFiDm1\/IFIf\/URq5y6KEAdDFIo1Tpq+MzUgVSvpHW+f9QInMhAsofjhJx8f5p9VijpopCmKvLYrBAr9LsPyWEh+ndPb9SOiXHko9OQk19HxC4e93hycStzhH3nQAMTa5TEvAQK3Wqx41QhixzhUAzEy\/Yfy3YYJxY7HHI2Qw770PBUIZF5uWx35cYKqKQWlXqcQzZzKMrD7V5jhVgh3ljbyyLOoaQ5BM91ylL\/Kjjuv9U270vtq2AM7MrkbJRfs+Tr6PMveKpHXJyzQkhoU6WGC0XUzxQ\/66NeQW1aDqGYAUCoq\/G1ifrj+fWyNkUNCOUmfWM\/dT6AOq83vakoadw8thRTxSqNATLCTUDZ3E9sjmVKCU0hoSHoIalPYJhLdumAUC1makYg0wO+X2cg3xX6BlUOJs9e2Lv4AAAAAElFTkSuQmCC' alt=''> <\/p>\n<h4 style='font-size: 18px; margin-top: 15px; margin-bottom: 8px; color: inherit; opacity: 0.8; text-align: center;'> SEGMENTACI\u00d3N AUTOM\u00c1TICA DE DISPOSITIVOS <\/h4>\n<p style='font-size: 14px; color: inherit; text-align: center;'> Proporciona un entorno seguro para los recursos cr\u00edticos de la red al colocar autom\u00e1ticamente los dispositivos en el segmento de red apropiado seg\u00fan su perfil <\/p>\n<\/p><\/div>\n<div style='flex: 1 1 400px; min-width: 300px;'> <img style='width: 100%; height: auto; border: 1px solid rgba(150&comma;150&comma;150&comma;0.3); border-radius: 8px;' src='data:image\/png;base64&comma;iVBORw0KGgoAAAANSUhEUgAAADcAAAAxCAYAAAB+gjFbAAADS0lEQVRoBe2av4pTQRTG90l8AX0BrSwCClqv9q61EhtBi1i5NopoowiaLTelhSvaubCNYppgYbRZWFMJEmSxGvkNfMv15sydG5JzSfAeGGbu\/Dvfd86ZmTCTjdCQjL4ehXtPX4fNm89jokydp2x4Tq65Xwz2w6nzt81Em5e4kzv4\/C2SOn2pFx6+fBf4JlGmDtJ8e4g7ubNXtiOBvQ+jGfy7bz7GtnNXH8y0LaPCldyv6XEEj3dSonBNtS9S70qODSMHXu0em4srOawu8HixLHU8Wx4zz7c7ua07O5EgW39Zuvd3Yxu5h7iTwzvaFdk4bm0PYqKMV2mzvLoMsu7kAMl6unDt8UmIKlSp81hrMkwj5KSM84xDm+R1tkkXeaPkioqbKLfkmrCyh47Wcx5WbWLORj33+\/hPGH45jImyt7ROTmdcS25B17aeW9CAJ8MJxZUNy263GzqdzkoksORkrrD8L8j1+\/2c0cz2ZYTlcDiMkePmuZac4bvWc4ZRilVuYTkej2Pk+Hg8L+qrrcZz6\/7+P4B\/AJZ3T1D1D7V4AAAAAElFTkSuQmCC' alt=''> <\/p>\n<h4 style='font-size: 18px; margin-top: 15px; margin-bottom: 8px; color: inherit; opacity: 0.8; text-align: center;'> AUTO POLICY Wipe <\/h4>\n<p style='font-size: 14px; color: inherit; text-align: center;'> Mejora la seguridad al eliminar autom\u00e1ticamente toda la configuraci\u00f3n din\u00e1mica asociada cuando un dispositivo se desconecta <\/p>\n<\/p><\/div>\n<div style='flex: 1 1 400px; min-width: 300px;'> <img style='width: 100%; height: auto; border: 1px solid rgba(150&comma;150&comma;150&comma;0.3); border-radius: 8px;' src='data:image\/png;base64&comma;iVBORw0KGgoAAAANSUhEUgAAADoAAAAuCAYAAAB5\/AqlAAADUUlEQVRoBe2YMWsVURCF80v8A\/oHtLKLoHW0N6kVbQQt0hkbJVgpgpIyKS0UtFOwEaxSiZWgnSBWlivfkxNmfXfmzl3cZMnbgWX37b137jlzZuYub61bEbvbEZ7dTPS0KT0rupKKPnz+pvv56\/couA\/FUk3dW\/f3uzMX73SXNndPnOj245cLLFv39pqxhESfHbxfOIYokTxpO\/z8rTt7eXuBCdIt5hL98OnLEcmNG09afI469\/W7wyNc+68+pvcqEqUez135G7nzV3cmU59iRXaRZWD8+v2HXof3IlE5whnpMkUjy8BHD8nYElGrZtZJZqOWOQT39s5BmEm2tDKqLhFVlyVakQMi2lIjLUSlVq3Tb97dS6u6RJSahGTU1dTm6YBjnK\/4XL++W8WB8mClVmvWI6qFLCY1SobKjHPRAbPGuihD\/vWTwcIaCVPD0iOqJoRSnim1s\/WLT3VwRf\/Ri7epTBAeUtQz4YkykLU9oqqNiITUzKij9NMae6f+amnPuNZ4c3Wugj2yIlEiWTI5JV1qJjXIDr6wZDQwfd1EAdV8BctrfOq+tTrtEVX0PKcCnwEoMpakwCtg7Fcz7ekFn\/XCHfkqEvUaUWZTNrMNy9tcgfD20jrtGdXgqSIaZdFoRKMuKCWkWKkMVFcA9JqM\/OjM\/q+pq8L3nArghWsPhMO9K+VoEvaMw4eOm0glORamUsCYI0wELbJejep48YjiSEpxoEeGUgIJCMiJIL8Zq6lpa92bq8bWdLxIhegbExUAunHzacRzMQY4zWeNLt55wK1TrY1KRakdNSt89hS1n13eBwEApapNSQuw9EyKcWUIst6mJM+eDfoExJlIeDXBHP3FQirWUtgDGL3Hp9I8UsoKE\/ljrKcoL5QuUfraebXaqAEojatX1OpYWLnXbImobQCRqjimprOpWANix\/EJ+Mi3xemVmfS5RJRBFXjmGLHOjvNZqmfUBFeRKJFUrUY1cpzE7F5kmjp4Rk2XKAPWWS2FLYixn203bsFVVFRgda6O1V21T\/Zuu3E2ZeU7JMok\/QHFeRU1Bzkc8666pBu3WpWoOuAY52UrWGEZEvAq0VYwU50\/E52qMkNxzYoOjdxU182KTlWZobhmRYdGbqrrVkbRP\/h4SrBiNsJHAAAAAElFTkSuQmCC' alt=''> <\/p>\n<h4 style='font-size: 18px; margin-top: 15px; margin-bottom: 8px; color: inherit; opacity: 0.8; text-align: center;'> AWARE INAL\u00c1MBRICO <\/h4>\n<p style='font-size: 14px; color: inherit; text-align: center;'> Permite la automatizaci\u00f3n de pol\u00edticas&comma; la supervisi\u00f3n sencilla y la resoluci\u00f3n de problemas de la red unificada por cable \/ inal\u00e1mbrica <\/p>\n<\/p><\/div>\n<div style='flex: 1 1 400px; min-width: 300px;'> <img style='width: 100%; height: auto; border: 1px solid rgba(150&comma;150&comma;150&comma;0.3); border-radius: 8px;' src='data:image\/png;base64&comma;iVBORw0KGgoAAAANSUhEUgAAAD0AAAA0CAYAAAA5bTAhAAACoElEQVRoBe2ZQUtbQRDH\/ST9Cr30UG+9FHoTK6Q3i6AnBUsLKm0PUlqSU6gIilIq5JgcehBJQLxIQQ9CCSgUxF4KXgSheEjpZeX\/cB\/j9M3uBl5e9m12YHnzcmOb\/c3MbvL2jakRlLERZFaFQtd39lXl1baxnZ1fDjwPhUKPv6ipB09WjK3ZPgkLOovmz01PPZtdSwNR2+5kmeX6WaGZ5jOnwNNLXxPw6labm+V+PzRoCvy62lTH3V9hQ3NgpNIEjaDYNkD0v6m1nKqi8ExnAdugbZsf7XehLhRaAnaBrixuGXnQD3gXKQzaBBwktA04OGgXYEB3f\/5OynOtcfBfhaJsS9PersCa8ur6Rqv3rqWB7hf4HiW7KQV0nsDg9x46b2DvoQcB7DW0Dfjox4XTX8m59w2Fsah4Wd42YADgAAGTd2kIEBXvoF2AKTQHonA6MNzGK2hX4GCg+wEOBnr2XSNZn3jWdRGpdKmvZONNeeMAb3V9l87ZqEtA1Emy8QaaTtZFl4Cor2QzVGisYxzJ2I5u8FvLd2AJyHtogCDqLg2QVEoPjc0LAUhqX1rfk6AEB82BaEZ1NXCb0meaA0Xout+\/8Q2Fs5D0v17AAAAAElFTkSuQmCC' alt=''> <\/p>\n<h4 style='font-size: 18px; margin-top: 15px; margin-bottom: 8px; color: inherit; opacity: 0.8; text-align: center;'> SUPERVIVENCIA DEL SITIO <\/h4>\n<p style='font-size: 14px; color: inherit; text-align: center;'> Operaci\u00f3n ininterrumpida incluso cuando se pierde la conectividad a la nube <\/p>\n<\/p><\/div>\n<div style='flex: 1 1 400px; min-width: 300px;'> <img style='width: 100%; height: auto; border: 1px solid rgba(150&comma;150&comma;150&comma;0.3); border-radius: 8px;' src='data:image\/png;base64&comma;iVBORw0KGgoAAAANSUhEUgAAAD4AAAAuCAYAAABwF6rfAAAFNklEQVRoBe1a\/2uXRRz3L6l+isgw\/CWoH8QktFBikGlWRPgFwWiJ+kO6XMv8ysi5lsN0YbMmuUm6jcytnLMJc6ZsKRt+Sa0FrrVYbtPpVHjL69ZrnLfnnnvuns8Dszx4uG\/vu\/f7de\/Xve\/us02S\/2maFIp7YOim1Bw+LSs31wjKD1ryBn64pVOWfLBHHpn+\/thXUXP8QcMt3sDnvfe5ArxiU7VgEZ6dv1leXFz63wdeVFavgHdevKrAsv5HT3\/m4Hv6BqTpxDn5trFdGlo65VJ3X7BOb48DMGgOwEisZ0n3Q8fOyrzlO8e2lr7NZi7cJpUHW70XwBs4NIDez722ZUxZlnRftWW\/Any4pVOKP22UaW8Wq\/4FK3ZJ3\/0H1hi4je6M9oYer+rCNZUy5eV1XmMoDJY88+omVq15MHDMGEV3PdpbtTo6Xni7RPKWlTukortXb6tVXr81cida4N\/WVMCzovuMtz6RV97dEWu4rZMnzvBN+ymAsamAm3Q36zbjXO1vrEpG16h5sE2eTrBNUgGHYtAdlwsmk\/5s98m37v5B0bW9q9tnmIzcviOPz1oriwv2OMelBk6648GCxHqa6H7ht14FPH\/9N04AusD2qmY1rvZIh94cWU4NnPTGaw2J9bTRfc3WAQrE3vq2SMPNxtaOy0p+bn6y2JAaOAzIgu4jt+\/KnKVlCsyu6hYT5311PGKeeKlQnpz9oXT92nNfn62SE+DV359SBuaS7jAYj465+aPv\/7x3yqWqrk0u\/t4r1waHpftqv9Q1\/SKLCkZ\/FMFD6eSZKzac49qDges\/N6GMW1yu6U5ry75qkql5Hysd+pMU5cdmrJbC0lq5NpTsccI5g4AjgCGS6+ARSc3ortepME3e3HZeyvc2y8Ydh6S08oh8d+ysDN24FTRlEHDQCp+ebHQn\/XXZiVD2Bk6AyPVkozvpr8uGllvbLwmeq1EforrOQJcOb+BR3qYSk+74YTIXdAdgvAHM\/W3WoSspw7yA27xN4OyncrNOOZ+cc0yeXSQoR12M0AadcAoWAzHIlbyAx3kbikh3XhlZD6U7HxwYn4TGkCHLcJGKS4mBc+WRxyWAxqrTUEP6cWN1D3iQ8wCIT+LN0bXYiYHD26AbAdmMMReIddLfNk7vDfHwD87o4yE5g3lyAAAAAElFTkSuQmCC' alt=''> <\/p>\n<h4 style='font-size: 18px; margin-top: 15px; margin-bottom: 8px; color: inherit; opacity: 0.8; text-align: center;'> GESTI\u00d3N DE LA NUBE <\/h4>\n<p style='font-size: 14px; color: inherit; text-align: center;'> La plataforma de gesti\u00f3n gratuita basada en la nube de cnMaestro proporciona una rica gesti\u00f3n del ciclo de vida&comma; configuraci\u00f3n y control&comma; y servicios de seguridad; que tambi\u00e9n puede estar disponible con opciones de implementaci\u00f3n en las instalaciones <\/p>\n<\/p><\/div>\n<\/p><\/div>\n<p> <!-- Secci\u00f3n de especificaciones --> <\/p>\n<div style='width: 100%; margin: 40px 0;'>\n<h3 style='font-size: 22px; border-bottom: 2px solid currentColor; padding-bottom: 5px; margin-top: 0; color: inherit; opacity: 0.8;'> Caracter\u00edsticas Generales <\/h3>\n<div style='display: flex; flex-wrap: wrap; gap: 20px; margin-top: 20px;'>\n<div style='flex: 1 1 300px; min-width: 250px; border: 1px solid rgba(150&comma;150&comma;150&comma;0.4); border-radius: 8px; overflow: hidden;'>\n<div style='padding: 15px; border-bottom: 1px solid rgba(150&comma;150&comma;150&comma;0.2); font-weight: bold; font-size: 16px; color: inherit;'>Especificaciones<\/div>\n<div style='padding: 15px; color: inherit;'>\n<ul style='padding-left: 20px; margin: 0; font-size: 14px; list-style-type: disc;'>\n<li style='margin-bottom: 5px;'><strong>Rendimiento:<\/strong> 128 Gbps<\/li>\n<li style='margin-bottom: 5px;'><strong>Tipo de PoE:<\/strong> 24 Puertos PoE 802.3af\/at<\/li>\n<li style='margin-bottom: 5px;'><strong>Puertos UpLink:<\/strong> 4 Puertos SFP+ (10 Gbps)<\/li>\n<li style='margin-bottom: 5px;'><strong>Almacenamiento Flash:<\/strong> 128 Mbps<\/li>\n<li style='margin-bottom: 5px;'><strong>Automatizaci\u00f3n basada en pol\u00edticas:<\/strong> S\u00ed<\/li>\n<li style='margin-bottom: 5px;'><strong>Calidad de servicio:<\/strong> Asignaci\u00f3n de ACL y marcado de ToS\/DSCP (QoS)<\/li>\n<li style='margin-bottom: 5px;'><strong>Seguridad:<\/strong> Autenticaci\u00f3n 802.1x&comma; DHCP Snooping&comma; Radius \/ Tacacs+<\/li>\n<li style='margin-bottom: 5px;'><strong>Administraci\u00f3n:<\/strong> cnMaestro (Nube \/ On-Premises)&comma; CLI&comma; WEB<\/li>\n<li style='margin-bottom: 5px;'><strong>Gesti\u00f3n desde la nube cnMaestro:<\/strong> S\u00ed<\/li>\n<li style='margin-bottom: 5px;'><strong>Capa:<\/strong> Capa 2 y Capa 3<\/li>\n<li style='margin-bottom: 5px;'><strong>Temperatura de operaci\u00f3n:<\/strong> -30\u00baC a 60\u00baC<\/li>\n<\/ul><\/div>\n<\/p><\/div>\n<div style='flex: 1 1 300px; min-width: 250px; border: 1px solid rgba(150&comma;150&comma;150&comma;0.4); border-radius: 8px; overflow: hidden;'>\n<div style='padding: 15px; border-bottom: 1px solid rgba(150&comma;150&comma;150&comma;0.2); font-weight: bold; font-size: 16px; color: inherit;'>Informaci\u00f3n adicional<\/div>\n<div style='padding: 15px; color: inherit;'>\n<ul style='padding-left: 20px; margin: 0; font-size: 14px; list-style-type: disc;'>\n<li style='margin-bottom: 5px;'><strong>Garant\u00eda:<\/strong> 5 a\u00f1os<\/li>\n<li style='margin-bottom: 5px;'><strong>Accesorios:<\/strong> Necesita accesorios AC-CORD-1.8M y MX-EXTXFULLA-1<\/li>\n<\/ul><\/div>\n<\/p><\/div>\n<\/p><\/div>\n<\/p><\/div>\n<p> <!-- Separador --> <\/p>\n<hr style='border: 0; border-top: 1px solid rgba(150&comma;150&comma;150&comma;0.3); margin: 30px 0;'> <\/div>\n","protected":false},"excerpt":{"rendered":"<p>Switch cnMatrix EX2028-P capa 3 de 28 puertos (24 PoE Gigabit 802.3af\/at, 4 SFP+) administraci\u00f3n desde la Nube (MX-EX2028PxB-U)<\/p>\n","protected":false},"featured_media":93152,"comment_status":"open","ping_status":"closed","template":"","meta":[],"product_brand":[],"product_cat":[1986],"product_tag":[1316,664,1987],"class_list":{"0":"post-93153","1":"product","2":"type-product","3":"status-publish","4":"has-post-thumbnail","6":"product_cat-switches-poe","7":"product_tag-cambium-networks","8":"product_tag-networking","9":"product_tag-switches-poe","11":"first","12":"instock","13":"sale","14":"shipping-taxable","15":"purchasable","16":"product-type-simple"},"_links":{"self":[{"href":"https:\/\/soydeaqui.ddns.net\/pachuca\/index.php\/wp-json\/wp\/v2\/product\/93153","targetHints":{"allow":["GET"]}}],"collection":[{"href":"https:\/\/soydeaqui.ddns.net\/pachuca\/index.php\/wp-json\/wp\/v2\/product"}],"about":[{"href":"https:\/\/soydeaqui.ddns.net\/pachuca\/index.php\/wp-json\/wp\/v2\/types\/product"}],"replies":[{"embeddable":true,"href":"https:\/\/soydeaqui.ddns.net\/pachuca\/index.php\/wp-json\/wp\/v2\/comments?post=93153"}],"wp:featuredmedia":[{"embeddable":true,"href":"https:\/\/soydeaqui.ddns.net\/pachuca\/index.php\/wp-json\/wp\/v2\/media\/93152"}],"wp:attachment":[{"href":"https:\/\/soydeaqui.ddns.net\/pachuca\/index.php\/wp-json\/wp\/v2\/media?parent=93153"}],"wp:term":[{"taxonomy":"product_brand","embeddable":true,"href":"https:\/\/soydeaqui.ddns.net\/pachuca\/index.php\/wp-json\/wp\/v2\/product_brand?post=93153"},{"taxonomy":"product_cat","embeddable":true,"href":"https:\/\/soydeaqui.ddns.net\/pachuca\/index.php\/wp-json\/wp\/v2\/product_cat?post=93153"},{"taxonomy":"product_tag","embeddable":true,"href":"https:\/\/soydeaqui.ddns.net\/pachuca\/index.php\/wp-json\/wp\/v2\/product_tag?post=93153"}],"curies":[{"name":"wp","href":"https:\/\/api.w.org\/{rel}","templated":true}]}}