{"id":93106,"date":"2026-03-20T05:48:39","date_gmt":"2026-03-20T05:48:39","guid":{"rendered":"https:\/\/soydeaqui.ddns.net\/pachuca\/index.php\/producto\/camara-pt-3-megapixel-lente-4-mm-vision-nocturna-a-color-4g-multicarrier-giro-360-audio-de-dos-vias-preset-seguimiento-inteligente-deteccion-humana\/"},"modified":"2026-03-20T05:48:51","modified_gmt":"2026-03-20T05:48:51","slug":"camara-pt-3-megapixel-lente-4-mm-vision-nocturna-a-color-4g-multicarrier-giro-360-audio-de-dos-vias-preset-seguimiento-inteligente-deteccion-humana","status":"publish","type":"product","link":"https:\/\/soydeaqui.ddns.net\/pachuca\/index.php\/producto\/camara-pt-3-megapixel-lente-4-mm-vision-nocturna-a-color-4g-multicarrier-giro-360-audio-de-dos-vias-preset-seguimiento-inteligente-deteccion-humana\/","title":{"rendered":"C\u00e1mara PT \/ 3 Megapixel \/ Lente 4 mm \/ Visi\u00f3n Nocturna a Color \/ 4G Multicarrier \/ Giro 360\u00b0 \/ Audio de Dos V\u00edas \/ Preset \/ Seguimiento inteligente \/ Detecci\u00f3n Humana"},"content":{"rendered":"<div style='width: 100%; max-width: 1200px; margin: 0 auto; font-family: sans-serif; line-height: 1.6; color: inherit; background-color: transparent;'> <!-- Banner promocional --> <\/p>\n<div style='width: 100%; margin-bottom: 30px;'> <a href='#link' target='_blank' rel='noopener' style='text-decoration: none; display: block;'> <img style='width: 100%; height: auto; border: 1px solid rgba(150&comma;150&comma;150&comma;0.3); border-radius: 8px;' src='https:\/\/ftp3.syscom.mx\/usuarios\/rcovarrubias\/EZVIZ\/Bannerspag\/Banner%204G%20ezviz.jpg' alt='Banner promocional'> <\/a> <\/div>\n<p> <!-- Secci\u00f3n de caracter\u00edsticas --> <\/p>\n<div style='display: flex; flex-wrap: wrap; gap: 30px; margin-bottom: 30px;'>\n<div style='flex: 1 1 300px; min-width: 280px;'>\n<h3 style='font-size: 22px; border-bottom: 2px solid currentColor; padding-bottom: 5px; margin-top: 0; color: inherit; opacity: 0.8;'>Caracter\u00edsticas principales<\/h3>\n<ul style='padding-left: 20px; font-size: 15px; color: inherit;'>\n<li style='margin-bottom: 5px;'>Resoluci\u00f3n: 2K (2304 \u00d7 1296)<\/li>\n<li style='margin-bottom: 5px;'>Lente: 4 mm<\/li>\n<li style='margin-bottom: 5px;'>Movimiento panor\u00e1mico 350\u00b0&comma; inclinaci\u00f3n: 80\u00b0<\/li>\n<li style='margin-bottom: 5px;'>\u00c1ngulo de visi\u00f3n 86\u00b0 Horizontal&comma; 102\u00b0 diagonal<\/li>\n<li style='margin-bottom: 5px;'>Autoseguimiento inteligente<\/li>\n<li style='margin-bottom: 5px;'>Micr\u00f3fono y bocina interconstruida (audio de dos v\u00edas)<\/li>\n<li style='margin-bottom: 5px;'>WDR \/ 3D-DNR<\/li>\n<li style='margin-bottom: 5px;'>IR 30m<\/li>\n<li style='margin-bottom: 5px;'>Visi\u00f3n nocturna a color<\/li>\n<li style='margin-bottom: 5px;'>Soporta tarjetas microSD (hasta 512 GB)<\/li>\n<li style='margin-bottom: 5px;'>Puerto Ethernet RJ45<\/li>\n<li style='margin-bottom: 5px;'>Detecci\u00f3n humana<\/li>\n<li style='margin-bottom: 5px;'>Detecci\u00f3n de veh\u00edculo<\/li>\n<li style='margin-bottom: 5px;'><strong>Preset: Hasta 12 posicionamientos&comma; se llaman manualmente no autom\u00e1ticos<\/strong><\/li>\n<\/ul><\/div>\n<div style='flex: 1 1 300px; min-width: 280px;'>\n<h3 style='font-size: 22px; border-bottom: 2px solid currentColor; padding-bottom: 5px; margin-top: 0; color: inherit; opacity: 0.8;'>Caracter\u00edsticas F\u00edsicas y El\u00e9ctricas<\/h3>\n<ul style='padding-left: 20px; font-size: 15px; color: inherit;'>\n<li style='margin-bottom: 5px;'>Alimentaci\u00f3n: 12Vcc&comma; 1A&comma; Max 6W&comma; Fuente incluida<\/li>\n<li style='margin-bottom: 5px;'>Dimensiones: 100 x 136 x 140 mm<\/li>\n<li style='margin-bottom: 5px;'>Peso: 513.8g<\/li>\n<li style='margin-bottom: 5px;'>Temperatura de operaci\u00f3n: \u221230 \u00b0C a 50 \u00b0C y humedad del 95 % o inferior<\/li>\n<li style='margin-bottom: 5px;'>Protecci\u00f3n IP65<\/li>\n<li style='margin-bottom: 5px; color: inherit;'>3 A\u00f1os de garant\u00eda<\/li>\n<\/ul><\/div>\n<div style='flex: 1 1 300px; min-width: 280px;'>\n<h3 style='font-size: 22px; border-bottom: 2px solid currentColor; padding-bottom: 5px; margin-top: 0; color: inherit; opacity: 0.8;'>Caracter\u00edsticas Destacadas<\/h3>\n<ul style='padding-left: 20px; font-size: 15px; color: inherit;'>\n<li style='margin-bottom: 5px;'>Soporta grabaci\u00f3n en nube de EZVIZ (el cobro se realiza directo en la aplicaci\u00f3n EZVIZ)<\/li>\n<li style='margin-bottom: 5px;'>Para grabaci\u00f3n en la nube contamos con dos opciones:<\/li>\n<li style='margin-bottom: 5px; padding-left: 20px;'>\u2022 <a href='https:\/\/www.syscom.mx\/producto\/EZ-CLOUD-7A-EZVIZ-207807.html' target='_blank' rel='noopener noreferrer' style='color: #d35400; text-decoration: underline;'>EZ-CLOUD\/7A<\/a> para 7 d\u00edas de almacenamiento durante un a\u00f1o<\/li>\n<li style='margin-bottom: 5px; padding-left: 20px;'>\u2022 <a href='https:\/\/www.syscom.mx\/producto\/EZ-CLOUD-30A-EZVIZ-207809.html' target='_blank' rel='noopener noreferrer' style='color: #d35400; text-decoration: underline;'>EZ-CLOUD\/30A<\/a> para 30 d\u00edas de almacenamiento durante un a\u00f1o<\/li>\n<li style='margin-bottom: 5px;'>Opci\u00f3n 2: Suscribirse directamente App EZVIZ<\/li>\n<\/ul>\n<h4 style='color: #e74c3c; margin-top: 20px; margin-bottom: 10px; font-size: 16px;'>Notas:<\/h4>\n<ul style='padding-left: 20px; font-size: 15px; color: inherit;'>\n<li style='margin-bottom: 5px;'><strong><span style='color: #e74c3c;'>Configuraci\u00f3n \u00fanicamente mediante aplicaci\u00f3n EZVIZ<\/span><\/strong><\/li>\n<li style='margin-bottom: 5px;'><strong><span style='color: #3598db;'>Compatible con Alexa&comma; Google Home y IFTTT<\/span><\/strong><\/li>\n<\/ul><\/div>\n<\/p><\/div>\n<p> <!-- Separador --> <\/p>\n<hr style='border: 0; border-top: 1px solid rgba(150&comma; 150&comma; 150&comma; 0.3); margin: 30px 0;'> <!-- Galer\u00eda de im\u00e1genes --> <\/p>\n<div style='display: flex; flex-wrap: wrap; gap: 20px; margin-bottom: 30px;'>\n<div style='flex: 1 1 300px; min-width: 280px;'> <img style='width: 100%; height: auto; border: 1px solid rgba(150&comma;150&comma;150&comma;0.3); border-radius: 8px;' src='https:\/\/ftp3.syscom.mx\/usuarios\/rcovarrubias\/EZVIZ\/Manual%20esp-ing\/CSH8-3MP-%204G\/h8c4g1.png' alt=''> <\/div>\n<div style='flex: 1 1 300px; min-width: 280px;'> <img style='width: 100%; height: auto; border: 1px solid rgba(150&comma;150&comma;150&comma;0.3); border-radius: 8px;' src='https:\/\/ftp3.syscom.mx\/usuarios\/rcovarrubias\/EZVIZ\/Manual%20esp-ing\/CSH8-3MP-%204G\/h8c4g2.png' alt=''> <\/div>\n<div style='flex: 1 1 300px; min-width: 280px;'> <img style='width: 100%; height: auto; border: 1px solid rgba(150&comma;150&comma;150&comma;0.3); border-radius: 8px;' src='https:\/\/ftp3.syscom.mx\/usuarios\/rcovarrubias\/EZVIZ\/Manual%20esp-ing\/CSH8-3MP-%204G\/h8c4g3.png' alt=''> <\/div>\n<div style='flex: 1 1 300px; min-width: 280px;'> <img style='width: 100%; height: auto; border: 1px solid rgba(150&comma;150&comma;150&comma;0.3); border-radius: 8px;' src='https:\/\/ftp3.syscom.mx\/usuarios\/rcovarrubias\/EZVIZ\/Manual%20esp-ing\/CSH8-3MP-%204G\/h8c4g4.png' alt=''> <\/div>\n<div style='flex: 1 1 300px; min-width: 280px;'> <img style='width: 100%; height: auto; border: 1px solid rgba(150&comma;150&comma;150&comma;0.3); border-radius: 8px;' src='https:\/\/ftp3.syscom.mx\/usuarios\/rcovarrubias\/EZVIZ\/Manual%20esp-ing\/CSH8-3MP-%204G\/h8c4g5.png' alt=''> <\/div>\n<\/p><\/div>\n<\/p><\/div>\n","protected":false},"excerpt":{"rendered":"<p>C\u00e1mara PT \/ 3 Megapixel \/ Lente 4 mm \/ Visi\u00f3n Nocturna a Color \/ 4G Multicarrier \/ Giro 360\u00b0 \/ Audio de Dos V\u00edas \/ Preset \/ Seguimiento inteligente \/ Detecci\u00f3n Humana<\/p>\n","protected":false},"featured_media":93105,"comment_status":"open","ping_status":"closed","template":"","meta":[],"product_brand":[],"product_cat":[1224],"product_tag":[122,111,1225],"class_list":{"0":"post-93106","1":"product","2":"type-product","3":"status-publish","4":"has-post-thumbnail","6":"product_cat-ptz","7":"product_tag-camaras-ip-y-nvrs","8":"product_tag-ezviz","9":"product_tag-ptz","11":"first","12":"instock","13":"sale","14":"shipping-taxable","15":"purchasable","16":"product-type-simple"},"_links":{"self":[{"href":"https:\/\/soydeaqui.ddns.net\/pachuca\/index.php\/wp-json\/wp\/v2\/product\/93106","targetHints":{"allow":["GET"]}}],"collection":[{"href":"https:\/\/soydeaqui.ddns.net\/pachuca\/index.php\/wp-json\/wp\/v2\/product"}],"about":[{"href":"https:\/\/soydeaqui.ddns.net\/pachuca\/index.php\/wp-json\/wp\/v2\/types\/product"}],"replies":[{"embeddable":true,"href":"https:\/\/soydeaqui.ddns.net\/pachuca\/index.php\/wp-json\/wp\/v2\/comments?post=93106"}],"wp:featuredmedia":[{"embeddable":true,"href":"https:\/\/soydeaqui.ddns.net\/pachuca\/index.php\/wp-json\/wp\/v2\/media\/93105"}],"wp:attachment":[{"href":"https:\/\/soydeaqui.ddns.net\/pachuca\/index.php\/wp-json\/wp\/v2\/media?parent=93106"}],"wp:term":[{"taxonomy":"product_brand","embeddable":true,"href":"https:\/\/soydeaqui.ddns.net\/pachuca\/index.php\/wp-json\/wp\/v2\/product_brand?post=93106"},{"taxonomy":"product_cat","embeddable":true,"href":"https:\/\/soydeaqui.ddns.net\/pachuca\/index.php\/wp-json\/wp\/v2\/product_cat?post=93106"},{"taxonomy":"product_tag","embeddable":true,"href":"https:\/\/soydeaqui.ddns.net\/pachuca\/index.php\/wp-json\/wp\/v2\/product_tag?post=93106"}],"curies":[{"name":"wp","href":"https:\/\/api.w.org\/{rel}","templated":true}]}}