{"id":93011,"date":"2026-03-20T05:44:37","date_gmt":"2026-03-20T05:44:37","guid":{"rendered":"https:\/\/soydeaqui.ddns.net\/pachuca\/index.php\/producto\/usw-ultra-switch-de-8-puertos-gbe-7-puertos-poe-y-1-puerto-entrada-poe-con-opciones-de-montaje-versatiles\/"},"modified":"2026-03-20T05:44:49","modified_gmt":"2026-03-20T05:44:49","slug":"usw-ultra-switch-de-8-puertos-gbe-7-puertos-poe-y-1-puerto-entrada-poe-con-opciones-de-montaje-versatiles","status":"publish","type":"product","link":"https:\/\/soydeaqui.ddns.net\/pachuca\/index.php\/producto\/usw-ultra-switch-de-8-puertos-gbe-7-puertos-poe-y-1-puerto-entrada-poe-con-opciones-de-montaje-versatiles\/","title":{"rendered":"USW Ultra Switch de 8 Puertos GbE (7 Puertos PoE+ y 1 Puerto Entrada PoE++) con Opciones de Montaje Vers\u00e1tiles"},"content":{"rendered":"<div style='width: 100%; max-width: 1200px; margin: 0 auto; font-family: sans-serif; line-height: 1.6; color: inherit; background-color: transparent;'> <!-- Hero section --> <\/p>\n<div style='display: flex; flex-wrap: wrap; gap: 30px; align-items: center; border: 1px solid rgba(150&comma;150&comma;150&comma;0.3); border-radius: 12px; padding: 20px; margin-bottom: 30px;'>\n<div style='flex: 1 1 320px; min-width: 280px;'> <!-- Video con fallback a imagen --> <\/p>\n<div style='position: relative; padding-bottom: 56.25%; height: 0; overflow: hidden; margin-bottom: 20px;'> <video style='position: absolute; top: 0; left: 0; width: 100%; height: 100%; border: 1px solid rgba(150&comma;150&comma;150&comma;0.3); border-radius: 8px;' autoplay muted loop playsinline><source src='https:\/\/ftp3.syscom.mx\/usuarios\/adiaz\/Ubiquiti\/Imagenes\/USWULTRA\/ULTRA210Wloop.mp4' type='video\/mp4'><img src='https:\/\/ftp3.syscom.mx\/usuarios\/adiaz\/Ubiquiti\/Imagenes\/USWULTRA\/fallback.png' alt='Ubiquiti USW-Ultra' style='width: 100%; height: auto; border: 1px solid rgba(150&comma;150&comma;150&comma;0.3); border-radius: 8px;'><\/video> <\/div>\n<\/p><\/div>\n<div style='flex: 1 1 360px; min-width: 280px;'>\n<h2 style='font-size: 28px; margin: 0 0 10px; color: inherit;'>USW Ultra<\/h2>\n<div style='margin: 0 0 15px; font-weight: 600; color: inherit; opacity: 0.85;'>Modelo: <span style='font-weight: 700; opacity: 1; color: inherit;'>USW-Ultra<\/span><\/div>\n<p style='margin: 0; color: inherit;'>Switch PoE <strong>Capa 2<\/strong> con 8 Puertos GbE con Opciones de Montaje Vers\u00e1tiles.<\/p>\n<\/p><\/div>\n<\/p><\/div>\n<p> <!-- T\u00edtulo Especificaciones --> <\/p>\n<div style='text-align: center; margin: 40px 0 20px;'> <span style='font-size: 1.8rem; font-weight: 700; color: inherit; display: inline-block; border-bottom: 2px solid rgba(150&comma;150&comma;150&comma;0.3); padding-bottom: 8px;'>Especificaciones<\/span> <\/div>\n<p> <!-- Grid de tarjetas --> <\/p>\n<div style='display: flex; flex-wrap: wrap; gap: 20px; margin-bottom: 40px;'> <!-- Card: Caracter\u00edsticas principales --> <\/p>\n<div style='flex: 1 1 250px; border: 1px solid rgba(150&comma;150&comma;150&comma;0.3); border-radius: 8px; overflow: hidden; display: flex; flex-direction: column;'>\n<div style='padding: 15px; border-bottom: 1px solid rgba(150&comma;150&comma;150&comma;0.2); font-weight: bold; font-size: 18px; color: inherit;'>Caracter\u00edsticas principales<\/div>\n<div style='padding: 15px; color: inherit;'>\n<ul style='padding-left: 20px; margin: 0; font-size: 14px; list-style-type: disc;'>\n<li style='margin-bottom: 8px;'><strong>7<\/strong> puertos de salida <strong>PoE+<\/strong><\/li>\n<li style='margin-bottom: 8px;'><strong>1<\/strong> Puerto <strong>GbE<\/strong> con entrada PoE++ opcional*<\/li>\n<li style='margin-bottom: 8px;'>Disponibilidad de PoE de <strong>42 W<\/strong> con inyector <strong>PoE++<\/strong> \u00f3 <strong>16W<\/strong> con inyector <strong>PoE+<\/strong><\/li>\n<li style='margin-bottom: 8px;'>*La entrada PoE es compatible con el funcionamiento del Switch&comma; con entrada PoE+\/PoE++ o alimentaci\u00f3n de CA requerida para la salida PoE.<\/li>\n<\/ul><\/div>\n<\/p><\/div>\n<p> <!-- Card: F\u00edsicas y el\u00e9ctricas --> <\/p>\n<div style='flex: 1 1 250px; border: 1px solid rgba(150&comma;150&comma;150&comma;0.3); border-radius: 8px; overflow: hidden; display: flex; flex-direction: column;'>\n<div style='padding: 15px; border-bottom: 1px solid rgba(150&comma;150&comma;150&comma;0.2); font-weight: bold; font-size: 18px; color: inherit;'>Caracter\u00edsticas f\u00edsicas y el\u00e9ctricas<\/div>\n<div style='padding: 15px; color: inherit;'>\n<ul style='padding-left: 20px; margin: 0; font-size: 14px; list-style-type: disc;'>\n<li style='margin-bottom: 8px;'><strong>Dimensiones:<\/strong> 203 x 76 x 33 mm (8 x 3 x 1.3&#8242;)<\/li>\n<li style='margin-bottom: 8px;'><strong>Peso:<\/strong> 320 g (11.3 oz)<\/li>\n<li style='margin-bottom: 8px;'><strong>Material de la carcasa:<\/strong> Policarbonato<\/li>\n<li style='margin-bottom: 8px;'><strong>Puertos:<\/strong> 8 Puertos (7 PoE+; 1 Entrada PoE++) de 1G\/100M\/10M<\/li>\n<li style='margin-bottom: 8px;'>Disponibilidad PoE: <strong>Entrada PoE 60 W<\/strong>: <em>42W<\/em>; <strong>Entrada PoE 30 W<\/strong>: <em>16W<\/em>; <strong>Entrada CA 60W<\/strong>: <em>52W<\/em>; <strong>Entrada Adaptador ca\/cc 210W<\/strong>: <em>202W<\/em><\/li>\n<li style='margin-bottom: 8px;'><strong>Alimentaci\u00f3n:<\/strong> (1) Adaptador ca\/cc (<strong>No incluido<\/strong>) \u00f3 (1) PoE++<\/li>\n<li style='margin-bottom: 8px;'><strong>Temperatura de operaci\u00f3n:<\/strong> \u221220 a 45 \u00b0C (\u22124 a 113 \u00b0F)<\/li>\n<li style='margin-bottom: 8px;'><strong>Humedad de operaci\u00f3n:<\/strong> 10\u201390% sin condensaci\u00f3n<\/li>\n<\/ul><\/div>\n<\/p><\/div>\n<p> <!-- Card: Rendimiento --> <\/p>\n<div style='flex: 1 1 250px; border: 1px solid rgba(150&comma;150&comma;150&comma;0.3); border-radius: 8px; overflow: hidden; display: flex; flex-direction: column;'>\n<div style='padding: 15px; border-bottom: 1px solid rgba(150&comma;150&comma;150&comma;0.2); font-weight: bold; font-size: 18px; color: inherit;'>Rendimiento<\/div>\n<div style='padding: 15px; color: inherit;'>\n<ul style='padding-left: 20px; margin: 0; font-size: 14px; list-style-type: disc;'>\n<li style='margin-bottom: 8px;'><strong>Capacidad de Switching:<\/strong> 16 Gbps<\/li>\n<li style='margin-bottom: 8px;'><strong>Throughput Non-Blocking:<\/strong> 8 Gbps<\/li>\n<li style='margin-bottom: 8px;'><strong>Forwarding Rate:<\/strong> 12 Mpps<\/li>\n<li style='margin-bottom: 8px;'><strong>VLANs soportadas:<\/strong> 256<\/li>\n<li style='margin-bottom: 8px;'><strong>Tabla de MAC Address:<\/strong> 4&comma;000<\/li>\n<\/ul><\/div>\n<\/p><\/div>\n<p> <!-- Card: Caracter\u00edsticas Capa 2 --> <\/p>\n<div style='flex: 1 1 250px; border: 1px solid rgba(150&comma;150&comma;150&comma;0.3); border-radius: 8px; overflow: hidden; display: flex; flex-direction: column;'>\n<div style='padding: 15px; border-bottom: 1px solid rgba(150&comma;150&comma;150&comma;0.2); font-weight: bold; font-size: 18px; color: inherit;'>Caracter\u00edsticas Capa 2<\/div>\n<div style='padding: 15px; color: inherit;'>\n<ul style='padding-left: 20px; margin: 0; font-size: 14px; list-style-type: disc;'>\n<li style='margin-bottom: 8px;'>STP &#038; RSTP<\/li>\n<li style='margin-bottom: 8px;'>Egress Rate Limit<\/li>\n<li style='margin-bottom: 8px;'>Flow Control<\/li>\n<li style='margin-bottom: 8px;'>Storm Control<\/li>\n<li style='margin-bottom: 8px;'>Multicast &#038; Broadcast Rate Limiting<\/li>\n<li style='margin-bottom: 8px;'>Port Isolation<\/li>\n<li style='margin-bottom: 8px;'>Port Mirroring<\/li>\n<li style='margin-bottom: 8px;'>Jumbo Frames<\/li>\n<li style='margin-bottom: 8px;'>Loop Protection<\/li>\n<\/ul><\/div>\n<\/p><\/div>\n<\/p><\/div>\n<p> <!-- Accesorios recomendados --> <\/p>\n<div style='border: 1px solid rgba(150&comma;150&comma;150&comma;0.3); border-radius: 8px; padding: 20px; margin: 40px 0; text-align: center; max-width: 700px; margin-left: auto; margin-right: auto;'>\n<h3 style='margin: 0 0 20px; font-size: 20px; font-weight: 700; color: inherit; border-bottom: 2px solid rgba(150&comma;150&comma;150&comma;0.2); padding-bottom: 10px;'>Accesorios Recomendados<\/h3>\n<div style='display: flex; flex-wrap: wrap; gap: 15px; justify-content: center;'> <a href='https:\/\/syscom.pro\/products\/237732' target='_blank' style='flex: 1 1 160px; min-width: 140px; text-decoration: none; color: inherit;'> <\/p>\n<div style='border: 1px solid rgba(150&comma;150&comma;150&comma;0.3); border-radius: 8px; padding: 15px; text-align: center;'> <img src='https:\/\/ftp3.syscom.mx\/usuarios\/adiaz\/Ubiquiti\/Imagenes\/U7LITE\/u-poe-af-1.png' alt='U-PoE+' style='width: 100px; height: auto; border: 1px solid rgba(150&comma;150&comma;150&comma;0.3); border-radius: 8px; margin-bottom: 10px;'> <\/p>\n<div style='font-weight: 600; font-size: 15px; color: inherit;'>U-PoE+<\/div>\n<\/p><\/div>\n<p> <\/a> <a href='https:\/\/www.syscom.mx\/products\/242941' target='_blank' style='flex: 1 1 160px; min-width: 140px; text-decoration: none; color: inherit;'> <\/p>\n<div style='border: 1px solid rgba(150&comma;150&comma;150&comma;0.3); border-radius: 8px; padding: 15px; text-align: center;'> <img src='https:\/\/ftp3.syscom.mx\/usuarios\/adiaz\/Ubiquiti\/Imagenes\/USWFlex25G8PoE\/portada_0S1000.png' alt='UACC-ADAPTER-AC-210W' style='width: 100px; height: auto; border: 1px solid rgba(150&comma;150&comma;150&comma;0.3); border-radius: 8px; margin-bottom: 10px;'> <\/p>\n<div style='font-weight: 600; font-size: 15px; color: inherit;'>UACC-ADAPTER-AC-210W<\/div>\n<\/p><\/div>\n<p> <\/a> <a href='https:\/\/syscom.pro\/products\/241606' target='_blank' style='flex: 1 1 160px; min-width: 140px; text-decoration: none; color: inherit;'> <\/p>\n<div style='border: 1px solid rgba(150&comma;150&comma;150&comma;0.3); border-radius: 8px; padding: 15px; text-align: center;'> <img src='https:\/\/ftp3.syscom.mx\/usuarios\/adiaz\/Ubiquiti\/Imagenes\/U7LITE\/u-poe-af-1.png' alt='U-PoE++' style='width: 100px; height: auto; border: 1px solid rgba(150&comma;150&comma;150&comma;0.3); border-radius: 8px; margin-bottom: 10px;'> <\/p>\n<div style='font-weight: 600; font-size: 15px; color: inherit;'>U-PoE++<\/div>\n<\/p><\/div>\n<p> <\/a> <a href='https:\/\/www.syscom.mx\/products\/243850' target='_blank' style='flex: 1 1 160px; min-width: 140px; text-decoration: none; color: inherit;'> <\/p>\n<div style='border: 1px solid rgba(150&comma;150&comma;150&comma;0.3); border-radius: 8px; padding: 15px; text-align: center;'> <img src='https:\/\/ftp3.syscom.mx\/usuarios\/adiaz\/Ubiquiti\/Imagenes\/UACCUTS\/uacc-uts-7.png' alt='UACC-UTS' style='width: 100px; height: auto; border: 1px solid rgba(150&comma;150&comma;150&comma;0.3); border-radius: 8px; margin-bottom: 10px;'> <\/p>\n<div style='font-weight: 600; font-size: 15px; color: inherit;'>UACC-UTS<\/div>\n<\/p><\/div>\n<p> <\/a> <\/div>\n<\/p><\/div>\n<p> <!-- Contenido del paquete --> <\/p>\n<div style='border: 1px solid rgba(150&comma;150&comma;150&comma;0.3); border-radius: 8px; padding: 20px; margin: 40px 0; text-align: center; max-width: 700px; margin-left: auto; margin-right: auto;'>\n<h3 style='margin: 0 0 20px; font-size: 20px; font-weight: 700; color: inherit; border-bottom: 2px solid rgba(150&comma;150&comma;150&comma;0.2); padding-bottom: 10px;'>Contenido del Paquete<\/h3>\n<p> <img src='https:\/\/ftp3.syscom.mx\/usuarios\/adiaz\/Ubiquiti\/Imagenes\/USWULTRA\/contenidoultra.png' alt='Contenido del paquete USW-Ultra' style='width: 100%; height: auto; border: 1px solid rgba(150&comma;150&comma;150&comma;0.3); border-radius: 8px;'> <\/div>\n<\/p><\/div>\n","protected":false},"excerpt":{"rendered":"<p>USW Ultra Switch de 8 Puertos GbE (7 Puertos PoE+ y 1 Puerto Entrada PoE++) con Opciones de Montaje Vers\u00e1tiles<\/p>\n","protected":false},"featured_media":93010,"comment_status":"open","ping_status":"closed","template":"","meta":[],"product_brand":[],"product_cat":[1986],"product_tag":[664,1987,166],"class_list":{"0":"post-93011","1":"product","2":"type-product","3":"status-publish","4":"has-post-thumbnail","6":"product_cat-switches-poe","7":"product_tag-networking","8":"product_tag-switches-poe","9":"product_tag-ubiquiti","11":"first","12":"instock","13":"sale","14":"shipping-taxable","15":"purchasable","16":"product-type-simple"},"_links":{"self":[{"href":"https:\/\/soydeaqui.ddns.net\/pachuca\/index.php\/wp-json\/wp\/v2\/product\/93011","targetHints":{"allow":["GET"]}}],"collection":[{"href":"https:\/\/soydeaqui.ddns.net\/pachuca\/index.php\/wp-json\/wp\/v2\/product"}],"about":[{"href":"https:\/\/soydeaqui.ddns.net\/pachuca\/index.php\/wp-json\/wp\/v2\/types\/product"}],"replies":[{"embeddable":true,"href":"https:\/\/soydeaqui.ddns.net\/pachuca\/index.php\/wp-json\/wp\/v2\/comments?post=93011"}],"wp:featuredmedia":[{"embeddable":true,"href":"https:\/\/soydeaqui.ddns.net\/pachuca\/index.php\/wp-json\/wp\/v2\/media\/93010"}],"wp:attachment":[{"href":"https:\/\/soydeaqui.ddns.net\/pachuca\/index.php\/wp-json\/wp\/v2\/media?parent=93011"}],"wp:term":[{"taxonomy":"product_brand","embeddable":true,"href":"https:\/\/soydeaqui.ddns.net\/pachuca\/index.php\/wp-json\/wp\/v2\/product_brand?post=93011"},{"taxonomy":"product_cat","embeddable":true,"href":"https:\/\/soydeaqui.ddns.net\/pachuca\/index.php\/wp-json\/wp\/v2\/product_cat?post=93011"},{"taxonomy":"product_tag","embeddable":true,"href":"https:\/\/soydeaqui.ddns.net\/pachuca\/index.php\/wp-json\/wp\/v2\/product_tag?post=93011"}],"curies":[{"name":"wp","href":"https:\/\/api.w.org\/{rel}","templated":true}]}}