{"id":92721,"date":"2026-03-20T05:31:12","date_gmt":"2026-03-20T05:31:12","guid":{"rendered":"https:\/\/soydeaqui.ddns.net\/pachuca\/index.php\/producto\/transceptor-optico-esfp-velocidad-de-1gbps-multimodo-850nm-conector-lc-distancia-de-hasta-550m\/"},"modified":"2026-03-20T05:31:14","modified_gmt":"2026-03-20T05:31:14","slug":"transceptor-optico-esfp-velocidad-de-1gbps-multimodo-850nm-conector-lc-distancia-de-hasta-550m","status":"publish","type":"product","link":"https:\/\/soydeaqui.ddns.net\/pachuca\/index.php\/producto\/transceptor-optico-esfp-velocidad-de-1gbps-multimodo-850nm-conector-lc-distancia-de-hasta-550m\/","title":{"rendered":"Transceptor \u00d3ptico eSFP \/ Velocidad de 1Gbps \/ Multimodo \/ 850nm \/ Conector LC \/ Distancia de hasta 550m"},"content":{"rendered":"<div style='width: 100%; max-width: 1200px; margin: 0 auto; font-family: sans-serif; line-height: 1.6; color: inherit; background-color: transparent;'>\n<div style='width: 100%; text-align: center; margin-bottom: 30px;'>\n<h1 style='color: #dc3545; font-size: 28px; margin: 0; opacity: 0.9;'>Especificaciones<\/h1>\n<\/p><\/div>\n<div style='display: flex; flex-wrap: wrap; gap: 30px; margin-bottom: 30px;'>\n<div style='flex: 1 1 300px; min-width: 280px;'>\n<div style='border: 1px solid rgba(150&comma; 150&comma; 150&comma; 0.4); border-radius: 8px; overflow: hidden; display: flex; flex-direction: column;'>\n<div style='padding: 15px; background-color: #dc3545; color: white; font-weight: bold; font-size: 18px; border-bottom: 1px solid rgba(150&comma; 150&comma; 150&comma; 0.2);'>Informaci\u00f3n b\u00e1sica:<\/div>\n<div style='padding: 15px; color: inherit;'>\n<ul style='padding-left: 20px; margin: 0; font-size: 14px; list-style-type: disc;'>\n<li style='margin-bottom: 5px;'>Tipo de conector LC<\/li>\n<li style='margin-bottom: 5px;'>Tipo de fibra \u00f3ptica MMF<\/li>\n<li style='margin-bottom: 5px;'>Temperatura de la carcasa [\u00b0C(\u00b0F)] -20\u00b0C a +85\u00b0C (-4\u00b0F a +185\u00b0F)<\/li>\n<li style='margin-bottom: 5px;'>Opciones DDM Soportadas<\/li>\n<li style='margin-bottom: 5px;'>Velocidad de transmisi\u00f3n [bit\/s] 1 Gbit\/s<\/li>\n<li style='margin-bottom: 5px;'>Distancia de transmisi\u00f3n prevista [km]: Fibra \u00f3ptica multimodo (ancho de banda modal: 160 MHz*km; di\u00e1metro: 62&comma;5 \u03bcm): 0&comma;22 km&comma; Fibra \u00f3ptica multimodo (OM1): 0&comma;275 km&comma; Fibra \u00f3ptica multimodo (ancho de banda modal: 400 MHz*km; di\u00e1metro: 50 \u03bcm): 0&comma;5 km&comma; Fibra \u00f3ptica multimodo (OM2): 0&comma;55 km&comma; Fibra \u00f3ptica multimodo (OM3): 1 km<\/li>\n<\/ul><\/div>\n<\/p><\/div>\n<\/p><\/div>\n<div style='flex: 1 1 300px; min-width: 280px;'>\n<div style='border: 1px solid rgba(150&comma; 150&comma; 150&comma; 0.4); border-radius: 8px; overflow: hidden; display: flex; flex-direction: column;'>\n<div style='padding: 15px; background-color: #dc3545; color: white; font-weight: bold; font-size: 18px; border-bottom: 1px solid rgba(150&comma; 150&comma; 150&comma; 0.2);'>Caracter\u00edsticas transmisi\u00f3n \u00d3ptica:<\/div>\n<div style='padding: 15px; color: inherit;'>\n<ul style='padding-left: 20px; margin: 0; font-size: 14px; list-style-type: disc;'>\n<li style='margin-bottom: 5px;'>Longitud de onda central [nm] 850 nm<\/li>\n<li style='margin-bottom: 5px;'>Potencia \u00f3ptica m\u00e1xima de transmisi\u00f3n [dBm] -2&comma;5 dBm<\/li>\n<li style='margin-bottom: 5px;'>Potencia \u00f3ptica m\u00ednima de transmisi\u00f3n [dBm] -9&comma;5 dBm<\/li>\n<li style='margin-bottom: 5px;'>Relaci\u00f3n de extinci\u00f3n m\u00ednima [dB] 9 dB<\/li>\n<\/ul><\/div>\n<\/p><\/div>\n<\/p><\/div>\n<div style='flex: 1 1 300px; min-width: 280px;'>\n<div style='border: 1px solid rgba(150&comma; 150&comma; 150&comma; 0.4); border-radius: 8px; overflow: hidden; display: flex; flex-direction: column;'>\n<div style='padding: 15px; background-color: #dc3545; color: white; font-weight: bold; font-size: 18px; border-bottom: 1px solid rgba(150&comma; 150&comma; 150&comma; 0.2);'>Caracter\u00edsticas \u00f3pticas del receptor:<\/div>\n<div style='padding: 15px; color: inherit;'>\n<ul style='padding-left: 20px; margin: 0; font-size: 14px; list-style-type: disc;'>\n<li style='margin-bottom: 5px;'>Sensibilidad Rx [dBm] -17&comma;0 dBm<\/li>\n<li style='margin-bottom: 5px;'>Potencia de sobrecarga [dBm] 0 dBm<\/li>\n<\/ul><\/div>\n<\/p><\/div>\n<\/p><\/div>\n<\/p><\/div>\n<hr style='border: 0; border-top: 1px solid rgba(150&comma; 150&comma; 150&comma; 0.3); margin: 30px 0;'> <\/div>\n","protected":false},"excerpt":{"rendered":"<p>Transceptor \u00d3ptico eSFP \/ Velocidad de 1Gbps \/ Multimodo \/ 850nm \/ Conector LC \/ Distancia de hasta 550m<\/p>\n","protected":false},"featured_media":92720,"comment_status":"open","ping_status":"closed","template":"","meta":[],"product_brand":[],"product_cat":[663],"product_tag":[718,664,665],"class_list":{"0":"post-92721","1":"product","2":"type-product","3":"status-publish","4":"has-post-thumbnail","6":"product_cat-transceptores-de-fibra","7":"product_tag-huawei","8":"product_tag-networking","9":"product_tag-transceptores-de-fibra","11":"first","12":"instock","13":"sale","14":"shipping-taxable","15":"purchasable","16":"product-type-simple"},"_links":{"self":[{"href":"https:\/\/soydeaqui.ddns.net\/pachuca\/index.php\/wp-json\/wp\/v2\/product\/92721","targetHints":{"allow":["GET"]}}],"collection":[{"href":"https:\/\/soydeaqui.ddns.net\/pachuca\/index.php\/wp-json\/wp\/v2\/product"}],"about":[{"href":"https:\/\/soydeaqui.ddns.net\/pachuca\/index.php\/wp-json\/wp\/v2\/types\/product"}],"replies":[{"embeddable":true,"href":"https:\/\/soydeaqui.ddns.net\/pachuca\/index.php\/wp-json\/wp\/v2\/comments?post=92721"}],"wp:featuredmedia":[{"embeddable":true,"href":"https:\/\/soydeaqui.ddns.net\/pachuca\/index.php\/wp-json\/wp\/v2\/media\/92720"}],"wp:attachment":[{"href":"https:\/\/soydeaqui.ddns.net\/pachuca\/index.php\/wp-json\/wp\/v2\/media?parent=92721"}],"wp:term":[{"taxonomy":"product_brand","embeddable":true,"href":"https:\/\/soydeaqui.ddns.net\/pachuca\/index.php\/wp-json\/wp\/v2\/product_brand?post=92721"},{"taxonomy":"product_cat","embeddable":true,"href":"https:\/\/soydeaqui.ddns.net\/pachuca\/index.php\/wp-json\/wp\/v2\/product_cat?post=92721"},{"taxonomy":"product_tag","embeddable":true,"href":"https:\/\/soydeaqui.ddns.net\/pachuca\/index.php\/wp-json\/wp\/v2\/product_tag?post=92721"}],"curies":[{"name":"wp","href":"https:\/\/api.w.org\/{rel}","templated":true}]}}