{"id":92631,"date":"2026-03-20T05:26:41","date_gmt":"2026-03-20T05:26:41","guid":{"rendered":"https:\/\/soydeaqui.ddns.net\/pachuca\/index.php\/producto\/videoportero-sip-reconocimiento-facial-i66-teclado-numerico-iluminado-anti-vandalico-ip66-y-ik07-poe\/"},"modified":"2026-03-20T05:26:48","modified_gmt":"2026-03-20T05:26:48","slug":"videoportero-sip-reconocimiento-facial-i66-teclado-numerico-iluminado-anti-vandalico-ip66-y-ik07-poe","status":"publish","type":"product","link":"https:\/\/soydeaqui.ddns.net\/pachuca\/index.php\/producto\/videoportero-sip-reconocimiento-facial-i66-teclado-numerico-iluminado-anti-vandalico-ip66-y-ik07-poe\/","title":{"rendered":"Videoportero SIP Reconocimiento Facial i66, Teclado num\u00e9rico iluminado, anti-vand\u00e1lico, IP66 y IK07, PoE"},"content":{"rendered":"<div style='width: 100%; max-width: 1200px; margin: 0 auto; font-family: sans-serif; line-height: 1.6; color: inherit; background-color: transparent;'> <!-- Encabezado rojo con t\u00edtulo --> <\/p>\n<div style='background-color: #cb3234; color: white; text-align: center; padding: 30px 15px;'>\n<h1 style='margin: 0; font-size: 32px; color: inherit;'>Videoportero con Reconocimiento Facial Fanvil i66<\/h1>\n<p style='margin: 0; font-size: 18px; color: inherit;'>2MP | 10&comma;000 rostros | IP66 | Control de acceso | PoE<\/p>\n<\/p><\/div>\n<p> <!-- Contenedor principal --> <\/p>\n<div style='padding: 20px; color: inherit; background-color: transparent;'> <!-- Descripci\u00f3n general --> <\/p>\n<section style='margin-bottom: 30px;'>\n<p style='font-size: 18pt; text-align: justify; color: inherit;'>El portero con reconocimiento facial i66 proporciona comunicaci\u00f3n bidireccional de audio y v\u00eddeo para comunidades&comma; apartamentos y edificios de oficinas. Equipado con varios m\u00e9todos de apertura de puertas&comma; mejora su experiencia de vida a la vez que ahorra costes operativos.<\/p>\n<p style='font-size: 18pt; text-align: justify; color: inherit;'>Tambi\u00e9n admite comunicaci\u00f3n de audio y v\u00eddeo con tel\u00e9fonos IP&comma; estaciones interiores o aplicaciones m\u00f3viles&comma; lo que acelera los tiempos de respuesta de los visitantes&comma; el personal de entrega y los colaboradores.<\/p>\n<\/section>\n<p> <!-- Caracter\u00edsticas --> <\/p>\n<div style='display: flex; flex-wrap: wrap; gap: 30px; margin-bottom: 30px;'> <!-- Caracter\u00edsticas principales --> <\/p>\n<div style='flex: 1 1 300px; min-width: 280px; border-left: 5px solid #cb3234; border-radius: 8px; padding: 15px; box-shadow: 2px 2px 10px rgba(216&comma; 216&comma; 216&comma; 0.4); background-color: rgba(255&comma; 255&comma; 255&comma; 0.9);'>\n<h3 style='color: #cb3234; font-size: 20px; margin-top: 0; margin-bottom: 15px;'>Caracter\u00edsticas principales:<\/h3>\n<ul style='padding-left: 20px; font-size: 14px; line-height: 1.4; color: inherit;'>\n<li style='margin-bottom: 5px;'>C\u00e1mara 2 Megap\u00edxeles<\/li>\n<li style='margin-bottom: 5px;'>Reconocimiento Facial avanzado<\/li>\n<li style='margin-bottom: 5px;'>PoE habilitado (802.3af)<\/li>\n<li style='margin-bottom: 5px;'>Carcasa de aleaci\u00f3n de aluminio<\/li>\n<li style='margin-bottom: 5px;'>Protecci\u00f3n IP66 &#8211; IK07<\/li>\n<li style='margin-bottom: 5px;'>Temperatura: -20\u00b0C a 70\u00b0C<\/li>\n<li style='margin-bottom: 5px;'>Teclado num\u00e9rico iluminado<\/li>\n<li style='margin-bottom: 5px;'>10&comma;000 tarjetas de acceso<\/li>\n<li style='margin-bottom: 5px;'>10&comma;000 im\u00e1genes de rostros almacenables<\/li>\n<li style='margin-bottom: 5px;'>Reducci\u00f3n de ruido con MICs duales<\/li>\n<li style='margin-bottom: 5px;'>Alimentaci\u00f3n PoE o 12Vcc 2.0A<\/li>\n<\/ul><\/div>\n<p> <!-- Caracter\u00edsticas f\u00edsicas y el\u00e9ctricas --> <\/p>\n<div style='flex: 1 1 300px; min-width: 280px; border-left: 5px solid #cb3234; border-radius: 8px; padding: 15px; box-shadow: 2px 2px 10px rgba(216&comma; 216&comma; 216&comma; 0.4); background-color: rgba(255&comma; 255&comma; 255&comma; 0.9);'>\n<h3 style='color: #cb3234; font-size: 20px; margin-top: 0; margin-bottom: 15px;'>Caracter\u00edsticas F\u00edsicas y El\u00e9ctricas:<\/h3>\n<ul style='padding-left: 20px; font-size: 14px; line-height: 1.4; color: inherit;'>\n<li style='margin-bottom: 5px;'>Alimentaci\u00f3n: PoE 802.3af o 12Vcc 2.0A<\/li>\n<li style='margin-bottom: 5px;'>Montaje en pared<\/li>\n<li style='margin-bottom: 5px;'>Protecci\u00f3n: IP66 \/ IK07<\/li>\n<li style='margin-bottom: 5px;'>Temperatura operaci\u00f3n: -20\u00b0C ~ 70\u00b0C<\/li>\n<li style='margin-bottom: 5px;'>Material: Aleaci\u00f3n de aluminio<\/li>\n<li style='margin-bottom: 5px;'>Dimensiones: (especificar si disponible)<\/li>\n<\/ul><\/div>\n<p> <!-- Caracter\u00edsticas de red --> <\/p>\n<div style='flex: 1 1 300px; min-width: 280px; border-left: 5px solid #cb3234; border-radius: 8px; padding: 15px; box-shadow: 2px 2px 10px rgba(216&comma; 216&comma; 216&comma; 0.4); background-color: rgba(255&comma; 255&comma; 255&comma; 0.9);'>\n<h3 style='color: #cb3234; font-size: 20px; margin-top: 0; margin-bottom: 15px;'>Caracter\u00edsticas de Red:<\/h3>\n<ul style='padding-left: 20px; font-size: 14px; line-height: 1.4; color: inherit;'>\n<li style='margin-bottom: 5px;'>VPN: L2TP \/ OpenVPN<\/li>\n<li style='margin-bottom: 5px;'>VLAN<\/li>\n<li style='margin-bottom: 5px;'>LLDP<\/li>\n<li style='margin-bottom: 5px;'>Soporte IPv4\/IPv6<\/li>\n<li style='margin-bottom: 5px;'>SIP 2.0 sobre UDP\/TCP\/TLS<\/li>\n<li style='margin-bottom: 5px;'>PPPoE<\/li>\n<li style='margin-bottom: 5px;'>QoS<\/li>\n<\/ul><\/div>\n<\/p><\/div>\n<p> <!-- Galer\u00eda de im\u00e1genes --> <\/p>\n<section style='margin-bottom: 30px;'>\n<h2 style='color: #cb3234; font-size: 24px; text-align: center; margin-bottom: 20px;'>Galer\u00eda de Im\u00e1genes<\/h2>\n<div style='display: flex; flex-direction: column; gap: 30px; align-items: center;'> <img style='width: 100%; max-width: 1000px; height: auto; border: 1px solid rgba(150&comma;150&comma;150&comma;0.3); border-radius: 8px;' src='https:\/\/ftp3.syscom.mx\/usuarios\/fotos\/I66\/228386-1659l8n06l_(1).jpg' alt='Videoportero Fanvil i66 vista frontal'> <img style='width: 100%; max-width: 1000px; height: auto; border: 1px solid rgba(150&comma;150&comma;150&comma;0.3); border-radius: 8px;' src='https:\/\/ftp3.syscom.mx\/usuarios\/fotos\/I66\/228386-1207p82t2r_(1).jpg' alt='Detalles de instalaci\u00f3n i66'> <img style='width: 100%; max-width: 1000px; height: auto; border: 1px solid rgba(150&comma;150&comma;150&comma;0.3); border-radius: 8px;' src='https:\/\/ftp3.syscom.mx\/usuarios\/fotos\/I66\/228386-17106xr2b0_(1).jpg' alt='Funcionamiento del reconocimiento facial'> <\/div>\n<\/section>\n<p> <!-- Compatibilidad --> <\/p>\n<section style='margin-bottom: 30px; text-align: center;'>\n<h2 style='color: #cb3234; font-size: 24px; margin-bottom: 15px;'>Compatibilidad<\/h2>\n<p style='font-size: 16px; color: inherit;'>Compatible con los principales sistemas IP-PBX del mercado<\/p>\n<p> <!-- Aqu\u00ed podr\u00edas agregar logos de compatibilidad si los tienes --> <\/section>\n<p> <!-- Nota de garant\u00eda --> <\/p>\n<section style='text-align: center;'>\n<p style='font-size: 16px; color: inherit;'>\n<\/section><\/div>\n<\/p><\/div>\n","protected":false},"excerpt":{"rendered":"<p>Videoportero SIP Reconocimiento Facial i66, Teclado num\u00e9rico iluminado, anti-vand\u00e1lico, IP66 y IK07, PoE<\/p>\n","protected":false},"featured_media":92630,"comment_status":"open","ping_status":"closed","template":"","meta":[],"product_brand":[],"product_cat":[2113],"product_tag":[2114,859,2004],"class_list":{"0":"post-92631","1":"product","2":"type-product","3":"status-publish","4":"has-post-thumbnail","6":"product_cat-audio-video-porteros-ip","7":"product_tag-audio-video-porteros-ip","8":"product_tag-fanvil","9":"product_tag-voip-telefonia-ip-videoconferencia","11":"first","12":"instock","13":"sale","14":"shipping-taxable","15":"purchasable","16":"product-type-simple"},"_links":{"self":[{"href":"https:\/\/soydeaqui.ddns.net\/pachuca\/index.php\/wp-json\/wp\/v2\/product\/92631","targetHints":{"allow":["GET"]}}],"collection":[{"href":"https:\/\/soydeaqui.ddns.net\/pachuca\/index.php\/wp-json\/wp\/v2\/product"}],"about":[{"href":"https:\/\/soydeaqui.ddns.net\/pachuca\/index.php\/wp-json\/wp\/v2\/types\/product"}],"replies":[{"embeddable":true,"href":"https:\/\/soydeaqui.ddns.net\/pachuca\/index.php\/wp-json\/wp\/v2\/comments?post=92631"}],"wp:featuredmedia":[{"embeddable":true,"href":"https:\/\/soydeaqui.ddns.net\/pachuca\/index.php\/wp-json\/wp\/v2\/media\/92630"}],"wp:attachment":[{"href":"https:\/\/soydeaqui.ddns.net\/pachuca\/index.php\/wp-json\/wp\/v2\/media?parent=92631"}],"wp:term":[{"taxonomy":"product_brand","embeddable":true,"href":"https:\/\/soydeaqui.ddns.net\/pachuca\/index.php\/wp-json\/wp\/v2\/product_brand?post=92631"},{"taxonomy":"product_cat","embeddable":true,"href":"https:\/\/soydeaqui.ddns.net\/pachuca\/index.php\/wp-json\/wp\/v2\/product_cat?post=92631"},{"taxonomy":"product_tag","embeddable":true,"href":"https:\/\/soydeaqui.ddns.net\/pachuca\/index.php\/wp-json\/wp\/v2\/product_tag?post=92631"}],"curies":[{"name":"wp","href":"https:\/\/api.w.org\/{rel}","templated":true}]}}