{"id":92477,"date":"2026-03-20T05:18:10","date_gmt":"2026-03-20T05:18:10","guid":{"rendered":"https:\/\/soydeaqui.ddns.net\/pachuca\/index.php\/producto\/tarjeta-de-entrada-hdbaset-4-puertos-hdcp-1-4-edid-expert-compatible-con-audio-compatible-con-vm1600a\/"},"modified":"2026-03-20T05:18:13","modified_gmt":"2026-03-20T05:18:13","slug":"tarjeta-de-entrada-hdbaset-4-puertos-hdcp-1-4-edid-expert-compatible-con-audio-compatible-con-vm1600a","status":"publish","type":"product","link":"https:\/\/soydeaqui.ddns.net\/pachuca\/index.php\/producto\/tarjeta-de-entrada-hdbaset-4-puertos-hdcp-1-4-edid-expert-compatible-con-audio-compatible-con-vm1600a\/","title":{"rendered":"Tarjeta de Entrada HDBaseT | 4 Puertos | HDCP 1.4 | EDID Expert | Compatible con Audio | Compatible con VM1600A"},"content":{"rendered":"<div style='width: 100%; max-width: 1200px; margin: 0 auto; font-family: sans-serif; line-height: 1.6; color: inherit; background-color: transparent;'> <!-- Imagen 1 --> <\/p>\n<div style='margin-bottom: 30px;'> <img style='width: 100%; height: auto; border: 1px solid rgba(150&comma;150&comma;150&comma;0.3); border-radius: 8px;' src='https:\/\/ftp3.syscom.mx\/usuarios\/luis.vargas\/ATEN\/ATEN.jpg' alt='ATEN VM1600A'> <\/div>\n<p> <!-- Imagen 2 y texto --> <\/p>\n<div style='display: flex; flex-wrap: wrap; gap: 30px; margin-bottom: 30px;'>\n<div style='flex: 1 1 300px; min-width: 280px;'> <img style='width: 100%; height: auto; border: 1px solid rgba(150&comma;150&comma;150&comma;0.3); border-radius: 8px;' src='https:\/\/ftp3.syscom.mx\/usuarios\/luis.vargas\/ATEN\/VM8514\/VM8514.png' alt=''> <\/div>\n<div style='flex: 1 1 300px; min-width: 280px;'>\n<div style='font-size: 22px; font-weight: bold; margin-bottom: 15px; color: inherit; opacity: 0.8;'>Tarjeta de salida HDBaseT de 4 puertos<\/div>\n<p style='font-size: 15px; color: inherit; margin-bottom: 15px; text-align: justify;'>Ofrece una forma sencilla de redirigir 4 transmisores HDBaseT a 4 receptores HDBaseT y&comma; en combinaci\u00f3n con los switchs de matriz modulares de ATEN&comma; permite redirigir hasta 32 conexiones de entrada y 32 conexiones de salida HDBaseT.<\/p>\n<p style='font-size: 15px; color: inherit; margin-bottom: 15px; text-align: justify;'>Si la tarjeta de salida HDBaseT VM8514 se utiliza junto con el receptor HDBaseT VE805R&comma; contar\u00e1 con la tecnolog\u00eda Conmutaci\u00f3n fluida Seamless Switch\u2122 y con la funci\u00f3n de pared de v\u00eddeo. La tecnolog\u00eda Conmutaci\u00f3n fluida Seamless Switch\u2122 de ATEN ofrece conmutaci\u00f3n de v\u00eddeo en tiempo real con un escalador integrado capaz de gestionar diferentes resoluciones de v\u00eddeo en distintas pantallas y funciones de pared de v\u00eddeo que le permiten configurar hasta 32 perfiles de dise\u00f1os personalizados a trav\u00e9s de la Interfaz gr\u00e1fica de usuario interactiva.<\/p>\n<\/p><\/div>\n<\/p><\/div>\n<p> <!-- Tabla de Puntos Destacados --> <\/p>\n<div style='margin-bottom: 30px;'>\n<div style='display: flex; flex-direction: column; gap: 15px;'>\n<div style='background: #629ad1; color: white; text-align: center; font-weight: bold; padding: 12px; border-radius: 8px 8px 0 0;'>Puntos Destacados<\/div>\n<div style='display: flex; flex-direction: column; border: 1px solid #629ad1; border-top: none; border-radius: 0 0 8px 8px; overflow: hidden;'>\n<div style='display: flex; border-bottom: 2px solid #629ad1;'>\n<div style='flex: 0 0 18%; background: #629ad1; color: white; text-align: center; padding: 12px; font-weight: bold; border-right: 1px solid rgba(255&comma;255&comma;255&comma;0.3);'>Compatibilidad con VM1600A\/VM3200<\/div>\n<div style='flex: 1 1 auto; padding: 12px; color: inherit; text-align: justify;'>La tarjeta de salida HDBaseT de 4 puertos es compatible con el VM1600A\/VM3200 y puede combinarse con tarjetas de E\/S modulares de cualquier tipo para obtener la m\u00e1xima flexibilidad.<\/div>\n<\/p><\/div>\n<div style='display: flex; border-bottom: 2px solid #629ad1;'>\n<div style='flex: 0 0 18%; background: #629ad1; color: white; text-align: center; padding: 12px; font-weight: bold; border-right: 1px solid rgba(255&comma;255&comma;255&comma;0.3);'>Canal RS-232 Bidireccional<\/div>\n<div style='flex: 1 1 auto; padding: 12px; color: inherit; text-align: justify;'>Permite conectarse a terminales serie o dispositivos serie&comma; como pantallas t\u00e1ctiles y lectores de c\u00f3digos de barras.<\/div>\n<\/p><\/div>\n<div style='display: flex; border-bottom: 2px solid #629ad1;'>\n<div style='flex: 0 0 18%; background: #629ad1; color: white; text-align: center; padding: 12px; font-weight: bold; border-right: 1px solid rgba(255&comma;255&comma;255&comma;0.3);'>Conectividad HDBaseT<\/div>\n<div style='flex: 1 1 auto; padding: 12px; color: inherit; text-align: justify;'>Prolonga 4 conexiones HDBaseT hasta 100 metros a trav\u00e9s de un \u00fanico cable Cat 5e\/6.<\/div>\n<\/p><\/div>\n<div style='display: flex; border-bottom: 2px solid #629ad1;'>\n<div style='flex: 0 0 18%; background: #629ad1; color: white; text-align: center; padding: 12px; font-weight: bold; border-right: 1px solid rgba(255&comma;255&comma;255&comma;0.3);'>Anti Atasco HDBaseT<\/div>\n<div style='flex: 1 1 auto; padding: 12px; color: inherit; text-align: justify;'>Resiste las interferencias de se\u00f1al durante la transmisi\u00f3n de v\u00eddeo con tecnolog\u00eda HDBaseT.<\/div>\n<\/p><\/div>\n<div style='display: flex; border-bottom: 2px solid #629ad1;'>\n<div style='flex: 0 0 18%; background: #629ad1; color: white; text-align: center; padding: 12px; font-weight: bold; border-right: 1px solid rgba(255&comma;255&comma;255&comma;0.3);'>Conmutaci\u00f3n Fluida<\/div>\n<div style='flex: 1 1 auto; padding: 12px; color: inherit; text-align: justify;'>Ofrece conmutaci\u00f3n de pr\u00e1cticamente cero segundos&comma; flujos de v\u00eddeo continuos&comma; conmutaci\u00f3n en tiempo real y transmisiones de se\u00f1al estables cuando est\u00e1 conectado a VE805R\/VE816R.<\/div>\n<\/p><\/div>\n<div style='display: flex; border-bottom: 2px solid #629ad1;'>\n<div style='flex: 0 0 18%; background: #629ad1; color: white; text-align: center; padding: 12px; font-weight: bold; border-right: 1px solid rgba(255&comma;255&comma;255&comma;0.3);'>Pared de Video<\/div>\n<div style='flex: 1 1 auto; padding: 12px; color: inherit; text-align: justify;'>Ofrece perfiles de pared de v\u00eddeo configurables para dise\u00f1os personalizados a trav\u00e9s de una interfaz gr\u00e1fica de usuario interactiva.<\/div>\n<\/p><\/div>\n<div style='display: flex; border-bottom: 2px solid #629ad1;'>\n<div style='flex: 0 0 18%; background: #629ad1; color: white; text-align: center; padding: 12px; font-weight: bold; border-right: 1px solid rgba(255&comma;255&comma;255&comma;0.3);'>Canal de Infrarrojos Bidireccional<\/div>\n<div style='flex: 1 1 auto; padding: 12px; color: inherit; text-align: justify;'>La transmisi\u00f3n de infrarrojos se procesa cada vez en una direcci\u00f3n.<\/div>\n<\/p><\/div>\n<div style='display: flex;'>\n<div style='flex: 0 0 18%; background: #629ad1; color: white; text-align: center; padding: 12px; font-weight: bold; border-right: 1px solid rgba(255&comma;255&comma;255&comma;0.3);'>Dise\u00f1o Hot-swappable<\/div>\n<div style='flex: 1 1 auto; padding: 12px; color: inherit; text-align: justify;'>Facilita la integraci\u00f3n de tarjetas de E\/S&comma; lo cual simplifica el mantenimiento y la expansi\u00f3n del sistema.<\/div>\n<\/p><\/div>\n<\/p><\/div>\n<\/p><\/div>\n<\/p><\/div>\n<p> <!-- Especificaciones --> <\/p>\n<div style='margin-bottom: 30px;'>\n<div style='font-size: 18px; font-weight: bold; margin-bottom: 20px; color: inherit; opacity: 0.8; text-align: center;'>Especificaciones<\/div>\n<div style='display: flex; flex-wrap: wrap; gap: 20px;'> <!-- Columna 1 --> <\/p>\n<div style='flex: 1 1 300px; min-width: 280px;'>\n<div style='border: 1px solid rgba(150&comma;150&comma;150&comma;0.4); border-radius: 8px; overflow: hidden; margin-bottom: 20px;'>\n<div style='padding: 15px; border-bottom: 1px solid rgba(150&comma;150&comma;150&comma;0.2); font-weight: bold; font-size: 16px; color: inherit;'>Salida de v\u00eddeo<\/div>\n<div style='padding: 15px; color: inherit;'>\n<ul style='padding-left: 20px; margin: 0; font-size: 14px; list-style-type: disc;'>\n<li style='margin-bottom: 5px;'>Interfaces: 4 x RJ-45 hembra (Plata)<\/li>\n<li style='margin-bottom: 5px;'>Impedancia: 100 \u03a9<\/li>\n<\/ul><\/div>\n<\/p><\/div>\n<div style='border: 1px solid rgba(150&comma;150&comma;150&comma;0.4); border-radius: 8px; overflow: hidden; margin-bottom: 20px;'>\n<div style='padding: 15px; border-bottom: 1px solid rgba(150&comma;150&comma;150&comma;0.2); font-weight: bold; font-size: 16px; color: inherit;'>V\u00eddeo<\/div>\n<div style='padding: 15px; color: inherit;'>\n<ul style='padding-left: 20px; margin: 0; font-size: 14px; list-style-type: disc;'>\n<li style='margin-bottom: 5px;'>Tasa de datos m\u00e1xima: 10&comma;2 Gbps (3&comma;4 Gbps por carril)<\/li>\n<li style='margin-bottom: 5px;'>Max.Pixel Clock: 340 MHz<\/li>\n<li style='margin-bottom: 5px;'>Normativa: Compatible con HDBaseT&comma; HDCP 1.4&comma; Control electr\u00f3nico del consumidor (CEC)<\/li>\n<li style='margin-bottom: 5px;'>Resoluci\u00f3n m\u00e1xima: Hasta 4096 x 2160 \/ 3840 x 2160 a 60 Hz (4:2:0); 4096 x 2160 \/ 3840 x 2160 a 30Hz (4:4:4)<\/li>\n<li style='margin-bottom: 5px;'>Distancia m\u00e1xima: 100 m (Cat 6a)<\/li>\n<\/ul><\/div>\n<\/p><\/div>\n<div style='border: 1px solid rgba(150&comma;150&comma;150&comma;0.4); border-radius: 8px; overflow: hidden;'>\n<div style='padding: 15px; border-bottom: 1px solid rgba(150&comma;150&comma;150&comma;0.2); font-weight: bold; font-size: 16px; color: inherit;'>Control<\/div>\n<div style='padding: 15px; color: inherit;'>\n<ul style='padding-left: 20px; margin: 0; font-size: 14px; list-style-type: disc;'>\n<li style='margin-bottom: 5px;'>RS-232: 4 x Conectores con tornillo cautivo&comma; 3 tramos<\/li>\n<li style='margin-bottom: 5px;'>Infrarrojos: 4 x Miniconector est\u00e9reo hembra (Negro)<\/li>\n<li style='margin-bottom: 5px;'>Consumo de energ\u00eda: 12.2W:57BTU\/h<\/li>\n<\/ul>\n<p style='margin-top: 15px; margin-bottom: 5px; font-size: 14px; color: inherit;'>Nota:<\/p>\n<ul style='padding-left: 20px; margin: 0; font-size: 14px; list-style-type: disc;'>\n<li style='margin-bottom: 5px;'>La medici\u00f3n en vatios indica el consumo de energ\u00eda t\u00edpico del aparato sin carga externa.<\/li>\n<li style='margin-bottom: 5px;'>La medici\u00f3n en BTU\/h indica el consumo de energ\u00eda del dispositivo cuando est\u00e1 totalmente cargado.<\/li>\n<\/ul><\/div>\n<\/p><\/div>\n<\/p><\/div>\n<p> <!-- Columna 2 --> <\/p>\n<div style='flex: 1 1 300px; min-width: 280px;'>\n<div style='border: 1px solid rgba(150&comma;150&comma;150&comma;0.4); border-radius: 8px; overflow: hidden; margin-bottom: 20px;'>\n<div style='padding: 15px; border-bottom: 1px solid rgba(150&comma;150&comma;150&comma;0.2); font-weight: bold; font-size: 16px; color: inherit;'>Condiciones medioambientales<\/div>\n<div style='padding: 15px; color: inherit;'>\n<ul style='padding-left: 20px; margin: 0; font-size: 14px; list-style-type: disc;'>\n<li style='margin-bottom: 5px;'>Temperatura de funcionamiento: 0 &#8211; 40\u00b0C<\/li>\n<li style='margin-bottom: 5px;'>Temperatura de almacenamiento: -20 &#8211; 60\u00b0C<\/li>\n<li style='margin-bottom: 5px;'>Humedad: HR del 0 &#8211; 80%&comma; Sin condensaci\u00f3n<\/li>\n<\/ul><\/div>\n<\/p><\/div>\n<div style='border: 1px solid rgba(150&comma;150&comma;150&comma;0.4); border-radius: 8px; overflow: hidden; margin-bottom: 20px;'>\n<div style='padding: 15px; border-bottom: 1px solid rgba(150&comma;150&comma;150&comma;0.2); font-weight: bold; font-size: 16px; color: inherit;'>Propiedades f\u00edsicas<\/div>\n<div style='padding: 15px; color: inherit;'>\n<ul style='padding-left: 20px; margin: 0; font-size: 14px; list-style-type: disc;'>\n<li style='margin-bottom: 5px;'>Carcasa: Metal<\/li>\n<li style='margin-bottom: 5px;'>Peso: 0.97 kg (2.14 lb)<\/li>\n<li style='margin-bottom: 5px;'>Dimensiones (LA x AN x AL): 35.20 x 23.80 x 2.33 cm (13.86 x 9.37 x 0.92 in.)<\/li>\n<\/ul><\/div>\n<\/p><\/div>\n<div style='border: 1px solid rgba(150&comma;150&comma;150&comma;0.4); border-radius: 8px; overflow: hidden;'>\n<div style='padding: 15px; border-bottom: 1px solid rgba(150&comma;150&comma;150&comma;0.2); font-weight: bold; font-size: 16px; color: inherit;'>Contenido del paquete<\/div>\n<div style='padding: 15px; color: inherit;'>\n<ul style='padding-left: 20px; margin: 0; font-size: 14px; list-style-type: disc;'>\n<li style='margin-bottom: 5px;'>1x Tarjeta de salida HDBaseT de 4 puertos VM8514<\/li>\n<li style='margin-bottom: 5px;'>4x JCTN-3401-103G Conectores de bloque de terminales<\/li>\n<li style='margin-bottom: 5px;'>1x 2xRT-0003G-1&comma; 2xRT-0004G Receptor de infrarrojos<\/li>\n<li style='margin-bottom: 5px;'>1x Manual de instrucciones<\/li>\n<\/ul><\/div>\n<\/p><\/div>\n<\/p><\/div>\n<\/p><\/div>\n<\/p><\/div>\n<p> <!-- Separador final --> <\/p>\n<hr style='border: 0; border-top: 1px solid rgba(150&comma;150&comma;150&comma;0.3); margin: 30px 0;'> <\/div>\n","protected":false},"excerpt":{"rendered":"<p>Tarjeta de Entrada HDBaseT | 4 Puertos | HDCP 1.4 | EDID Expert | Compatible con Audio | Compatible con VM1600A<\/p>\n","protected":false},"featured_media":92476,"comment_status":"open","ping_status":"closed","template":"","meta":[],"product_brand":[],"product_cat":[2141],"product_tag":[2121,2142,2120],"class_list":{"0":"post-92477","1":"product","2":"type-product","3":"status-publish","4":"has-post-thumbnail","6":"product_cat-matriciales-de-video","7":"product_tag-aten","8":"product_tag-matriciales-de-video","9":"product_tag-proav","11":"first","12":"instock","13":"sale","14":"shipping-taxable","15":"purchasable","16":"product-type-simple"},"_links":{"self":[{"href":"https:\/\/soydeaqui.ddns.net\/pachuca\/index.php\/wp-json\/wp\/v2\/product\/92477","targetHints":{"allow":["GET"]}}],"collection":[{"href":"https:\/\/soydeaqui.ddns.net\/pachuca\/index.php\/wp-json\/wp\/v2\/product"}],"about":[{"href":"https:\/\/soydeaqui.ddns.net\/pachuca\/index.php\/wp-json\/wp\/v2\/types\/product"}],"replies":[{"embeddable":true,"href":"https:\/\/soydeaqui.ddns.net\/pachuca\/index.php\/wp-json\/wp\/v2\/comments?post=92477"}],"wp:featuredmedia":[{"embeddable":true,"href":"https:\/\/soydeaqui.ddns.net\/pachuca\/index.php\/wp-json\/wp\/v2\/media\/92476"}],"wp:attachment":[{"href":"https:\/\/soydeaqui.ddns.net\/pachuca\/index.php\/wp-json\/wp\/v2\/media?parent=92477"}],"wp:term":[{"taxonomy":"product_brand","embeddable":true,"href":"https:\/\/soydeaqui.ddns.net\/pachuca\/index.php\/wp-json\/wp\/v2\/product_brand?post=92477"},{"taxonomy":"product_cat","embeddable":true,"href":"https:\/\/soydeaqui.ddns.net\/pachuca\/index.php\/wp-json\/wp\/v2\/product_cat?post=92477"},{"taxonomy":"product_tag","embeddable":true,"href":"https:\/\/soydeaqui.ddns.net\/pachuca\/index.php\/wp-json\/wp\/v2\/product_tag?post=92477"}],"curies":[{"name":"wp","href":"https:\/\/api.w.org\/{rel}","templated":true}]}}