{"id":92414,"date":"2026-03-20T05:15:18","date_gmt":"2026-03-20T05:15:18","guid":{"rendered":"https:\/\/soydeaqui.ddns.net\/pachuca\/index.php\/producto\/switch-industrial-tipo-plano-capa-2-8-puertos-m12-10-100-1000t-con-modo-bypass-carcasa-ip40\/"},"modified":"2026-03-20T05:15:29","modified_gmt":"2026-03-20T05:15:29","slug":"switch-industrial-tipo-plano-capa-2-8-puertos-m12-10-100-1000t-con-modo-bypass-carcasa-ip40","status":"publish","type":"product","link":"https:\/\/soydeaqui.ddns.net\/pachuca\/index.php\/producto\/switch-industrial-tipo-plano-capa-2-8-puertos-m12-10-100-1000t-con-modo-bypass-carcasa-ip40\/","title":{"rendered":"Switch Industrial Tipo Plano, Capa 2, 8 Puertos M12 10\/100\/1000T, Con Modo Bypass, Carcasa IP40"},"content":{"rendered":"<div style='width: 100%; max-width: 1200px; margin: 0 auto; font-family: sans-serif; line-height: 1.6; color: inherit;'> <!-- Secci\u00f3n de im\u00e1genes de iconos --> <\/p>\n<div style='display: flex; flex-wrap: wrap; justify-content: center; gap: 15px; margin-bottom: 30px;'> <img style='width: auto; height: 40px; border: 1px solid rgba(150&comma;150&comma;150&comma;0.3); border-radius: 8px;' src='https:\/\/planet.com.tw\/storage\/icons\/2icon_M12-X-coded.png' alt='M12 con codificaci\u00f3n X'> <img style='width: auto; height: 40px; border: 1px solid rgba(150&comma;150&comma;150&comma;0.3); border-radius: 8px;' src='https:\/\/planet.com.tw\/storage\/icons\/8icon_-40-degree-~75-degree.png' alt='75\u00b0C~-40\u00b0C'> <img style='width: auto; height: 40px; border: 1px solid rgba(150&comma;150&comma;150&comma;0.3); border-radius: 8px;' src='https:\/\/planet.com.tw\/storage\/icons\/632\/Redundant-power-DC_DC.png' alt='Alimentaci\u00f3n redundante CC\/CC'> <img style='width: auto; height: 40px; border: 1px solid rgba(150&comma;150&comma;150&comma;0.3); border-radius: 8px;' src='https:\/\/planet.com.tw\/storage\/icons\/2icon_L3-Static-Routing.png' alt='Enrutamiento est\u00e1tico L3'> <img style='width: auto; height: 40px; border: 1px solid rgba(150&comma;150&comma;150&comma;0.3); border-radius: 8px;' src='https:\/\/planet.com.tw\/storage\/icons\/6icon_RING.png' alt='ANILLO'> <img style='width: auto; height: 40px; border: 1px solid rgba(150&comma;150&comma;150&comma;0.3); border-radius: 8px;' src='https:\/\/planet.com.tw\/storage\/icons\/685\/Bypass-Relay.png' alt='Rel\u00e9 de derivaci\u00f3n'> <\/div>\n<p> <!-- Descripci\u00f3n principal --> <\/p>\n<div style='margin-bottom: 30px; font-size: 16px;'>\n<p style='margin: 0 0 15px 0;'>El <strong>WGS-5225-8MT<\/strong> ofrece ocho puertos 10\/100\/1000BASE-T M12 en una carcasa con clasificaci\u00f3n IP40 con entradas de alimentaci\u00f3n redundantes de 9-48 VCC.<\/p>\n<p style='margin: 0 0 15px 0;'>Dise\u00f1ado para implementarse en aplicaciones ferroviarias y otras aplicaciones industriales sujetas a golpes&comma; vibraciones y otras condiciones extremas sin afectar su rendimiento.<\/p>\n<p style='margin: 0;'>Adem\u00e1s&comma; el <strong>WGS-5225-8MT<\/strong> con puertos de rel\u00e9 de derivaci\u00f3n garantiza un flujo de datos continuo incluso en caso de un corte de energ\u00eda.<\/p>\n<\/p><\/div>\n<p> <!-- Imagen principal --> <\/p>\n<div style='text-align: center; margin: 30px 0;'> <img style='width: 100%; max-width: 600px; height: auto; border: 1px solid rgba(150&comma;150&comma;150&comma;0.3); border-radius: 8px;' src='https:\/\/planet.com.tw\/storage\/products\/49441\/edm_WGS-5225-8MT.jpg' alt=''> <\/div>\n<p> <!-- Secci\u00f3n de rel\u00e9 de derivaci\u00f3n --> <\/p>\n<div style='text-align: center; margin: 30px 0;'>\n<p style='font-weight: bold; color: #666699; margin: 0 0 20px 0;'>El rel\u00e9 de derivaci\u00f3n evita fallas en el enlace durante una p\u00e9rdida de energ\u00eda<\/p>\n<div style='display: flex; flex-wrap: wrap; justify-content: center; gap: 20px;'> <img style='width: 100%; max-width: 350px; height: auto; border: 1px solid rgba(150&comma;150&comma;150&comma;0.3); border-radius: 8px;' src='https:\/\/planet.com.tw\/storage\/products\/49441\/WGS-5225-8MT-1.png' alt=''> <\/div>\n<\/p><\/div>\n<p> <!-- Secci\u00f3n de conectores M12 --> <\/p>\n<div style='text-align: center; margin: 30px 0;'>\n<p style='font-weight: bold; color: #666699; margin: 0 0 20px 0;'>Conector Ethernet M12 a prueba de vibraciones y polvo<\/p>\n<div style='display: flex; flex-wrap: wrap; justify-content: center; gap: 20px;'> <img style='width: 100%; max-width: 350px; height: auto; border: 1px solid rgba(150&comma;150&comma;150&comma;0.3); border-radius: 8px;' src='https:\/\/planet.com.tw\/storage\/products\/49441\/WGS-5225-8MT-EMQ-2.png' alt=''> <img style='width: 100%; max-width: 350px; height: auto; border: 1px solid rgba(150&comma;150&comma;150&comma;0.3); border-radius: 8px;' src='https:\/\/planet.com.tw\/storage\/products\/49441\/WGS-5225-8MT-EMQ-3.png' alt=''> <\/div>\n<\/p><\/div>\n<\/p><\/div>\n","protected":false},"excerpt":{"rendered":"<p>Switch Industrial Tipo Plano, Capa 2, 8 Puertos M12 10\/100\/1000T, Con Modo Bypass, Carcasa IP40<\/p>\n","protected":false},"featured_media":92413,"comment_status":"open","ping_status":"closed","template":"","meta":[],"product_brand":[],"product_cat":[1984],"product_tag":[1985,664,2033],"class_list":{"0":"post-92414","1":"product","2":"type-product","3":"status-publish","4":"has-post-thumbnail","6":"product_cat-industrial","7":"product_tag-industrial","8":"product_tag-networking","9":"product_tag-planet","11":"first","12":"outofstock","13":"sale","14":"shipping-taxable","15":"purchasable","16":"product-type-simple"},"_links":{"self":[{"href":"https:\/\/soydeaqui.ddns.net\/pachuca\/index.php\/wp-json\/wp\/v2\/product\/92414","targetHints":{"allow":["GET"]}}],"collection":[{"href":"https:\/\/soydeaqui.ddns.net\/pachuca\/index.php\/wp-json\/wp\/v2\/product"}],"about":[{"href":"https:\/\/soydeaqui.ddns.net\/pachuca\/index.php\/wp-json\/wp\/v2\/types\/product"}],"replies":[{"embeddable":true,"href":"https:\/\/soydeaqui.ddns.net\/pachuca\/index.php\/wp-json\/wp\/v2\/comments?post=92414"}],"wp:featuredmedia":[{"embeddable":true,"href":"https:\/\/soydeaqui.ddns.net\/pachuca\/index.php\/wp-json\/wp\/v2\/media\/92413"}],"wp:attachment":[{"href":"https:\/\/soydeaqui.ddns.net\/pachuca\/index.php\/wp-json\/wp\/v2\/media?parent=92414"}],"wp:term":[{"taxonomy":"product_brand","embeddable":true,"href":"https:\/\/soydeaqui.ddns.net\/pachuca\/index.php\/wp-json\/wp\/v2\/product_brand?post=92414"},{"taxonomy":"product_cat","embeddable":true,"href":"https:\/\/soydeaqui.ddns.net\/pachuca\/index.php\/wp-json\/wp\/v2\/product_cat?post=92414"},{"taxonomy":"product_tag","embeddable":true,"href":"https:\/\/soydeaqui.ddns.net\/pachuca\/index.php\/wp-json\/wp\/v2\/product_tag?post=92414"}],"curies":[{"name":"wp","href":"https:\/\/api.w.org\/{rel}","templated":true}]}}