{"id":92400,"date":"2026-03-20T05:14:37","date_gmt":"2026-03-20T05:14:37","guid":{"rendered":"https:\/\/soydeaqui.ddns.net\/pachuca\/index.php\/producto\/probador-power-over-ethernet-compacto-para-estandares-ieee-802-3af-at-bt\/"},"modified":"2026-03-20T05:14:43","modified_gmt":"2026-03-20T05:14:43","slug":"probador-power-over-ethernet-compacto-para-estandares-ieee-802-3af-at-bt","status":"publish","type":"product","link":"https:\/\/soydeaqui.ddns.net\/pachuca\/index.php\/producto\/probador-power-over-ethernet-compacto-para-estandares-ieee-802-3af-at-bt\/","title":{"rendered":"Probador Power Over Ethernet Compacto para Estandares IEEE 802.3af\/at\/bt"},"content":{"rendered":"<div style='width: 100%; max-width: 1200px; margin: 0 auto; font-family: sans-serif; line-height: 1.6; color: inherit; background-color: transparent;'>\n<div style='display: flex; flex-wrap: wrap; gap: 15px; justify-content: center; margin-bottom: 30px;'> <img style='width: 60px; height: auto; border: 1px solid rgba(150&comma;150&comma;150&comma;0.3); border-radius: 8px;' src='https:\/\/planet.com.tw\/storage\/icons\/662\/802.3bt-PoE++.png' alt='802.3bt PoE++'> <img style='width: 60px; height: auto; border: 1px solid rgba(150&comma;150&comma;150&comma;0.3); border-radius: 8px;' src='https:\/\/planet.com.tw\/storage\/icons\/425\/8icon_802.3at_802.3af_End-span_Mid-span.png' alt='802.3at 802.3af Extremo del tramo Medio tramo'> <img style='width: 60px; height: auto; border: 1px solid rgba(150&comma;150&comma;150&comma;0.3); border-radius: 8px;' src='https:\/\/planet.com.tw\/storage\/icons\/7icon_Plug&#038;Show.png' alt='Conectar y mostrar'> <img style='width: 60px; height: auto; border: 1px solid rgba(150&comma;150&comma;150&comma;0.3); border-radius: 8px;' src='https:\/\/planet.com.tw\/storage\/icons\/7icon_compact-Size.png' alt='Compact Size'> <img style='width: 60px; height: auto; border: 1px solid rgba(150&comma;150&comma;150&comma;0.3); border-radius: 8px;' src='https:\/\/planet.com.tw\/storage\/icons\/4icon_Handy.png' alt='Pr\u00e1ctico'> <\/div>\n<div style='text-align: center; margin-bottom: 20px;'>\n<h2 style='font-size: 20px; color: inherit; margin: 0;'>Prueba r\u00e1pida y sencilla en una toma RJ45 para comprobar la existencia de alimentaci\u00f3n a trav\u00e9s de Ethernet<\/h2>\n<\/p><\/div>\n<div style='margin-bottom: 30px;'>\n<p style='text-align: center; font-size: 15px; color: inherit;'> <span style='color: #2880b9;'>POE-TESTER+<\/span> es un adaptador de diagn\u00f3stico PoE de nueva generaci\u00f3n y f\u00e1cil de usar para instaladores de redes&comma; integradores de sistemas&comma; MIS de empresas e incluso usuarios dom\u00e9sticos para identificar r\u00e1pidamente la existencia de Alimentaci\u00f3n a trav\u00e9s de Ethernet en la red de aplicaciones. Est\u00e1 dise\u00f1ado para detectar si el voltaje PoE IEEE 802.3af\/at\/bt pasa por el cable UTP e identificar el tipo de PSE (equipo de fuente de alimentaci\u00f3n). <\/p>\n<\/p><\/div>\n<div style='text-align: center; margin: 30px 0;'> <img style='width: 100%; max-width: 600px; height: auto; border: 1px solid rgba(150&comma;150&comma;150&comma;0.3); border-radius: 8px; display: inline-block;' src='https:\/\/planet.com.tw\/storage\/products\/49401\/edm_POE-TESTER+.jpg' alt=''> <\/div>\n<div style='text-align: center; margin-bottom: 20px;'>\n<h3 style='font-size: 20px; color: inherit; margin: 0;'>Indicadores LED Plug and Show<\/h3>\n<\/p><\/div>\n<div style='margin-bottom: 30px;'>\n<p style='text-align: center; font-size: 15px; color: inherit;'> Simplemente conecte el <span style='color: #2880b9;'><strong>POE-TESTER+<\/strong><\/span> al PSE o al tomacorriente RJ45 y el LED se iluminar\u00e1 cuando detecte el voltaje PoE a trav\u00e9s del cable UTP e identifique que el PSE es 802.3af de mitad y final de tramo. Modo PoE&comma; modo 802.3at PoE+ o incluso el \u00faltimo modo 802.3bt PoE++ de 4 pares en un segundo. <\/p>\n<\/p><\/div>\n<div style='text-align: center; margin: 30px 0;'> <img style='width: 100%; max-width: 600px; height: auto; border: 1px solid rgba(150&comma;150&comma;150&comma;0.3); border-radius: 8px; display: inline-block;' src='https:\/\/planet.com.tw\/storage\/products\/49401\/POE-TESTER+-1.png' alt=''> <\/div>\n<\/p><\/div>\n","protected":false},"excerpt":{"rendered":"<p>Probador Power Over Ethernet Compacto para Estandares IEEE 802.3af\/at\/bt<\/p>\n","protected":false},"featured_media":92399,"comment_status":"open","ping_status":"closed","template":"","meta":[],"product_brand":[],"product_cat":[1986],"product_tag":[664,2033,1987],"class_list":{"0":"post-92400","1":"product","2":"type-product","3":"status-publish","4":"has-post-thumbnail","6":"product_cat-switches-poe","7":"product_tag-networking","8":"product_tag-planet","9":"product_tag-switches-poe","11":"first","12":"outofstock","13":"sale","14":"shipping-taxable","15":"purchasable","16":"product-type-simple"},"_links":{"self":[{"href":"https:\/\/soydeaqui.ddns.net\/pachuca\/index.php\/wp-json\/wp\/v2\/product\/92400","targetHints":{"allow":["GET"]}}],"collection":[{"href":"https:\/\/soydeaqui.ddns.net\/pachuca\/index.php\/wp-json\/wp\/v2\/product"}],"about":[{"href":"https:\/\/soydeaqui.ddns.net\/pachuca\/index.php\/wp-json\/wp\/v2\/types\/product"}],"replies":[{"embeddable":true,"href":"https:\/\/soydeaqui.ddns.net\/pachuca\/index.php\/wp-json\/wp\/v2\/comments?post=92400"}],"wp:featuredmedia":[{"embeddable":true,"href":"https:\/\/soydeaqui.ddns.net\/pachuca\/index.php\/wp-json\/wp\/v2\/media\/92399"}],"wp:attachment":[{"href":"https:\/\/soydeaqui.ddns.net\/pachuca\/index.php\/wp-json\/wp\/v2\/media?parent=92400"}],"wp:term":[{"taxonomy":"product_brand","embeddable":true,"href":"https:\/\/soydeaqui.ddns.net\/pachuca\/index.php\/wp-json\/wp\/v2\/product_brand?post=92400"},{"taxonomy":"product_cat","embeddable":true,"href":"https:\/\/soydeaqui.ddns.net\/pachuca\/index.php\/wp-json\/wp\/v2\/product_cat?post=92400"},{"taxonomy":"product_tag","embeddable":true,"href":"https:\/\/soydeaqui.ddns.net\/pachuca\/index.php\/wp-json\/wp\/v2\/product_tag?post=92400"}],"curies":[{"name":"wp","href":"https:\/\/api.w.org\/{rel}","templated":true}]}}