{"id":92197,"date":"2026-03-20T05:05:12","date_gmt":"2026-03-20T05:05:12","guid":{"rendered":"https:\/\/soydeaqui.ddns.net\/pachuca\/index.php\/producto\/generador-inversor-portatil-a-gasolina-1-7-kw-120vca-arranque-manual\/"},"modified":"2026-03-20T05:05:22","modified_gmt":"2026-03-20T05:05:22","slug":"generador-inversor-portatil-a-gasolina-1-7-kw-120vca-arranque-manual","status":"publish","type":"product","link":"https:\/\/soydeaqui.ddns.net\/pachuca\/index.php\/producto\/generador-inversor-portatil-a-gasolina-1-7-kw-120vca-arranque-manual\/","title":{"rendered":"Generador Inversor Port\u00e1til a Gasolina, 1.7 kW, 120vca , Arranque Manual"},"content":{"rendered":"<div style='width: 100%; max-width: 1200px; margin: 0 auto; font-family: sans-serif; line-height: 1.6; color: inherit; background-color: transparent;'>\n<h2 style='font-size: 24px; margin-top: 0; color: inherit;'><strong>Generador Inversor Port\u00e1til a Gasolina de 1&comma;700 W de Potencia Nominal<\/strong><\/h2>\n<div style='display: flex; flex-wrap: wrap; gap: 30px; margin-bottom: 30px;'>\n<div style='flex: 1 1 300px; min-width: 280px;'>\n<h3 style='font-size: 20px; border-bottom: 2px solid currentColor; padding-bottom: 5px; margin-top: 0; color: inherit; opacity: 0.8;'>Caracter\u00edsticas generales:<\/h3>\n<ul style='padding-left: 20px; font-size: 15px; color: inherit;'>\n<li style='margin-bottom: 5px;'>Rendimiento ultra silencioso con carcasa totalmente cerrada.<\/li>\n<li style='margin-bottom: 5px;'>Ajuste autom\u00e1tico de la velocidad del motor&comma; reduciendo el consumo de combustible y los niveles de ruido.<\/li>\n<li style='margin-bottom: 5px;'>La parada por nivel bajo de aceite protege autom\u00e1ticamente el motor contra da\u00f1os.<\/li>\n<li style='margin-bottom: 5px;'>El tanque de combustible de acero de gran capacidad con indicador de combustible incorporado proporciona durabilidad y hasta 11 horas de funcionamiento con una carga del 25%.<\/li>\n<li style='margin-bottom: 5px;'>Dise\u00f1o ligero con asa incorporada para facilitar su portabilidad.<\/li>\n<\/ul><\/div>\n<div style='flex: 1 1 300px; min-width: 280px;'>\n<h3 style='font-size: 20px; border-bottom: 2px solid currentColor; padding-bottom: 5px; margin-top: 0; color: inherit; opacity: 0.8;'>Caracter\u00edsticas F\u00edsicas y El\u00e9ctricas:<\/h3>\n<ul style='padding-left: 20px; font-size: 15px; color: inherit;'>\n<li style='margin-bottom: 5px;'><strong>Potencia nominal:<\/strong> 1.7 kW<\/li>\n<li style='margin-bottom: 5px;'><strong>Potencia al Arranque:<\/strong> 2 kW<\/li>\n<li style='margin-bottom: 5px;'><strong>Frecuencia:<\/strong> 60 Hz<\/li>\n<li style='margin-bottom: 5px;'><strong>Voltaje de salida:<\/strong> 120 V<\/li>\n<li style='margin-bottom: 5px;'><strong>Peso:<\/strong> 21.1 kg.<\/li>\n<li style='margin-bottom: 5px;'><strong>Dimensiones:<\/strong> 500 x 290 x 454 mm.<\/li>\n<\/ul><\/div>\n<div style='flex: 1 1 300px; min-width: 280px;'>\n<h3 style='font-size: 20px; border-bottom: 2px solid currentColor; padding-bottom: 5px; margin-top: 0; color: inherit; opacity: 0.8;'>Aceite y Combustible:<\/h3>\n<ul style='padding-left: 20px; font-size: 15px; color: inherit;'>\n<li style='margin-bottom: 5px;'><strong>Tipo de aceite:<\/strong> 10W-30 \/ SAE 30<\/li>\n<li style='margin-bottom: 5px;'><strong>Tipo de combustible:<\/strong> Gasolina sin plomo<\/li>\n<li style='margin-bottom: 5px;'><strong>Capacidad del tanque:<\/strong> 4.5 L<\/li>\n<\/ul><\/div>\n<\/p><\/div>\n<hr style='border: 0; border-top: 1px solid rgba(150&comma; 150&comma; 150&comma; 0.3); margin: 30px 0;'> <\/div>\n","protected":false},"excerpt":{"rendered":"<p>Generador Inversor Port\u00e1til a Gasolina, 1.7 kW, 120vca , Arranque Manual<\/p>\n","protected":false},"featured_media":92196,"comment_status":"open","ping_status":"closed","template":"","meta":[],"product_brand":[],"product_cat":[1275],"product_tag":[1276,2220,1062],"class_list":{"0":"post-92197","1":"product","2":"type-product","3":"status-publish","4":"has-post-thumbnail","6":"product_cat-plantas-de-energia","7":"product_tag-plantas-de-energia","8":"product_tag-powermate","9":"product_tag-ups-respaldo","11":"first","12":"instock","13":"sale","14":"shipping-taxable","15":"purchasable","16":"product-type-simple"},"_links":{"self":[{"href":"https:\/\/soydeaqui.ddns.net\/pachuca\/index.php\/wp-json\/wp\/v2\/product\/92197","targetHints":{"allow":["GET"]}}],"collection":[{"href":"https:\/\/soydeaqui.ddns.net\/pachuca\/index.php\/wp-json\/wp\/v2\/product"}],"about":[{"href":"https:\/\/soydeaqui.ddns.net\/pachuca\/index.php\/wp-json\/wp\/v2\/types\/product"}],"replies":[{"embeddable":true,"href":"https:\/\/soydeaqui.ddns.net\/pachuca\/index.php\/wp-json\/wp\/v2\/comments?post=92197"}],"wp:featuredmedia":[{"embeddable":true,"href":"https:\/\/soydeaqui.ddns.net\/pachuca\/index.php\/wp-json\/wp\/v2\/media\/92196"}],"wp:attachment":[{"href":"https:\/\/soydeaqui.ddns.net\/pachuca\/index.php\/wp-json\/wp\/v2\/media?parent=92197"}],"wp:term":[{"taxonomy":"product_brand","embeddable":true,"href":"https:\/\/soydeaqui.ddns.net\/pachuca\/index.php\/wp-json\/wp\/v2\/product_brand?post=92197"},{"taxonomy":"product_cat","embeddable":true,"href":"https:\/\/soydeaqui.ddns.net\/pachuca\/index.php\/wp-json\/wp\/v2\/product_cat?post=92197"},{"taxonomy":"product_tag","embeddable":true,"href":"https:\/\/soydeaqui.ddns.net\/pachuca\/index.php\/wp-json\/wp\/v2\/product_tag?post=92197"}],"curies":[{"name":"wp","href":"https:\/\/api.w.org\/{rel}","templated":true}]}}