{"id":92124,"date":"2026-03-20T05:01:48","date_gmt":"2026-03-20T05:01:48","guid":{"rendered":"https:\/\/soydeaqui.ddns.net\/pachuca\/index.php\/producto\/conmutador-enterprise-modular-yeastar-50-extensiones10-llamadas-simultaneas-hasta-8-puertos-fxo-fxs-no-incluidos\/"},"modified":"2026-03-20T05:01:57","modified_gmt":"2026-03-20T05:01:57","slug":"conmutador-enterprise-modular-yeastar-50-extensiones10-llamadas-simultaneas-hasta-8-puertos-fxo-fxs-no-incluidos","status":"publish","type":"product","link":"https:\/\/soydeaqui.ddns.net\/pachuca\/index.php\/producto\/conmutador-enterprise-modular-yeastar-50-extensiones10-llamadas-simultaneas-hasta-8-puertos-fxo-fxs-no-incluidos\/","title":{"rendered":"Conmutador Enterprise modular yeastar 50 extensiones,10 llamadas simultaneas, Hasta 8 puertos fxo\/fxs (no incluidos)"},"content":{"rendered":"<div style='width: 100%; max-width: 1200px; margin: 0 auto; font-family: sans-serif; line-height: 1.6; color: inherit; background-color: transparent;'> <!-- T\u00edtulo principal --> <\/p>\n<div style='background-color: rgba(1&comma; 151&comma; 214&comma; 0.1); border-left: 5px solid #0197d6; padding: 15px; margin-bottom: 20px;'>\n<h1 style='margin-top: 0; font-size: 28px; text-align: center; color: inherit; opacity: 0.9;'>CONMUTADOR IP P550 YEASTAR<\/h1>\n<\/p><\/div>\n<p> <!-- Descripci\u00f3n --> <\/p>\n<div style='background-color: rgba(1&comma; 151&comma; 214&comma; 0.1); border-left: 5px solid #0197d6; padding: 15px; margin-bottom: 30px;'>\n<p style='text-align: justify; font-size: 18px; margin: 0; color: inherit;'>Un sistema IP\u2011PBX fiable&comma; seguro y con muchas funciones espec\u00edficas para pymes. Unifique la comunicaci\u00f3n empresarial y la participaci\u00f3n del cliente en una sola plataforma.<\/p>\n<\/p><\/div>\n<p> <!-- Secci\u00f3n de caracter\u00edsticas --> <\/p>\n<div style='display: flex; flex-wrap: wrap; gap: 30px; margin-bottom: 30px;'>\n<div style='flex: 1 1 300px; min-width: 280px;'>\n<h3 style='font-size: 22px; border-bottom: 2px solid currentColor; padding-bottom: 5px; margin-top: 0; color: inherit; opacity: 0.8;'>Caracter\u00edsticas principales<\/h3>\n<ul style='padding-left: 20px; font-size: 15px; color: inherit;'>\n<li style='margin-bottom: 5px;'>50 usuarios<\/li>\n<li style='margin-bottom: 5px;'>25 llamadas simult\u00e1neas<\/li>\n<li style='margin-bottom: 5px;'>Hasta 8 puertos FXO\/FXS (No incluidos)<\/li>\n<li style='margin-bottom: 5px;'>Hasta 4 puertos GSM (No incluidos)<\/li>\n<li style='margin-bottom: 5px;'>Soporte de troncales SIP<\/li>\n<\/ul><\/div>\n<\/p><\/div>\n<p> <!-- Secci\u00f3n de preguntas frecuentes --> <\/p>\n<div style='display: flex; flex-wrap: wrap; gap: 30px; margin-bottom: 30px;'>\n<div style='flex: 1 1 300px; min-width: 280px;'>\n<h3 style='font-size: 22px; border-bottom: 2px solid currentColor; padding-bottom: 5px; margin-top: 0; color: inherit; opacity: 0.8;'>Preguntas Frecuentes (FAQ)<\/h3>\n<div style='font-size: 15px; color: inherit;'>\n<p style='margin-bottom: 15px;'><strong>\u00bfQu\u00e9 tipo de troncales es compatible con el conmutador?<\/strong><br \/>El conmutador P550 es compatible con troncales SIP y con troncales an\u00e1logas de cualquier proveedor (Telmex&comma; TotalPlay&comma; etc.).<\/p>\n<p style='margin-bottom: 0;'><strong>\u00bfQu\u00e9 tel\u00e9fonos son compatibles con este conmutador?<\/strong><br \/>Es compatible con Fanvil&comma; Grandstream o cualquier tel\u00e9fono que utilice protocolo SIP abierto.<\/p>\n<\/p><\/div>\n<\/p><\/div>\n<\/p><\/div>\n<p> <!-- Separador --> <\/p>\n<hr style='border: 0; border-top: 1px solid rgba(150&comma; 150&comma; 150&comma; 0.3); margin: 30px 0;'> <!-- Galer\u00eda de im\u00e1genes --> <\/p>\n<div style='display: flex; flex-wrap: wrap; gap: 20px; margin-bottom: 30px;'>\n<div style='flex: 1 1 300px; min-width: 280px;'>\n<h3 style='font-size: 22px; border-bottom: 2px solid currentColor; padding-bottom: 5px; margin-top: 0; color: inherit; opacity: 0.8;'>Galer\u00eda de im\u00e1genes<\/h3>\n<\/p><\/div>\n<\/p><\/div>\n<p> <!-- Im\u00e1genes --> <\/p>\n<div style='display: flex; flex-wrap: wrap; gap: 20px; margin-bottom: 30px; justify-content: center;'>\n<div style='flex: 1 1 300px; min-width: 280px; max-width: 600px;'> <img style='width: 100%; height: auto; border: 1px solid rgba(150&comma;150&comma;150&comma;0.3); border-radius: 8px;' src='https:\/\/ftp3.syscom.mx\/usuarios\/fotos\/P550\/230078-captura_de_pantalla_2025-03-14_a_la(s)_9.14.43 a.m..png' alt='P550 Vista Frontal'> <\/div>\n<div style='flex: 1 1 300px; min-width: 280px; max-width: 600px;'> <img style='width: 100%; height: auto; border: 1px solid rgba(150&comma;150&comma;150&comma;0.3); border-radius: 8px;' src='https:\/\/ftp3.syscom.mx\/usuarios\/fotos\/P520\/236884-captura_de_pantalla_2025-03-13_a_la(s)_4.16.27 p.m.-photoroom.png' alt='P550 Interior'> <\/div>\n<div style='flex: 1 1 300px; min-width: 280px; max-width: 600px;'> <img style='width: 100%; height: auto; border: 1px solid rgba(150&comma;150&comma;150&comma;0.3); border-radius: 8px;' src='https:\/\/ftp3.syscom.mx\/usuarios\/fotos\/P520\/236884-captura_de_pantalla_2025-03-13_a_la(s)_4.17.13 p.m..png' alt='P550 Parte Trasera'> <\/div>\n<div style='flex: 1 1 300px; min-width: 280px; max-width: 600px;'> <img style='width: 100%; height: auto; border: 1px solid rgba(150&comma;150&comma;150&comma;0.3); border-radius: 8px;' src='https:\/\/ftp3.syscom.mx\/usuarios\/fotos\/P520\/236884-captura_de_pantalla_2025-03-13_a_la(s)_4.17.24 p.m..png' alt='P550 Detalle de puertos'> <\/div>\n<div style='flex: 1 1 300px; min-width: 280px; max-width: 600px;'> <img style='width: 100%; height: auto; border: 1px solid rgba(150&comma;150&comma;150&comma;0.3); border-radius: 8px;' src='https:\/\/ftp3.syscom.mx\/usuarios\/fotos\/P520\/236884-captura_de_pantalla_2025-03-13_a_la(s)_4.17.35 p.m.-photoroom_(1).png' alt='P550 Interno'> <\/div>\n<\/p><\/div>\n<\/p><\/div>\n","protected":false},"excerpt":{"rendered":"<p>Conmutador Enterprise modular yeastar 50 extensiones,10 llamadas simultaneas, Hasta 8 puertos fxo\/fxs (no incluidos)<\/p>\n","protected":false},"featured_media":92123,"comment_status":"open","ping_status":"closed","template":"","meta":[],"product_brand":[],"product_cat":[2028],"product_tag":[2029,2004,2145],"class_list":{"0":"post-92124","1":"product","2":"type-product","3":"status-publish","4":"has-post-thumbnail","6":"product_cat-conmutadores-ip","7":"product_tag-conmutadores-ip","8":"product_tag-voip-telefonia-ip-videoconferencia","9":"product_tag-yeastar","11":"first","12":"instock","13":"sale","14":"shipping-taxable","15":"purchasable","16":"product-type-simple"},"_links":{"self":[{"href":"https:\/\/soydeaqui.ddns.net\/pachuca\/index.php\/wp-json\/wp\/v2\/product\/92124","targetHints":{"allow":["GET"]}}],"collection":[{"href":"https:\/\/soydeaqui.ddns.net\/pachuca\/index.php\/wp-json\/wp\/v2\/product"}],"about":[{"href":"https:\/\/soydeaqui.ddns.net\/pachuca\/index.php\/wp-json\/wp\/v2\/types\/product"}],"replies":[{"embeddable":true,"href":"https:\/\/soydeaqui.ddns.net\/pachuca\/index.php\/wp-json\/wp\/v2\/comments?post=92124"}],"wp:featuredmedia":[{"embeddable":true,"href":"https:\/\/soydeaqui.ddns.net\/pachuca\/index.php\/wp-json\/wp\/v2\/media\/92123"}],"wp:attachment":[{"href":"https:\/\/soydeaqui.ddns.net\/pachuca\/index.php\/wp-json\/wp\/v2\/media?parent=92124"}],"wp:term":[{"taxonomy":"product_brand","embeddable":true,"href":"https:\/\/soydeaqui.ddns.net\/pachuca\/index.php\/wp-json\/wp\/v2\/product_brand?post=92124"},{"taxonomy":"product_cat","embeddable":true,"href":"https:\/\/soydeaqui.ddns.net\/pachuca\/index.php\/wp-json\/wp\/v2\/product_cat?post=92124"},{"taxonomy":"product_tag","embeddable":true,"href":"https:\/\/soydeaqui.ddns.net\/pachuca\/index.php\/wp-json\/wp\/v2\/product_tag?post=92124"}],"curies":[{"name":"wp","href":"https:\/\/api.w.org\/{rel}","templated":true}]}}