{"id":92056,"date":"2026-03-20T04:58:34","date_gmt":"2026-03-20T04:58:34","guid":{"rendered":"https:\/\/soydeaqui.ddns.net\/pachuca\/index.php\/producto\/soporte-de-aluminio-para-laptop-ajustable-180-soporta-laptops-de-10-a-17-3-capacidad-de-carga-5kg-excelente-estabilidad-diseno-para-alta-disipacion-de-calor-altura-y-angulo-ajustabl\/"},"modified":"2026-03-20T04:58:46","modified_gmt":"2026-03-20T04:58:46","slug":"soporte-de-aluminio-para-laptop-ajustable-180-soporta-laptops-de-10-a-17-3-capacidad-de-carga-5kg-excelente-estabilidad-diseno-para-alta-disipacion-de-calor-altura-y-angulo-ajustabl","status":"publish","type":"product","link":"https:\/\/soydeaqui.ddns.net\/pachuca\/index.php\/producto\/soporte-de-aluminio-para-laptop-ajustable-180-soporta-laptops-de-10-a-17-3-capacidad-de-carga-5kg-excelente-estabilidad-diseno-para-alta-disipacion-de-calor-altura-y-angulo-ajustabl\/","title":{"rendered":"Soporte de Aluminio para Laptop | Ajustable 180\u00b0 | Soporta Laptops de 10 a 17.3&#8221;| Capacidad de Carga 5Kg | Excelente Estabilidad | Dise\u00f1o Para Alta Disipaci\u00f3n de Calor | Altura y Angulo Ajustable | Plegable y Port\u00e1til."},"content":{"rendered":"<div style='width: 100%; max-width: 1200px; margin: 0 auto; font-family: sans-serif; line-height: 1.6; color: inherit; background-color: transparent;'>\n<div style='display: flex; flex-wrap: wrap; gap: 30px; margin-bottom: 30px;'>\n<div style='flex: 1 1 300px; min-width: 280px;'>\n<h3 style='font-size: 22px; border-bottom: 2px solid currentColor; padding-bottom: 5px; margin-top: 0; color: inherit; opacity: 0.8;'>Caracter\u00edsticas<\/h3>\n<ul style='padding-left: 20px; font-size: 15px; color: inherit;'>\n<li style='margin-bottom: 5px;'><strong>Dise\u00f1o:<\/strong> Soporte de Aluminio para Laptop<\/li>\n<li style='margin-bottom: 5px;'><strong>Ajuste:<\/strong> 180\u00b0 ajustable<\/li>\n<li style='margin-bottom: 5px;'><strong>Compatibilidad:<\/strong> Laptops de 10 a 17.3&#8221;<\/li>\n<li style='margin-bottom: 5px;'><strong>Capacidad:<\/strong> Carga de hasta 5Kg<\/li>\n<li style='margin-bottom: 5px;'><strong>Estabilidad:<\/strong> Excelente estabilidad<\/li>\n<li style='margin-bottom: 5px;'><strong>Disipaci\u00f3n:<\/strong> Dise\u00f1o para alta disipaci\u00f3n de calor<\/li>\n<li style='margin-bottom: 5px;'><strong>Ajustabilidad:<\/strong> Altura y \u00e1ngulo ajustable<\/li>\n<li style='margin-bottom: 5px;'><strong>Portabilidad:<\/strong> Dise\u00f1o plegable y port\u00e1til<\/li>\n<\/ul><\/div>\n<\/p><\/div>\n<div style='display: flex; flex-wrap: wrap; gap: 20px; margin-bottom: 30px;'>\n<div style='flex: 1 1 250px; border: 1px solid rgba(150&comma; 150&comma; 150&comma; 0.4); border-radius: 8px; overflow: hidden; display: flex; flex-direction: column;'>\n<div style='padding: 15px; border-bottom: 1px solid rgba(150&comma; 150&comma; 150&comma; 0.2); font-weight: bold; font-size: 18px; color: inherit;'>Especificaciones<\/div>\n<div style='padding: 15px; color: inherit;'>\n<ul style='padding-left: 20px; margin: 0; font-size: 14px; list-style-type: disc;'>\n<li style='margin-bottom: 5px;'><strong>Material:<\/strong> Aluminio<\/li>\n<li style='margin-bottom: 5px;'><strong>\u00c1ngulo ajustable:<\/strong> 180\u00b0<\/li>\n<li style='margin-bottom: 5px;'><strong>Tama\u00f1o compatible:<\/strong> 10 a 17.3&#8221;<\/li>\n<li style='margin-bottom: 5px;'><strong>Capacidad:<\/strong> 5Kg<\/li>\n<li style='margin-bottom: 5px;'><strong>Funci\u00f3n:<\/strong> Altura y \u00e1ngulo ajustable<\/li>\n<li style='margin-bottom: 5px;'><strong>Dise\u00f1o:<\/strong> Plegable y port\u00e1til<\/li>\n<\/ul><\/div>\n<\/p><\/div>\n<\/p><\/div>\n<hr style='border: 0; border-top: 1px solid rgba(150&comma; 150&comma; 150&comma; 0.3); margin: 30px 0;'>\n<div style='display: flex; flex-wrap: wrap; gap: 20px; margin-bottom: 30px;'>\n<div style='flex: 1 1 300px;'> <img style='width: 100%; height: auto; border: 1px solid rgba(150&comma;150&comma;150&comma;0.3); border-radius: 8px;' src='http:\/\/ftp3.syscom.mx\/usuarios\/hallende\/UGREEN2\/Soportes\/40291\/40291-20.png' alt=''> <\/div>\n<div style='flex: 1 1 300px;'> <img style='width: 100%; height: auto; border: 1px solid rgba(150&comma;150&comma;150&comma;0.3); border-radius: 8px;' src='http:\/\/ftp3.syscom.mx\/usuarios\/hallende\/UGREEN2\/Soportes\/40291\/40291-21.png' alt=''> <\/div>\n<div style='flex: 1 1 300px;'> <img style='width: 100%; height: auto; border: 1px solid rgba(150&comma;150&comma;150&comma;0.3); border-radius: 8px;' src='http:\/\/ftp3.syscom.mx\/usuarios\/hallende\/UGREEN2\/Soportes\/40291\/40291-22.png' alt=''> <\/div>\n<div style='flex: 1 1 300px;'> <img style='width: 100%; height: auto; border: 1px solid rgba(150&comma;150&comma;150&comma;0.3); border-radius: 8px;' src='http:\/\/ftp3.syscom.mx\/usuarios\/hallende\/UGREEN2\/Soportes\/40291\/40291-23.png' alt=''> <\/div>\n<div style='flex: 1 1 300px;'> <img style='width: 100%; height: auto; border: 1px solid rgba(150&comma;150&comma;150&comma;0.3); border-radius: 8px;' src='http:\/\/ftp3.syscom.mx\/usuarios\/hallende\/UGREEN2\/Soportes\/40291\/40291-24.png' alt=''> <\/div>\n<div style='flex: 1 1 300px;'> <img style='width: 100%; height: auto; border: 1px solid rgba(150&comma;150&comma;150&comma;0.3); border-radius: 8px;' src='http:\/\/ftp3.syscom.mx\/usuarios\/hallende\/UGREEN2\/Soportes\/40291\/40291-25.png' alt=''> <\/div>\n<div style='flex: 1 1 300px;'> <img style='width: 100%; height: auto; border: 1px solid rgba(150&comma;150&comma;150&comma;0.3); border-radius: 8px;' src='http:\/\/ftp3.syscom.mx\/usuarios\/hallende\/UGREEN2\/Soportes\/40291\/40291-26.png' alt=''> <\/div>\n<div style='flex: 1 1 300px;'> <img style='width: 100%; height: auto; border: 1px solid rgba(150&comma;150&comma;150&comma;0.3); border-radius: 8px;' src='http:\/\/ftp3.syscom.mx\/usuarios\/hallende\/UGREEN2\/Soportes\/40291\/40291-27.png' alt=''> <\/div>\n<\/p><\/div>\n<\/p><\/div>\n","protected":false},"excerpt":{"rendered":"<p>Soporte de Aluminio para Laptop | Ajustable 180\u00b0 | Soporta Laptops de 10 a 17.3&#8221;| Capacidad de Carga 5Kg | Excelente Estabilidad | Dise\u00f1o Para Alta Disipaci\u00f3n de Calor | Altura y Angulo Ajustable | Plegable y Port\u00e1til.<\/p>\n","protected":false},"featured_media":92055,"comment_status":"open","ping_status":"closed","template":"","meta":[],"product_brand":[],"product_cat":[1235],"product_tag":[417,1236,650],"class_list":{"0":"post-92056","1":"product","2":"type-product","3":"status-publish","4":"has-post-thumbnail","6":"product_cat-accesorios-para-computadora-y-smartphones","7":"product_tag-accesorios-generales","8":"product_tag-accesorios-para-computadora-y-smartphones","9":"product_tag-ugreen","11":"first","12":"instock","13":"sale","14":"shipping-taxable","15":"purchasable","16":"product-type-simple"},"_links":{"self":[{"href":"https:\/\/soydeaqui.ddns.net\/pachuca\/index.php\/wp-json\/wp\/v2\/product\/92056","targetHints":{"allow":["GET"]}}],"collection":[{"href":"https:\/\/soydeaqui.ddns.net\/pachuca\/index.php\/wp-json\/wp\/v2\/product"}],"about":[{"href":"https:\/\/soydeaqui.ddns.net\/pachuca\/index.php\/wp-json\/wp\/v2\/types\/product"}],"replies":[{"embeddable":true,"href":"https:\/\/soydeaqui.ddns.net\/pachuca\/index.php\/wp-json\/wp\/v2\/comments?post=92056"}],"wp:featuredmedia":[{"embeddable":true,"href":"https:\/\/soydeaqui.ddns.net\/pachuca\/index.php\/wp-json\/wp\/v2\/media\/92055"}],"wp:attachment":[{"href":"https:\/\/soydeaqui.ddns.net\/pachuca\/index.php\/wp-json\/wp\/v2\/media?parent=92056"}],"wp:term":[{"taxonomy":"product_brand","embeddable":true,"href":"https:\/\/soydeaqui.ddns.net\/pachuca\/index.php\/wp-json\/wp\/v2\/product_brand?post=92056"},{"taxonomy":"product_cat","embeddable":true,"href":"https:\/\/soydeaqui.ddns.net\/pachuca\/index.php\/wp-json\/wp\/v2\/product_cat?post=92056"},{"taxonomy":"product_tag","embeddable":true,"href":"https:\/\/soydeaqui.ddns.net\/pachuca\/index.php\/wp-json\/wp\/v2\/product_tag?post=92056"}],"curies":[{"name":"wp","href":"https:\/\/api.w.org\/{rel}","templated":true}]}}