{"id":92001,"date":"2026-03-20T04:56:00","date_gmt":"2026-03-20T04:56:00","guid":{"rendered":"https:\/\/soydeaqui.ddns.net\/pachuca\/index.php\/producto\/netmetal-ax-radio-conectorizado-wi-fi-6-doble-banda-gigabit-y-sfp-2-5g-para-exteriores\/"},"modified":"2026-03-20T04:56:11","modified_gmt":"2026-03-20T04:56:11","slug":"netmetal-ax-radio-conectorizado-wi-fi-6-doble-banda-gigabit-y-sfp-2-5g-para-exteriores","status":"publish","type":"product","link":"https:\/\/soydeaqui.ddns.net\/pachuca\/index.php\/producto\/netmetal-ax-radio-conectorizado-wi-fi-6-doble-banda-gigabit-y-sfp-2-5g-para-exteriores\/","title":{"rendered":"(NetMetal ax) \u2013 Radio conectorizado Wi-Fi 6 doble banda, Gigabit y SFP+ 2.5G para exteriores"},"content":{"rendered":"<div style='width: 100%; max-width: 1200px; margin: 0 auto; font-family: sans-serif; line-height: 1.6; color: inherit; background-color: transparent;'> <!-- Imagen original --> <\/p>\n<div style='margin-bottom: 30px;'> <img style='width: 100%; height: auto; border: 1px solid rgba(150&comma;150&comma;150&comma;0.3); border-radius: 8px;' src='https:\/\/help.mikrotik.com\/docs\/download\/attachments\/63406151\/MT_logo_arrow_v2-02.png?version=1&#038;modificationDate=1742817849639&#038;api=v2' alt='Logo MikroTik'> <\/div>\n<p> <!-- Descripci\u00f3n general --> <\/p>\n<div style='margin-bottom: 30px; font-size: 15px;'>\n<p style='margin: 0 0 15px 0;'>Conoce a uno de tus compa\u00f1eros m\u00e1s vers\u00e1tiles: el hacha NetMetal&comma; un potente punto de acceso al aire libre de largo alcance que prospera en cualquier entorno. Dise\u00f1ado para una mayor durabilidad&comma; se puede instalar en casi cualquier lugar con facilidad: puede abrir y cerrar la caja con una mano. La protecci\u00f3n IP66 nominal mantendr\u00e1 el dispositivo a salvo del polvo y los potentes chorros de agua&comma; en \u00e1ticos h\u00famedos y pozos de ascensores&comma; muelles bulliciosos o estructuras de torres costeras. Ning\u00fan terreno es demasiado accidentado para el hacha NetMetal&comma; \u00a1el rover de Marte de las redes!<\/p>\n<p style='margin: 0 0 15px 0;'>Cuenta con una moderna CPU ARM de doble n\u00facleo&comma; Gigabit Ethernet y 2&comma;5 Gigabit SFP para conectividad de fibra&comma; un puerto USB y una ranura miniPCie gratuita que permite una mayor personalizaci\u00f3n. Podr\u00edas&comma; por ejemplo&comma; a\u00f1adir un m\u00f3dem LTE para una copia de seguridad de Internet m\u00f3vil: \u00a1hemos a\u00f1adido una ranura NanoSIM en el NetMetal! Pero hay otras opciones&comma; como a\u00f1adir una puerta de enlace para las configuraciones de LoRa IoT&comma; \u00a1como nuestro R11e-LR8!<\/p>\n<p style='margin: 0 0 15px 0;'>Una potente radio Wi-Fi 6 de doble banda y doble cadena ofrece una mayor velocidad&comma; estabilidad&comma; seguridad&comma; itinerancia&comma; gesti\u00f3n de energ\u00eda y otras caracter\u00edsticas&comma; en comparaci\u00f3n con los protocolos inal\u00e1mbricos anteriores. Dos conectores RP-SMA permiten a\u00f1adir una antena de su elecci\u00f3n para distancias de hasta 30 kil\u00f3metros. *. Si es necesario&comma; puede adaptar el hacha NetMetal para un uso de rango inferior con antenas como nuestra unidad de antena omni atornillada HGO-antenna-OUT. Proporciona una ganancia de 3&comma;3 dBi para la banda de 2&comma;4 GHz y una ganancia de 5&comma;5-7&comma;1 dBi para la banda de 5 GHz.<\/p>\n<\/p><\/div>\n<p> <!-- Secciones de uso --> <\/p>\n<div style='display: flex; flex-wrap: wrap; gap: 30px; margin-bottom: 30px;'>\n<div style='flex: 1 1 300px; min-width: 280px;'>\n<h3 style='font-size: 20px; border-bottom: 2px solid currentColor; padding-bottom: 5px; margin-top: 0; color: inherit; opacity: 0.8;'>Enlaces punto a punto o punto a multipunto<\/h3>\n<ul style='padding-left: 20px; font-size: 14px; color: inherit;'>\n<li style='margin-bottom: 5px;'>Se conecta con antenas externas para transmitir datos a largas distancias.<\/li>\n<li style='margin-bottom: 5px;'>Ideal para ISPs&comma; redes privadas o backhaul de alto rendimiento.<\/li>\n<\/ul><\/div>\n<div style='flex: 1 1 300px; min-width: 280px;'>\n<h3 style='font-size: 20px; border-bottom: 2px solid currentColor; padding-bottom: 5px; margin-top: 0; color: inherit; opacity: 0.8;'>Redes exteriores en zonas industriales&comma; rurales o ciudades<\/h3>\n<ul style='padding-left: 20px; font-size: 14px; color: inherit;'>\n<li style='margin-bottom: 5px;'>Se puede usar con antenas sectoriales para distribuir Wi-Fi en grandes \u00e1reas.<\/li>\n<li style='margin-bottom: 5px;'>Soporta condiciones clim\u00e1ticas extremas.<\/li>\n<\/ul><\/div>\n<div style='flex: 1 1 300px; min-width: 280px;'>\n<h3 style='font-size: 20px; border-bottom: 2px solid currentColor; padding-bottom: 5px; margin-top: 0; color: inherit; opacity: 0.8;'>Compatibilidad con sistemas de fibra h\u00edbrida<\/h3>\n<ul style='padding-left: 20px; font-size: 14px; color: inherit;'>\n<li style='margin-bottom: 5px;'>Tiene puerto SFP+ de 2.5G para conectar fibra \u00f3ptica directamente.<\/li>\n<li style='margin-bottom: 5px;'>Esto lo hace ideal para redes mixtas de fibra + inal\u00e1mbrico.<\/li>\n<\/ul><\/div>\n<\/p><\/div>\n<p> <!-- Secci\u00f3n de especificaciones --> <\/p>\n<div style='margin-bottom: 30px;'>\n<h3 style='font-size: 22px; border-bottom: 2px solid currentColor; padding-bottom: 10px; margin: 0 0 20px 0; color: inherit; opacity: 0.8;'>Especificaciones t\u00e9cnicas<\/h3>\n<div style='display: flex; flex-wrap: wrap; gap: 20px;'>\n<div style='flex: 1 1 250px; border: 1px solid rgba(150&comma; 150&comma; 150&comma; 0.4); border-radius: 8px; overflow: hidden; display: flex; flex-direction: column;'>\n<div style='padding: 15px; border-bottom: 1px solid rgba(150&comma; 150&comma; 150&comma; 0.2); font-weight: bold; font-size: 18px; color: inherit;'>Caracter\u00edsticas generales<\/div>\n<div style='padding: 15px; color: inherit;'>\n<ul style='padding-left: 20px; margin: 0; font-size: 14px; list-style-type: disc;'>\n<li style='margin-bottom: 5px;'><strong>C\u00f3digo de producto:<\/strong> L23UGSR-5HaxD2HaxD-NM<\/li>\n<li style='margin-bottom: 5px;'><strong>Arquitectura:<\/strong> ARM 64 bits<\/li>\n<li style='margin-bottom: 5px;'><strong>CPU:<\/strong> IPQ-5010<\/li>\n<li style='margin-bottom: 5px;'><strong>N\u00facleos:<\/strong> 2<\/li>\n<li style='margin-bottom: 5px;'><strong>Frecuencia CPU:<\/strong> 800 MHz<\/li>\n<li style='margin-bottom: 5px;'><strong>Licencia RouterOS:<\/strong> 4<\/li>\n<li style='margin-bottom: 5px;'><strong>Sistema operativo:<\/strong> RouterOS v7<\/li>\n<li style='margin-bottom: 5px;'><strong>RAM:<\/strong> 256 MB<\/li>\n<li style='margin-bottom: 5px;'><strong>Almacenamiento:<\/strong> 128 MB NAND<\/li>\n<li style='margin-bottom: 5px;'><strong>Temperatura operaci\u00f3n:<\/strong> -40 \u00b0C a 70 \u00b0C<\/li>\n<\/ul><\/div>\n<\/p><\/div>\n<div style='flex: 1 1 250px; border: 1px solid rgba(150&comma; 150&comma; 150&comma; 0.4); border-radius: 8px; overflow: hidden; display: flex; flex-direction: column;'>\n<div style='padding: 15px; border-bottom: 1px solid rgba(150&comma; 150&comma; 150&comma; 0.2); font-weight: bold; font-size: 18px; color: inherit;'>Alimentaci\u00f3n<\/div>\n<div style='padding: 15px; color: inherit;'>\n<ul style='padding-left: 20px; margin: 0; font-size: 14px; list-style-type: disc;'>\n<li style='margin-bottom: 5px;'><strong>Entrada CC:<\/strong> 2 (toma de CC&comma; PoE-IN)<\/li>\n<li style='margin-bottom: 5px;'><strong>Voltaje CC:<\/strong> 12-28 V<\/li>\n<li style='margin-bottom: 5px;'><strong>Consumo m\u00e1x:<\/strong> 25 W<\/li>\n<li style='margin-bottom: 5px;'><strong>Consumo m\u00e1x sin accesorios:<\/strong> 12 W<\/li>\n<li style='margin-bottom: 5px;'><strong>Refrigeraci\u00f3n:<\/strong> Pasivo<\/li>\n<li style='margin-bottom: 5px;'><strong>PoE in:<\/strong> Pasivo<\/li>\n<li style='margin-bottom: 5px;'><strong>Voltaje PoE in:<\/strong> 18-28 V<\/li>\n<\/ul><\/div>\n<\/p><\/div>\n<div style='flex: 1 1 250px; border: 1px solid rgba(150&comma; 150&comma; 150&comma; 0.4); border-radius: 8px; overflow: hidden; display: flex; flex-direction: column;'>\n<div style='padding: 15px; border-bottom: 1px solid rgba(150&comma; 150&comma; 150&comma; 0.2); font-weight: bold; font-size: 18px; color: inherit;'>Conectividad inal\u00e1mbrica<\/div>\n<div style='padding: 15px; color: inherit;'>\n<ul style='padding-left: 20px; margin: 0; font-size: 14px; list-style-type: disc;'>\n<li style='margin-bottom: 5px;'><strong>Wi-Fi 2.4GHz:<\/strong> 574 Mbit\/s (802.11b\/g\/n\/ax&comma; 2&#215;2)<\/li>\n<li style='margin-bottom: 5px;'><strong>Wi-Fi 5GHz:<\/strong> 1200 Mbit\/s (802.11a\/n\/ac\/ax&comma; 2&#215;2)<\/li>\n<li style='margin-bottom: 5px;'><strong>Wi-Fi 6:<\/strong> 2.4GHz y 5GHz<\/li>\n<li style='margin-bottom: 5px;'><strong>Chip 2.4GHz:<\/strong> IPQ-5010<\/li>\n<li style='margin-bottom: 5px;'><strong>Chip 5GHz:<\/strong> QCN-6102<\/li>\n<\/ul><\/div>\n<\/p><\/div>\n<div style='flex: 1 1 250px; border: 1px solid rgba(150&comma; 150&comma; 150&comma; 0.4); border-radius: 8px; overflow: hidden; display: flex; flex-direction: column;'>\n<div style='padding: 15px; border-bottom: 1px solid rgba(150&comma; 150&comma; 150&comma; 0.2); font-weight: bold; font-size: 18px; color: inherit;'>Conectividad f\u00edsica<\/div>\n<div style='padding: 15px; color: inherit;'>\n<ul style='padding-left: 20px; margin: 0; font-size: 14px; list-style-type: disc;'>\n<li style='margin-bottom: 5px;'><strong>Ethernet:<\/strong> 1x 10\/100\/1000<\/li>\n<li style='margin-bottom: 5px;'><strong>Fibra \u00f3ptica:<\/strong> 1x SFP+ 2.5G<\/li>\n<li style='margin-bottom: 5px;'><strong>USB:<\/strong> 1x tipo A<\/li>\n<li style='margin-bottom: 5px;'><strong>MiniPCIe:<\/strong> 1 ranura<\/li>\n<li style='margin-bottom: 5px;'><strong>Soporte SIM:<\/strong> 1 Nano SIM<\/li>\n<li style='margin-bottom: 5px;'><strong>USB corriente:<\/strong> 1A<\/li>\n<\/ul><\/div>\n<\/p><\/div>\n<div style='flex: 1 1 250px; border: 1px solid rgba(150&comma; 150&comma; 150&comma; 0.4); border-radius: 8px; overflow: hidden; display: flex; flex-direction: column;'>\n<div style='padding: 15px; border-bottom: 1px solid rgba(150&comma; 150&comma; 150&comma; 0.2); font-weight: bold; font-size: 18px; color: inherit;'>Caracter\u00edsticas adicionales<\/div>\n<div style='padding: 15px; color: inherit;'>\n<ul style='padding-left: 20px; margin: 0; font-size: 14px; list-style-type: disc;'>\n<li style='margin-bottom: 5px;'><strong>Temperatura PCB:<\/strong> Monitoreo<\/li>\n<li style='margin-bottom: 5px;'><strong>Voltaje:<\/strong> Monitoreo<\/li>\n<li style='margin-bottom: 5px;'><strong>Beeper:<\/strong> S\u00ed<\/li>\n<li style='margin-bottom: 5px;'><strong>Protecci\u00f3n:<\/strong> IP66<\/li>\n<li style='margin-bottom: 5px;'><strong>Certificaciones:<\/strong> CE&comma; FCC&comma; IC&comma; EAC&comma; ROHS<\/li>\n<\/ul><\/div>\n<\/p><\/div>\n<\/p><\/div>\n<\/p><\/div>\n<p> <!-- Piezas incluidas --> <\/p>\n<div style='margin-bottom: 30px;'>\n<h3 style='font-size: 22px; border-bottom: 2px solid currentColor; padding-bottom: 10px; margin: 0 0 20px 0; color: inherit; opacity: 0.8;'>Piezas incluidas<\/h3>\n<div style='display: grid; grid-template-columns: repeat(auto-fill&comma; minmax(140px&comma; 1fr)); gap: 20px;'>\n<div style='text-align: center;'> <img style='width: 100%; max-width: 80px; height: auto; border: 1px solid rgba(150&comma;150&comma;150&comma;0.3); border-radius: 8px;' src='https:\/\/i.mt.lv\/cdn\/rb_images\/part331393422988s.jpg' alt='Adaptador de corriente'> <\/p>\n<p style='margin-top: 8px; font-size: 14px; color: inherit;'>Adaptador de corriente de 24V y 1&comma;2 A<\/p>\n<\/p><\/div>\n<div style='text-align: center;'> <img style='width: 100%; max-width: 80px; height: auto; border: 1px solid rgba(150&comma;150&comma;150&comma;0.3); border-radius: 8px;' src='https:\/\/i.mt.lv\/cdn\/rb_images\/part1141600237409s.jpg' alt='Inyector PoE'> <\/p>\n<p style='margin-top: 8px; font-size: 14px; color: inherit;'>Inyector Gigabit PoE<\/p>\n<\/p><\/div>\n<div style='text-align: center;'> <img style='width: 100%; max-width: 80px; height: auto; border: 1px solid rgba(150&comma;150&comma;150&comma;0.3); border-radius: 8px;' src='https:\/\/i.mt.lv\/cdn\/rb_images\/part181391163711s.jpg' alt='Anillo de metal'> <\/p>\n<p style='margin-top: 8px; font-size: 14px; color: inherit;'>Anillo de metal (uno)<\/p>\n<\/p><\/div>\n<div style='text-align: center;'> <img style='width: 100%; max-width: 80px; height: auto; border: 1px solid rgba(150&comma;150&comma;150&comma;0.3); border-radius: 8px;' src='https:\/\/i.mt.lv\/cdn\/rb_images\/part61632835242s.jpg' alt='Montaje DIN'> <\/p>\n<p style='margin-top: 8px; font-size: 14px; color: inherit;'>Montaje DIN (K-27)<\/p>\n<\/p><\/div>\n<\/p><\/div>\n<\/p><\/div>\n<p> <!-- Informaci\u00f3n final --> <\/p>\n<div style='margin-bottom: 30px; font-size: 14px;'>\n<p style='margin: 0;'><em>El dispositivo tiene un sistema operativo preinstalado y con licencia. No es necesaria ninguna compra por separado y el producto est\u00e1 listo para usar. El dispositivo incluye actualizaciones de software gratuitas durante la vida \u00fatil del producto o un m\u00ednimo de 5 a\u00f1os a partir de la fecha de compra.<\/em><\/p>\n<\/p><\/div>\n<p> <!-- Separador final --> <\/p>\n<hr style='border: 0; border-top: 1px solid rgba(150&comma; 150&comma; 150&comma; 0.3); margin: 30px 0;'> <\/div>\n","protected":false},"excerpt":{"rendered":"<p>(NetMetal ax) \u2013 Radio conectorizado Wi-Fi 6 doble banda, Gigabit y SFP+ 2.5G para exteriores<\/p>\n","protected":false},"featured_media":92000,"comment_status":"open","ping_status":"closed","template":"","meta":[],"product_brand":[],"product_cat":[1998],"product_tag":[1999,1980,643],"class_list":{"0":"post-92001","1":"product","2":"type-product","3":"status-publish","4":"has-post-thumbnail","6":"product_cat-5-y-6-ghz","7":"product_tag-5-y-6-ghz","8":"product_tag-enlaces-ptp-y-ptmp","9":"product_tag-mikrotik","11":"first","12":"instock","13":"sale","14":"shipping-taxable","15":"purchasable","16":"product-type-simple"},"_links":{"self":[{"href":"https:\/\/soydeaqui.ddns.net\/pachuca\/index.php\/wp-json\/wp\/v2\/product\/92001","targetHints":{"allow":["GET"]}}],"collection":[{"href":"https:\/\/soydeaqui.ddns.net\/pachuca\/index.php\/wp-json\/wp\/v2\/product"}],"about":[{"href":"https:\/\/soydeaqui.ddns.net\/pachuca\/index.php\/wp-json\/wp\/v2\/types\/product"}],"replies":[{"embeddable":true,"href":"https:\/\/soydeaqui.ddns.net\/pachuca\/index.php\/wp-json\/wp\/v2\/comments?post=92001"}],"wp:featuredmedia":[{"embeddable":true,"href":"https:\/\/soydeaqui.ddns.net\/pachuca\/index.php\/wp-json\/wp\/v2\/media\/92000"}],"wp:attachment":[{"href":"https:\/\/soydeaqui.ddns.net\/pachuca\/index.php\/wp-json\/wp\/v2\/media?parent=92001"}],"wp:term":[{"taxonomy":"product_brand","embeddable":true,"href":"https:\/\/soydeaqui.ddns.net\/pachuca\/index.php\/wp-json\/wp\/v2\/product_brand?post=92001"},{"taxonomy":"product_cat","embeddable":true,"href":"https:\/\/soydeaqui.ddns.net\/pachuca\/index.php\/wp-json\/wp\/v2\/product_cat?post=92001"},{"taxonomy":"product_tag","embeddable":true,"href":"https:\/\/soydeaqui.ddns.net\/pachuca\/index.php\/wp-json\/wp\/v2\/product_tag?post=92001"}],"curies":[{"name":"wp","href":"https:\/\/api.w.org\/{rel}","templated":true}]}}