{"id":91987,"date":"2026-03-20T04:55:20","date_gmt":"2026-03-20T04:55:20","guid":{"rendered":"https:\/\/soydeaqui.ddns.net\/pachuca\/index.php\/producto\/conmutador-en-nube-yeastar-5-extensiones-enterprise-anuales-5-llamadas-simultaneas-500-min-de-grabacion-en-nube\/"},"modified":"2026-03-20T04:55:21","modified_gmt":"2026-03-20T04:55:21","slug":"conmutador-en-nube-yeastar-5-extensiones-enterprise-anuales-5-llamadas-simultaneas-500-min-de-grabacion-en-nube","status":"publish","type":"product","link":"https:\/\/soydeaqui.ddns.net\/pachuca\/index.php\/producto\/conmutador-en-nube-yeastar-5-extensiones-enterprise-anuales-5-llamadas-simultaneas-500-min-de-grabacion-en-nube\/","title":{"rendered":"Conmutador en nube Yeastar 5 extensiones Enterprise anuales, 5 llamadas simult\u00e1neas 500 min. de grabaci\u00f3n en nube"},"content":{"rendered":"<div style='width: 100%; max-width: 1200px; margin: 0 auto; font-family: sans-serif; line-height: 1.6; color: inherit; background-color: transparent;'>\n<div style='background-color: #0197d6; color: white; text-align: center; padding: 20px;'>\n<h1 style='margin: 0; font-size: 28px; color: inherit;'>Sistema PBX Serie-P Cloud Edition<\/h1>\n<\/p><\/div>\n<div style='padding: 20px; font-size: 16px; color: inherit; background-color: #ffffff;'>\n<div style='background-color: #e0f4fc; border-left: 5px solid #0197d6; padding: 15px; margin-bottom: 20px;'>\n<p><strong>NOTA:<\/strong><\/p>\n<p><strong>El KIT Incluye:<\/strong><\/p>\n<ul style='padding-left: 20px;'>\n<li style='margin-bottom: 5px;'>Conmutador en nube Yeastar con 5 extensiones Enterprise anuales. Cada extensi\u00f3n puede usarse en hasta 5 dispositivos.<\/li>\n<li style='margin-bottom: 5px;'>5 llamadas simult\u00e1neas<\/li>\n<li style='margin-bottom: 5px;'>App m\u00f3vil y cliente web<\/li>\n<li style='margin-bottom: 5px;'>Configuraci\u00f3n inicial (agendar d\u00eda con ingenier\u00eda)<\/li>\n<\/ul><\/div>\n<h2 style='color: #0197d6; margin-top: 0; font-size: 24px; color: inherit;'>\u00bfQu\u00e9 es el PBX en la Nube?<\/h2>\n<hr style='border: 0; border-top: 3px solid #0197d6; margin: 15px 0;' \/>\n<p style='text-align: justify;'>Satisfaga sus necesidades de comunicaci\u00f3n diarias&comma; desde realizar y recibir llamadas en cualquier lugar&comma; hasta maximizar la productividad de los agentes&comma; potenciar las videoconferencias interactivas y mucho m\u00e1s. PBX Serie-P proporciona una edici\u00f3n en la nube para ayudar a las organizaciones a mantenerse conectadas y comprometidas.<\/p>\n<p> <img style='width: 100%; height: auto; border: 1px solid rgba(150&comma;150&comma;150&comma;0.3); border-radius: 8px; display: block; margin: 20px auto;' src='https:\/\/ftp3.syscom.mx\/usuarios\/fotos\/YCMCLOUDEPEXT\/211095-captura_de_pantalla_2022-08-26_a_la(s)_12.03.45.png' alt='PBX Yeastar 1' \/> <\/p>\n<h2 style='color: #0197d6; font-size: 24px; color: inherit;'>Libere el potencial de la nube<\/h2>\n<hr style='border: 0; border-top: 3px solid #0197d6; margin: 15px 0;' \/>\n<p style='text-align: justify;'>La tendencia a la nube es casi universal. Su entorno flexible ofrece una forma m\u00e1s r\u00e1pida que nunca para que las empresas de todos los tama\u00f1os aprovechen una variedad de capacidades de comunicaciones de nivel empresarial con simplicidad y facilidad.<\/p>\n<p> <img style='width: 100%; height: auto; border: 1px solid rgba(150&comma;150&comma;150&comma;0.3); border-radius: 8px; display: block; margin: 20px auto;' src='https:\/\/ftp3.syscom.mx\/usuarios\/fotos\/YCMCLOUDEPEXT\/211095-captura_de_pantalla_2022-08-26_a_la(s)_14.32.43.png' alt='PBX Yeastar 2' \/> <\/p>\n<h2 style='color: #0197d6; font-size: 24px; color: inherit;'>Conexi\u00f3n en cualquier momento y lugar<\/h2>\n<hr style='border: 0; border-top: 3px solid #0197d6; margin: 15px 0;' \/>\n<p style='text-align: justify;'>Para crear una plantilla flexible&comma; solo necesita <strong>Linkus UC Clients<\/strong> en sus instalaciones&comma; accesible desde navegador web&comma; m\u00f3vil o escritorio. Las conversaciones se sincronizan entre dispositivos&comma; garantizando que no se pierda informaci\u00f3n importante. Incluye presencia&comma; chat&comma; agendas telef\u00f3nicas&comma; integraci\u00f3n CRM y m\u00e1s.<\/p>\n<div style='display: flex; flex-wrap: wrap; gap: 15px; justify-content: center; margin: 20px 0;'> <img style='width: 100%; max-width: 600px; height: auto; border: 1px solid rgba(150&comma;150&comma;150&comma;0.3); border-radius: 8px;' src='https:\/\/ftp3.syscom.mx\/usuarios\/fotos\/YCMCLOUDEPEXT\/211095-captura_de_pantalla_2022-08-26_a_la(s)_16.01.51.png' alt='Linkus Web' \/> <img style='width: 100%; max-width: 600px; height: auto; border: 1px solid rgba(150&comma;150&comma;150&comma;0.3); border-radius: 8px;' src='https:\/\/ftp3.syscom.mx\/usuarios\/fotos\/YCMCLOUDEPEXT\/211095-captura_de_pantalla_2022-08-26_a_la(s)_10.10.03.png' alt='Linkus M\u00f3vil' \/> <\/div>\n<h2 style='color: #0197d6; font-size: 24px; color: inherit;'>Enterprise Edition<\/h2>\n<hr style='border: 0; border-top: 3px solid #0197d6; margin: 15px 0;' \/>\n<p>Incluye funcionalidades avanzadas como:<\/p>\n<ul style='padding-left: 20px;'>\n<li style='margin-bottom: 5px;'>Call Center Avanzado<\/li>\n<li style='margin-bottom: 5px;'>Mensajer\u00eda<\/li>\n<li style='margin-bottom: 5px;'>Cliente Web<\/li>\n<li style='margin-bottom: 5px;'>App M\u00f3vil<\/li>\n<li style='margin-bottom: 5px;'>Integraci\u00f3n con CRM<\/li>\n<li style='margin-bottom: 5px;'>SBC Integrado<\/li>\n<li style='margin-bottom: 5px;'>500 minutos de grabaci\u00f3n<\/li>\n<li style='margin-bottom: 5px;'>Troncal SIP no incluida<\/li>\n<li style='margin-bottom: 5px;'>Panel de conmutaci\u00f3n y m\u00e1s&#8230;<\/li>\n<\/ul>\n<p>Aprovisione su extensi\u00f3n con App m\u00f3vil&comma; cliente Web o tel\u00e9fono IP Fanvil o Grandstream.<\/p>\n<\/p><\/div>\n<\/p><\/div>\n","protected":false},"excerpt":{"rendered":"<p>Conmutador en nube Yeastar 5 extensiones Enterprise anuales, 5 llamadas simult\u00e1neas 500 min. de grabaci\u00f3n en nube<\/p>\n","protected":false},"featured_media":91986,"comment_status":"open","ping_status":"closed","template":"","meta":[],"product_brand":[],"product_cat":[2028],"product_tag":[2029,2004,2145],"class_list":{"0":"post-91987","1":"product","2":"type-product","3":"status-publish","4":"has-post-thumbnail","6":"product_cat-conmutadores-ip","7":"product_tag-conmutadores-ip","8":"product_tag-voip-telefonia-ip-videoconferencia","9":"product_tag-yeastar","11":"first","12":"instock","13":"sale","14":"shipping-taxable","15":"purchasable","16":"product-type-simple"},"_links":{"self":[{"href":"https:\/\/soydeaqui.ddns.net\/pachuca\/index.php\/wp-json\/wp\/v2\/product\/91987","targetHints":{"allow":["GET"]}}],"collection":[{"href":"https:\/\/soydeaqui.ddns.net\/pachuca\/index.php\/wp-json\/wp\/v2\/product"}],"about":[{"href":"https:\/\/soydeaqui.ddns.net\/pachuca\/index.php\/wp-json\/wp\/v2\/types\/product"}],"replies":[{"embeddable":true,"href":"https:\/\/soydeaqui.ddns.net\/pachuca\/index.php\/wp-json\/wp\/v2\/comments?post=91987"}],"wp:featuredmedia":[{"embeddable":true,"href":"https:\/\/soydeaqui.ddns.net\/pachuca\/index.php\/wp-json\/wp\/v2\/media\/91986"}],"wp:attachment":[{"href":"https:\/\/soydeaqui.ddns.net\/pachuca\/index.php\/wp-json\/wp\/v2\/media?parent=91987"}],"wp:term":[{"taxonomy":"product_brand","embeddable":true,"href":"https:\/\/soydeaqui.ddns.net\/pachuca\/index.php\/wp-json\/wp\/v2\/product_brand?post=91987"},{"taxonomy":"product_cat","embeddable":true,"href":"https:\/\/soydeaqui.ddns.net\/pachuca\/index.php\/wp-json\/wp\/v2\/product_cat?post=91987"},{"taxonomy":"product_tag","embeddable":true,"href":"https:\/\/soydeaqui.ddns.net\/pachuca\/index.php\/wp-json\/wp\/v2\/product_tag?post=91987"}],"curies":[{"name":"wp","href":"https:\/\/api.w.org\/{rel}","templated":true}]}}