{"id":91872,"date":"2026-03-20T04:50:19","date_gmt":"2026-03-20T04:50:19","guid":{"rendered":"https:\/\/soydeaqui.ddns.net\/pachuca\/index.php\/producto\/punto-de-acceso-empresarial-wi-fi-6-6e-xe3-4-3-radios-2-4-5-y-6-ghz-definidos-por-software-sdr-hasta-1500-clientes-gestion-desde-la-nube-cnmaestro-seguridad-wpa3-montaje-en-techo-o-pla\/"},"modified":"2026-03-20T04:50:32","modified_gmt":"2026-03-20T04:50:32","slug":"punto-de-acceso-empresarial-wi-fi-6-6e-xe3-4-3-radios-2-4-5-y-6-ghz-definidos-por-software-sdr-hasta-1500-clientes-gestion-desde-la-nube-cnmaestro-seguridad-wpa3-montaje-en-techo-o-pla","status":"publish","type":"product","link":"https:\/\/soydeaqui.ddns.net\/pachuca\/index.php\/producto\/punto-de-acceso-empresarial-wi-fi-6-6e-xe3-4-3-radios-2-4-5-y-6-ghz-definidos-por-software-sdr-hasta-1500-clientes-gestion-desde-la-nube-cnmaestro-seguridad-wpa3-montaje-en-techo-o-pla\/","title":{"rendered":"Punto de Acceso Empresarial Wi-Fi 6\/6E XE3-4 \/ 3 Radios (2.4, 5 y 6 GHz) Definidos por Software (SDR) \/ Hasta 1,500 Clientes \/ Gesti\u00f3n desde la Nube cnMaestro \/ Seguridad WPA3 \/ Montaje en Techo o Plaf\u00f3n \/ Alimentaci\u00f3n PoE"},"content":{"rendered":"<div style='width: 100%; max-width: 1200px; margin: 0 auto; font-family: sans-serif; line-height: 1.6; color: inherit; background-color: transparent;'>\n<h1 style='font-size: 2.625rem; margin: 0 0 0.875rem; font-weight: 400; line-height: 1.04762; color: inherit; text-shadow: rgba(0&comma; 0&comma; 0&comma; 0.2) 2px 4px 3px; text-align: center;'> <span style='vertical-align: inherit;'>XE3-4 Indoor<\/span> <\/h1>\n<h2 style='font-family: Rubik&comma; Helvetica&comma; Arial&comma; sans-serif; font-weight: 500; line-height: 1.1; color: inherit; margin: 20px 0 10px; font-size: 30px; text-align: center;'> <img style='width: 300px; height: 61px; border: none; display: block; margin: 0 auto;' src='https:\/\/ftp3.syscom.mx\/usuarios\/dquezada\/Cambium\/cnPilot\/e700\/cnpilot-logo.png' alt=''> <\/h2>\n<div style='margin: 30px 0; text-align: center;'>\n<h3 style='font-size: 22px; border-bottom: 2px solid currentColor; padding-bottom: 5px; margin: 0 0 15px; color: inherit; opacity: 0.8;'>Unboxing<\/h3>\n<div style='position: relative; padding-bottom: 56.25%; height: 0; overflow: hidden; margin: 0 auto; max-width: 640px;'>   <\/div>\n<\/p><\/div>\n<div style='display: flex; flex-wrap: wrap; gap: 30px; margin: 30px 0;'>\n<div style='flex: 1 1 320px; min-width: 280px;'> <img style='width: 100%; height: auto; border: 1px solid rgba(150&comma;150&comma;150&comma;0.3); border-radius: 8px;' src='http:\/\/ftp3.syscom.mx\/usuarios\/ftp\/2025\/11\/26\/1717\/Captura_de_pantalla_20251126_a_la_s__11.49.40a.m..png_froala_6927472067f91' alt=''> <\/div>\n<div style='flex: 1 1 360px; min-width: 280px;'>\n<h3 style='font-size: 22px; border-bottom: 2px solid currentColor; padding-bottom: 5px; margin-top: 0; color: inherit; opacity: 0.8;'>Gesti\u00f3n centralizada desde cnMaestro<\/h3>\n<p>Los an\u00e1lisis brindan informaci\u00f3n \u00fatil para reducir el tiempo de reparaci\u00f3n y eliminar las visitas<\/p>\n<p>El intuitivo flujo de trabajo de cnMaestro recorre los pasos para configurar un nuevo punto de acceso. La misma herramienta nos ayuda a ajustar los servicios Wi-Fi.<\/p>\n<p>Gesti\u00f3n en todas las familias de Cambium Networks.<\/p>\n<p>Diferentes sitios con diferentes equipos y diferente configuraci\u00f3n.<\/p>\n<p>Gesti\u00f3n y monitoreo desde cualquier sitio tus equipos.<\/p>\n<p>Agrega diferentes usuarios para tener acceso \u00fanico y llave de control<\/p>\n<\/p><\/div>\n<\/p><\/div>\n<div style='display: flex; flex-wrap: wrap; gap: 20px; margin: 30px 0;'>\n<div style='flex: 1 1 250px; border: 1px solid rgba(150&comma; 150&comma; 150&comma; 0.4); border-radius: 8px; overflow: hidden; display: flex; flex-direction: column;'>\n<div style='padding: 15px; border-bottom: 1px solid rgba(150&comma; 150&comma; 150&comma; 0.2); font-weight: bold; font-size: 18px; color: inherit;'>Caracter\u00edsticas principales<\/div>\n<div style='padding: 15px; color: inherit;'>\n<ul style='padding-left: 20px; margin: 0; font-size: 14px; list-style-type: disc;'>\n<li style='margin-bottom: 5px;'>Est\u00e1ndar 802.11 a\/b\/g\/n\/ac\/ax<\/li>\n<li style='margin-bottom: 5px;'>Doble banda simultanea <strong>(2.4 y 5 GHz)<\/strong><\/li>\n<li style='margin-bottom: 5px;'><strong>MU-MIMO 4X4<\/strong><\/li>\n<li style='margin-bottom: 5px;'>Hasta <strong>573.5 Mbps<\/strong> en la banda de 2&comma;4 GHz<\/li>\n<li style='margin-bottom: 5px;'>Hasta <strong>1&comma;201 Mbps<\/strong> en la banda de 5 GHz<\/li>\n<li style='margin-bottom: 5px;'>Hasta <strong>4&comma;804 Mbps<\/strong> en la banda de 6 GHz<\/li>\n<li style='margin-bottom: 5px;'>Antena omnidireccional: <strong>5 dBi en 2.4 GHz<\/strong><\/li>\n<li style='margin-bottom: 5px;'>Antena omnidireccional: <strong>6 dBi en 5 GHz<\/strong><\/li>\n<li style='margin-bottom: 5px;'><strong>Antena omnidireccional 6 dBi en 6 Ghz<\/strong><\/li>\n<li style='margin-bottom: 5px;'>Potencia de salida: <strong>25 dBm en 2.4 GHz<\/strong><\/li>\n<li style='margin-bottom: 5px;'>Potencia de salida en <strong>25 dBm en 5 GHz<\/strong><\/li>\n<li style='margin-bottom: 5px;'><strong>Potencia de salida en 24 dBm en 6 GHz<\/strong><\/li>\n<li style='margin-bottom: 5px;'>Hasta 48<strong> SSIDs<\/strong> (16 SSID por radio)<\/li>\n<li style='margin-bottom: 5px;'>Hasta <strong>1500 clientes<\/strong> inal\u00e1mbricos<\/li>\n<\/ul><\/div>\n<\/p><\/div>\n<div style='flex: 1 1 250px; border: 1px solid rgba(150&comma; 150&comma; 150&comma; 0.4); border-radius: 8px; overflow: hidden; display: flex; flex-direction: column;'>\n<div style='padding: 15px; border-bottom: 1px solid rgba(150&comma; 150&comma; 150&comma; 0.2); font-weight: bold; font-size: 18px; color: inherit;'>Caracter\u00edsticas f\u00edsicas y el\u00e9ctricas<\/div>\n<div style='padding: 15px; color: inherit;'>\n<ul style='padding-left: 20px; margin: 0; font-size: 14px; list-style-type: disc;'>\n<li style='margin-bottom: 5px;'>1 Puerto de 2.5 Gbps \/ RJ45 con PoE in 802.3 bt<\/li>\n<li style='margin-bottom: 5px;'>Consumo t\u00edpico: 32 <strong>W<\/strong><\/li>\n<li style='margin-bottom: 5px;'>Temperatura de operaci\u00f3n: <strong>0\u00baC a 50\u00baC<\/strong><\/li>\n<li style='margin-bottom: 5px;'>Peso ligero: 900<strong> g<\/strong><\/li>\n<li style='margin-bottom: 5px;'>Dimensiones: 215<strong> mm x 215 mm x 42 mm<\/strong><\/li>\n<\/ul><\/div>\n<\/p><\/div>\n<div style='flex: 1 1 250px; border: 1px solid rgba(150&comma; 150&comma; 150&comma; 0.4); border-radius: 8px; overflow: hidden; display: flex; flex-direction: column;'>\n<div style='padding: 15px; border-bottom: 1px solid rgba(150&comma; 150&comma; 150&comma; 0.2); font-weight: bold; font-size: 18px; color: inherit;'>Funciones avanzadas<\/div>\n<div style='padding: 15px; color: inherit;'>\n<ul style='padding-left: 20px; margin: 0; font-size: 14px; list-style-type: disc;'>\n<li style='margin-bottom: 5px;'><strong>Antena Beamforming<\/strong> para mejor desempe\u00f1o en la comunicaci\u00f3n con los dispositivos<\/li>\n<li style='margin-bottom: 5px;'>Tipos de administraci\u00f3n: Standalone&comma; Cloud cnMaestro<\/li>\n<li style='margin-bottom: 5px;'>Fast roaming (Navega de celda en celda sin perder la conexi\u00f3n Wi-Fi)<\/li>\n<li style='margin-bottom: 5px;'>Bloqueo de contenido por categor\u00eda y\/o aplicaci\u00f3n&comma; utilizando cnMaestro X. Licencias: <strong>MSX-SUB-XE3-4-1&comma; MSX-SUB-XE3-4-3 y MSX-SUB-XE3-4-5<\/strong><\/li>\n<li style='margin-bottom: 5px;'><strong>Schedule SSID<\/strong>: active redes Wi-Fi en el horario deseado<\/li>\n<li style='margin-bottom: 5px;'>Portal Cautivo (Hotspot) desde cnMaestro<\/li>\n<li style='margin-bottom: 5px;'>Aislamiento entre clientes para evitar que tengan acceso a los dem\u00e1s equipos en la red&comma; tormenta de broadcast y multicast<\/li>\n<li style='margin-bottom: 5px;'>Funciones Mesh Soportada<\/li>\n<li style='margin-bottom: 5px;'>Configuraci\u00f3n Zero-touch (Instala el radio&comma; recl\u00e1malo en cnMaestro y as\u00edgnalo para un grupo para que se configure en autom\u00e1tico)<\/li>\n<li style='margin-bottom: 5px;'>Modos de Operaci\u00f3n: Acces point o Router (NAT&comma; DHCP Server y Firewall).<\/li>\n<\/ul><\/div>\n<\/p><\/div>\n<div style='flex: 1 1 250px; border: 1px solid rgba(150&comma; 150&comma; 150&comma; 0.4); border-radius: 8px; overflow: hidden; display: flex; flex-direction: column;'>\n<div style='padding: 15px; border-bottom: 1px solid rgba(150&comma; 150&comma; 150&comma; 0.2); font-weight: bold; font-size: 18px; color: inherit;'>Accesorios opcionales<\/div>\n<div style='padding: 15px; color: inherit;'>\n<ul style='padding-left: 20px; margin: 0; font-size: 14px; list-style-type: disc;'>\n<li>No incluye PoE&comma; considerar el modelo: <a style='color: inherit; text-decoration: underline;' href='https:\/\/www.syscom.mx\/producto\/C000000L141A-CAMBIUM-NETWORKS-216470.html'>C000000L141A<\/a> + <a style='color: inherit; text-decoration: underline;' href='https:\/\/www.syscom.mx\/producto\/CABEPMP-CAMBIUM-NETWORKS-79290.html'>CABEPMP<\/a><\/li>\n<\/ul><\/div>\n<\/p><\/div>\n<\/p><\/div>\n<div style='display: flex; flex-wrap: wrap; gap: 30px; margin: 30px 0;'>\n<div style='flex: 1 1 320px; min-width: 280px;'> <img style='width: 100%; height: auto; border: 1px solid rgba(150&comma;150&comma;150&comma;0.3); border-radius: 8px;' src='http:\/\/ftp3.syscom.mx\/usuarios\/ftp\/2025\/11\/26\/1717\/Captura_de_pantalla_20251126_a_la_s__11.50.12a.m..png_froala_692755ccd095e' alt=''> <\/div>\n<div style='flex: 1 1 360px; min-width: 280px;'>\n<p>La <strong>ONE Network de Cambium para proveedores de servicios residenciales<\/strong> incluye infraestructura de banda ancha y hardware y software de Wi-Fi residencial. La infraestructura de banda ancha inal\u00e1mbrica fija y fibra puede gestionarse desde una sola interfaz mediante <strong>cnMaestro<\/strong>. El dispositivo de <strong>Quality of Experience<\/strong> puede priorizar las aplicaciones del usuario final para ofrecer la mejor experiencia posible a los suscriptores. El router para el hogar ofrece un rendimiento excepcional como dispositivo \u00fanico o en configuraci\u00f3n de malla. El Wi-Fi de autoservicio est\u00e1 habilitado mediante una aplicaci\u00f3n m\u00f3vil. Roaming continuo con cero p\u00e9rdida de paquetes<\/p>\n<\/p><\/div>\n<\/p><\/div>\n<hr style='border: 0; border-top: 1px solid rgba(150&comma; 150&comma; 150&comma; 0.3); margin: 30px 0;'> <\/div>\n","protected":false},"excerpt":{"rendered":"<p>Punto de Acceso Empresarial Wi-Fi 6\/6E XE3-4 \/ 3 Radios (2.4, 5 y 6 GHz) Definidos por Software (SDR) \/ Hasta 1,500 Clientes \/ Gesti\u00f3n desde la Nube cnMaestro \/ Seguridad WPA3 \/ Montaje en Techo o Plaf\u00f3n \/ Alimentaci\u00f3n PoE<\/p>\n","protected":false},"featured_media":91871,"comment_status":"open","ping_status":"closed","template":"","meta":[],"product_brand":[],"product_cat":[1794],"product_tag":[1316,1795,1479],"class_list":{"0":"post-91872","1":"product","2":"type-product","3":"status-publish","4":"has-post-thumbnail","6":"product_cat-puntos-de-acceso","7":"product_tag-cambium-networks","8":"product_tag-puntos-de-acceso","9":"product_tag-redes-wifi","11":"first","12":"instock","13":"sale","14":"shipping-taxable","15":"purchasable","16":"product-type-simple"},"_links":{"self":[{"href":"https:\/\/soydeaqui.ddns.net\/pachuca\/index.php\/wp-json\/wp\/v2\/product\/91872","targetHints":{"allow":["GET"]}}],"collection":[{"href":"https:\/\/soydeaqui.ddns.net\/pachuca\/index.php\/wp-json\/wp\/v2\/product"}],"about":[{"href":"https:\/\/soydeaqui.ddns.net\/pachuca\/index.php\/wp-json\/wp\/v2\/types\/product"}],"replies":[{"embeddable":true,"href":"https:\/\/soydeaqui.ddns.net\/pachuca\/index.php\/wp-json\/wp\/v2\/comments?post=91872"}],"wp:featuredmedia":[{"embeddable":true,"href":"https:\/\/soydeaqui.ddns.net\/pachuca\/index.php\/wp-json\/wp\/v2\/media\/91871"}],"wp:attachment":[{"href":"https:\/\/soydeaqui.ddns.net\/pachuca\/index.php\/wp-json\/wp\/v2\/media?parent=91872"}],"wp:term":[{"taxonomy":"product_brand","embeddable":true,"href":"https:\/\/soydeaqui.ddns.net\/pachuca\/index.php\/wp-json\/wp\/v2\/product_brand?post=91872"},{"taxonomy":"product_cat","embeddable":true,"href":"https:\/\/soydeaqui.ddns.net\/pachuca\/index.php\/wp-json\/wp\/v2\/product_cat?post=91872"},{"taxonomy":"product_tag","embeddable":true,"href":"https:\/\/soydeaqui.ddns.net\/pachuca\/index.php\/wp-json\/wp\/v2\/product_tag?post=91872"}],"curies":[{"name":"wp","href":"https:\/\/api.w.org\/{rel}","templated":true}]}}