{"id":91858,"date":"2026-03-20T04:49:32","date_gmt":"2026-03-20T04:49:32","guid":{"rendered":"https:\/\/soydeaqui.ddns.net\/pachuca\/index.php\/producto\/convertidor-de-medios-ethernet-rj45-10g-5g-2-5g-1g-100m-a-sfp-10gbase-x\/"},"modified":"2026-03-20T04:49:39","modified_gmt":"2026-03-20T04:49:39","slug":"convertidor-de-medios-ethernet-rj45-10g-5g-2-5g-1g-100m-a-sfp-10gbase-x","status":"publish","type":"product","link":"https:\/\/soydeaqui.ddns.net\/pachuca\/index.php\/producto\/convertidor-de-medios-ethernet-rj45-10g-5g-2-5g-1g-100m-a-sfp-10gbase-x\/","title":{"rendered":"Convertidor de Medios Ethernet RJ45 10G\/5G\/2.5G\/1G\/100M a SFP+ 10GBASE-X"},"content":{"rendered":"<div style='width: 100%; max-width: 1200px; margin: 0 auto; font-family: sans-serif; line-height: 1.6; color: inherit; background-color: transparent;'> <!-- Im\u00e1genes de iconos --> <\/p>\n<div style='display: flex; flex-wrap: wrap; justify-content: center; gap: 15px; margin: 30px 0;'> <img style='width: 48px; height: auto; border: 1px solid rgba(150&comma;150&comma;150&comma;0.3); border-radius: 8px;' src='https:\/\/planet.com.tw\/storage\/icons\/6icon_jumbo_frame.png' alt='Marco grande'> <img style='width: 48px; height: auto; border: 1px solid rgba(150&comma;150&comma;150&comma;0.3); border-radius: 8px;' src='https:\/\/planet.com.tw\/storage\/icons\/7icon_Metal-Housing.png' alt='Carcasa met\u00e1lica'> <img style='width: 48px; height: auto; border: 1px solid rgba(150&comma;150&comma;150&comma;0.3); border-radius: 8px;' src='https:\/\/planet.com.tw\/storage\/icons\/6icon_Chassis.png' alt='Chasis'> <img style='width: 48px; height: auto; border: 1px solid rgba(150&comma;150&comma;150&comma;0.3); border-radius: 8px;' src='https:\/\/planet.com.tw\/storage\/icons\/6icon_Wall-Mount.png' alt='Montaje en pared'> <img style='width: 48px; height: auto; border: 1px solid rgba(150&comma;150&comma;150&comma;0.3); border-radius: 8px;' src='https:\/\/planet.com.tw\/storage\/icons\/3icon_10Gbps_SFP+.png' alt='SFP+ de 10 Gbps'> <img style='width: 48px; height: auto; border: 1px solid rgba(150&comma;150&comma;150&comma;0.3); border-radius: 8px;' src='https:\/\/planet.com.tw\/storage\/icons\/460\/4icon_10Gbps_RJ45.png' alt='RJ45 de 10 Gbps'> <\/div>\n<p> <!-- Descripci\u00f3n principal --> <\/p>\n<div style='margin: 30px 0; text-align: center;'>\n<p style='font-size: 16px; color: inherit; margin: 0 auto; max-width: 800px;'> El convertidor de medios PLANET XT-705A est\u00e1 equipado con un puerto de negociaci\u00f3n autom\u00e1tica 10G\/5G\/2.5G\/1G\/100BASE-T y una ranura 10GBASE-X SFP+. Admite la conversi\u00f3n de medios 10Gigabit Ethernet de cobre 10GBASE-T a fibra multimodo o monomodo&comma; utilizando un transceptor SFP+ 10GBASE-SR o 10GBASE-LR instalado en la ranura SFP+ para extender las distancias a servidores&comma; conmutadores y paneles de conexi\u00f3n. La distancia de implementaci\u00f3n se puede ampliar desde 300 metros (multimodo) hasta 60 kil\u00f3metros (modo \u00fanico). Est\u00e1n dise\u00f1ados para su uso en entornos de red donde se requiere el ancho de banda ultra alto proporcionado por 10 Gigabit Ethernet&comma; por ejemplo&comma; datos. centro de computaci\u00f3n en la nube&comma; backbones empresariales&comma; redes de campus e infraestructura de operadores. <\/p>\n<\/p><\/div>\n<p> <!-- Im\u00e1genes del producto --> <\/p>\n<div style='display: flex; flex-wrap: wrap; justify-content: center; gap: 20px; margin: 30px 0;'> <img style='width: 100%; max-width: 600px; height: auto; border: 1px solid rgba(150&comma;150&comma;150&comma;0.3); border-radius: 8px;' src='https:\/\/planet.com.tw\/storage\/products\/49151\/edm_XT-705A.jpg' alt=''> <img style='width: 100%; max-width: 600px; height: auto; border: 1px solid rgba(150&comma;150&comma;150&comma;0.3); border-radius: 8px;' src='https:\/\/planet.com.tw\/storage\/products\/49151\/XT-705A-31.png' alt=''> <img style='width: 100%; max-width: 600px; height: auto; border: 1px solid rgba(150&comma;150&comma;150&comma;0.3); border-radius: 8px;' src='https:\/\/planet.com.tw\/storage\/products\/49151\/XT-705A-1.png' alt=''> <\/div>\n<p> <!-- Secci\u00f3n de especificaciones --> <\/p>\n<div style='margin: 40px 0;'>\n<h2 style='text-align: center; font-size: 24px; margin-bottom: 30px; color: inherit; border-bottom: 2px solid currentColor; padding-bottom: 10px; width: 100%; max-width: 300px; margin-left: auto; margin-right: auto;'>Especificaciones<\/h2>\n<div style='display: flex; flex-wrap: wrap; gap: 20px;'> <!-- Caracter\u00edsticas Principales --> <\/p>\n<div style='flex: 1 1 300px; min-width: 280px;'>\n<div style='border: 1px solid rgba(150&comma;150&comma;150&comma;0.4); border-radius: 8px; overflow: hidden;'>\n<div style='padding: 15px; border-bottom: 1px solid rgba(150&comma;150&comma;150&comma;0.2); font-weight: bold; font-size: 18px; color: inherit; background-color: rgba(13&comma; 110&comma; 253&comma; 0.1);'>Caracter\u00edsticas Principales<\/div>\n<ul style='padding: 15px; margin: 0; font-size: 14px; color: inherit; list-style: disc inside;'>\n<li style='margin-bottom: 5px;'>Dise\u00f1o para montaje en Pared&comma; opcional en riel DIN<\/li>\n<li style='margin-bottom: 5px;'>Instalaci\u00f3n Plug and Play<\/li>\n<li style='margin-bottom: 5px;'>Compatible con el est\u00e1ndar Ethernet IEEE 802.3u\/802.3ab\/802.3bz\/802.3ae<\/li>\n<li style='margin-bottom: 5px;'>Admite negociaci\u00f3n autom\u00e1tica y modo d\u00faplex completo\/semid\u00faplex de 100 Mbps y d\u00faplex completo de 1\/2&comma;5\/5\/10 Gbps<\/li>\n<li style='margin-bottom: 5px;'>Previene la p\u00e9rdida de paquetes con contrapresi\u00f3n (semid\u00faplex) y control de flujo de trama de pausa IEEE 802.3x (d\u00faplex completo)<\/li>\n<li style='margin-bottom: 5px;'>Compatibilidad con tama\u00f1o de fotograma jumbo de 16 K<\/li>\n<\/ul><\/div>\n<\/p><\/div>\n<p> <!-- Caracter\u00edsticas F\u00edsicas y El\u00e9ctricas --> <\/p>\n<div style='flex: 1 1 300px; min-width: 280px;'>\n<div style='border: 1px solid rgba(150&comma;150&comma;150&comma;0.4); border-radius: 8px; overflow: hidden;'>\n<div style='padding: 15px; border-bottom: 1px solid rgba(150&comma;150&comma;150&comma;0.2); font-weight: bold; font-size: 18px; color: inherit; background-color: rgba(13&comma; 110&comma; 253&comma; 0.1);'>Caracter\u00edsticas F\u00edsicas y El\u00e9ctricas<\/div>\n<ul style='padding: 15px; margin: 0; font-size: 14px; color: inherit; list-style: disc inside;'>\n<li style='margin-bottom: 5px;'>Una interfaz RJ45 10G\/5G\/2.5G\/1G\/100BASE-T con funci\u00f3n MDI\/MDI-X autom\u00e1tica<\/li>\n<li style='margin-bottom: 5px;'>Una interfaz de ranura SFP+ 10GBASE-X<\/li>\n<li style='margin-bottom: 5px;'>Fuente de alimentaci\u00f3n externa de 5 V CC&comma; 2 A<\/li>\n<li style='margin-bottom: 5px;'>Temperatura de funcionamiento de 0 a 50 grados C<\/li>\n<li style='margin-bottom: 5px;'>Dimensiones: 9.4 x 7.03 x 2.62 cm<\/li>\n<li style='margin-bottom: 5px;'>Consumo: 3.75 W<\/li>\n<\/ul><\/div>\n<\/p><\/div>\n<p> <!-- El Paquete Incluye --> <\/p>\n<div style='flex: 1 1 300px; min-width: 280px;'>\n<div style='border: 1px solid rgba(150&comma;150&comma;150&comma;0.4); border-radius: 8px; overflow: hidden;'>\n<div style='padding: 15px; border-bottom: 1px solid rgba(150&comma;150&comma;150&comma;0.2); font-weight: bold; font-size: 18px; color: inherit; background-color: rgba(13&comma; 110&comma; 253&comma; 0.1);'>El Paquete Incluye<\/div>\n<ul style='padding: 15px; margin: 0; font-size: 14px; color: inherit; list-style: disc inside;'>\n<li style='margin-bottom: 5px;'>Convertidor de medios gigabit<\/li>\n<li style='margin-bottom: 5px;'>Manual de usuario<\/li>\n<li style='margin-bottom: 5px;'>Fuente de voltaje de 5 V \/ 2A<\/li>\n<\/ul><\/div>\n<\/p><\/div>\n<\/p><\/div>\n<\/p><\/div>\n<p> <!-- Separador final --> <\/p>\n<hr style='border: 0; border-top: 1px solid rgba(150&comma;150&comma;150&comma;0.3); margin: 40px 0;'> <\/div>\n","protected":false},"excerpt":{"rendered":"<p>Convertidor de Medios Ethernet RJ45 10G\/5G\/2.5G\/1G\/100M a SFP+ 10GBASE-X<\/p>\n","protected":false},"featured_media":91857,"comment_status":"open","ping_status":"closed","template":"","meta":[],"product_brand":[],"product_cat":[2000],"product_tag":[2001,664,2033],"class_list":{"0":"post-91858","1":"product","2":"type-product","3":"status-publish","4":"has-post-thumbnail","6":"product_cat-convertidores-de-medios","7":"product_tag-convertidores-de-medios","8":"product_tag-networking","9":"product_tag-planet","11":"first","12":"instock","13":"sale","14":"shipping-taxable","15":"purchasable","16":"product-type-simple"},"_links":{"self":[{"href":"https:\/\/soydeaqui.ddns.net\/pachuca\/index.php\/wp-json\/wp\/v2\/product\/91858","targetHints":{"allow":["GET"]}}],"collection":[{"href":"https:\/\/soydeaqui.ddns.net\/pachuca\/index.php\/wp-json\/wp\/v2\/product"}],"about":[{"href":"https:\/\/soydeaqui.ddns.net\/pachuca\/index.php\/wp-json\/wp\/v2\/types\/product"}],"replies":[{"embeddable":true,"href":"https:\/\/soydeaqui.ddns.net\/pachuca\/index.php\/wp-json\/wp\/v2\/comments?post=91858"}],"wp:featuredmedia":[{"embeddable":true,"href":"https:\/\/soydeaqui.ddns.net\/pachuca\/index.php\/wp-json\/wp\/v2\/media\/91857"}],"wp:attachment":[{"href":"https:\/\/soydeaqui.ddns.net\/pachuca\/index.php\/wp-json\/wp\/v2\/media?parent=91858"}],"wp:term":[{"taxonomy":"product_brand","embeddable":true,"href":"https:\/\/soydeaqui.ddns.net\/pachuca\/index.php\/wp-json\/wp\/v2\/product_brand?post=91858"},{"taxonomy":"product_cat","embeddable":true,"href":"https:\/\/soydeaqui.ddns.net\/pachuca\/index.php\/wp-json\/wp\/v2\/product_cat?post=91858"},{"taxonomy":"product_tag","embeddable":true,"href":"https:\/\/soydeaqui.ddns.net\/pachuca\/index.php\/wp-json\/wp\/v2\/product_tag?post=91858"}],"curies":[{"name":"wp","href":"https:\/\/api.w.org\/{rel}","templated":true}]}}