{"id":91793,"date":"2026-03-20T04:46:32","date_gmt":"2026-03-20T04:46:32","guid":{"rendered":"https:\/\/soydeaqui.ddns.net\/pachuca\/index.php\/producto\/amplificador-mezclador-digital-de-matriz-de-2-canales-2\/"},"modified":"2026-03-20T04:46:34","modified_gmt":"2026-03-20T04:46:34","slug":"amplificador-mezclador-digital-de-matriz-de-2-canales-2","status":"publish","type":"product","link":"https:\/\/soydeaqui.ddns.net\/pachuca\/index.php\/producto\/amplificador-mezclador-digital-de-matriz-de-2-canales-2\/","title":{"rendered":"Amplificador Mezclador Digital de Matriz de 2 Canales"},"content":{"rendered":"<div style='width: 100%; max-width: 1200px; margin: 0 auto; font-family: sans-serif; line-height: 1.6; color: inherit; background-color: transparent;'> <!-- Secci\u00f3n de descripci\u00f3n --> <\/p>\n<div style='margin-bottom: 30px;'>\n<p style='font-size: 16px; color: inherit; margin-bottom: 20px;'> El amplificador mezclador digital de matriz de 2 canales de la nueva serie UC&comma; con mayor eficiencia&comma; es ideal para sistemas de sonido comerciales. Cumple con las demandas de los mercados emergentes para proporcionar equipos de alta calidad a precios asequibles. Los amplificadores mezcladores de la serie UC tienen dos salidas de 4R\/100V y m\u00faltiples funciones. La serie combina muchas funciones para un uso conveniente y flexible&comma; incluidos reproductores multimedia Bluetooth y USB; Admite salida de 4 \u03a9\/8 \u03a9\/ 100 V; cada canal de salida est\u00e1 equipado con un control de graves y agudos independiente. Es adecuado para clubes&comma; estadios&comma; centros comerciales y otros sistemas de transmisi\u00f3n bajo demanda de amplificadores de potencia de alta potencia multicanal. <\/p>\n<\/p><\/div>\n<p> <!-- Secci\u00f3n de caracter\u00edsticas --> <\/p>\n<div style='display: flex; flex-wrap: wrap; gap: 30px; margin-bottom: 30px;'>\n<div style='flex: 1 1 300px; min-width: 280px;'>\n<h3 style='font-size: 22px; border-bottom: 2px solid currentColor; padding-bottom: 5px; margin-top: 0; color: inherit; opacity: 0.8;'>Caracter\u00edsticas<\/h3>\n<ul style='padding-left: 20px; font-size: 15px; color: inherit;'>\n<li style='margin-bottom: 5px;'>Amplificador de potencia digital de alto rendimiento impedancia\/voltaje. Potencia de 240W (4-16R\/100V) con salidas de 4 canales<\/li>\n<li style='margin-bottom: 5px;'>Funci\u00f3n de grabaci\u00f3n de MP3 incorporada<\/li>\n<li style='margin-bottom: 5px;'>6 canales con control de volumen independiente<\/li>\n<li style='margin-bottom: 5px;'>Las fuentes de audio de 6 canales se pueden asignar a cada salida a trav\u00e9s de la configuraci\u00f3n de matriz.<\/li>\n<li style='margin-bottom: 5px;'>Entrada MIC 1-4 con ganancia ajustable<\/li>\n<li style='margin-bottom: 5px;'>Las salidas de 2 canales permiten el ajuste de potencia independiente<\/li>\n<li style='margin-bottom: 5px;'>4 entradas de micr\u00f3fono remoto<\/li>\n<li style='margin-bottom: 5px;'>Funci\u00f3n de reproductor de MP3 (USB \/ tarjeta SD) integrada<\/li>\n<li style='margin-bottom: 5px;'>Funci\u00f3n de radio FM incorporada<\/li>\n<li style='margin-bottom: 5px;'>Adopta una pantalla OLED de alta calidad<\/li>\n<li style='margin-bottom: 5px;'>Las salidas de 2 canales admiten el control del panel remoto<\/li>\n<li style='margin-bottom: 5px;'>Indicador de estado de salida para distorsi\u00f3n&comma; protecci\u00f3n&comma; se\u00f1al<\/li>\n<li style='margin-bottom: 5px;'>Los canales MIC 1-4 admiten alimentaci\u00f3n fantasma<\/li>\n<li style='margin-bottom: 5px;'>1-4 canales tienen prioridad y funci\u00f3n de selecci\u00f3n de mezcla<\/li>\n<li style='margin-bottom: 5px;'>Puerto de entrada prioritario de la fuente de sonido de alarma EMC<\/li>\n<li style='margin-bottom: 5px;'>Puerto de ALARMA para reproducir la pista de alarma especificada<\/li>\n<li style='margin-bottom: 5px;'>Funci\u00f3n Bluetooth integrada y antena Bluetooth de alta ganancia para conectar a tel\u00e9fonos m\u00f3viles\/ordenadores<\/li>\n<li style='margin-bottom: 5px;'>Los puertos MUTE de 4 canales se pueden conectar al puerto de control de incendio<\/li>\n<li style='margin-bottom: 5px;'>Prioridad: MUTE>EMC>MICRO REMOTO> MIC1-4>MIC5-6 LINE5-6<\/li>\n<\/ul><\/div>\n<\/p><\/div>\n<\/p><\/div>\n","protected":false},"excerpt":{"rendered":"<p>Amplificador Mezclador Digital de Matriz de 2 Canales<\/p>\n","protected":false},"featured_media":32,"comment_status":"open","ping_status":"closed","template":"","meta":[],"product_brand":[],"product_cat":[108],"product_tag":[110,109],"class_list":{"0":"post-91793","1":"product","2":"type-product","3":"status-publish","4":"has-post-thumbnail","6":"product_cat-epcom-proaudio","7":"product_tag-epcom-proaudio","8":"product_tag-megafonia-y-audioevacuacion","10":"first","11":"outofstock","12":"sale","13":"shipping-taxable","14":"purchasable","15":"product-type-simple"},"_links":{"self":[{"href":"https:\/\/soydeaqui.ddns.net\/pachuca\/index.php\/wp-json\/wp\/v2\/product\/91793","targetHints":{"allow":["GET"]}}],"collection":[{"href":"https:\/\/soydeaqui.ddns.net\/pachuca\/index.php\/wp-json\/wp\/v2\/product"}],"about":[{"href":"https:\/\/soydeaqui.ddns.net\/pachuca\/index.php\/wp-json\/wp\/v2\/types\/product"}],"replies":[{"embeddable":true,"href":"https:\/\/soydeaqui.ddns.net\/pachuca\/index.php\/wp-json\/wp\/v2\/comments?post=91793"}],"wp:featuredmedia":[{"embeddable":true,"href":"https:\/\/soydeaqui.ddns.net\/pachuca\/index.php\/wp-json\/wp\/v2\/media\/32"}],"wp:attachment":[{"href":"https:\/\/soydeaqui.ddns.net\/pachuca\/index.php\/wp-json\/wp\/v2\/media?parent=91793"}],"wp:term":[{"taxonomy":"product_brand","embeddable":true,"href":"https:\/\/soydeaqui.ddns.net\/pachuca\/index.php\/wp-json\/wp\/v2\/product_brand?post=91793"},{"taxonomy":"product_cat","embeddable":true,"href":"https:\/\/soydeaqui.ddns.net\/pachuca\/index.php\/wp-json\/wp\/v2\/product_cat?post=91793"},{"taxonomy":"product_tag","embeddable":true,"href":"https:\/\/soydeaqui.ddns.net\/pachuca\/index.php\/wp-json\/wp\/v2\/product_tag?post=91793"}],"curies":[{"name":"wp","href":"https:\/\/api.w.org\/{rel}","templated":true}]}}