{"id":91731,"date":"2026-03-20T04:43:41","date_gmt":"2026-03-20T04:43:41","guid":{"rendered":"https:\/\/soydeaqui.ddns.net\/pachuca\/index.php\/producto\/altavoz-de-montaje-en-plafon-coaxial-woofer-8in-tweeter-1-in-16-ohms-70-100v\/"},"modified":"2026-03-20T04:44:03","modified_gmt":"2026-03-20T04:44:03","slug":"altavoz-de-montaje-en-plafon-coaxial-woofer-8in-tweeter-1-in-16-ohms-70-100v","status":"publish","type":"product","link":"https:\/\/soydeaqui.ddns.net\/pachuca\/index.php\/producto\/altavoz-de-montaje-en-plafon-coaxial-woofer-8in-tweeter-1-in-16-ohms-70-100v\/","title":{"rendered":"Altavoz de Montaje en Plaf\u00f3n, Coaxial, Woofer 8in, Tweeter 1 in, 16 ohms, 70\/100V"},"content":{"rendered":"<div style='width: 100%; max-width: 1200px; margin: 0 auto; font-family: sans-serif; line-height: 1.6; color: inherit; background-color: transparent;'> <!-- Logo --> <\/p>\n<p><img style='width: 40%; margin-left: 30%; height: auto; border: 1px solid rgba(150&comma;150&comma;150&comma;0.3); border-radius: 8px;' src='https:\/\/ftp3.syscom.mx\/usuarios\/luis.vargas\/YAMAHA\/Yamaha_logo.png' alt='Logo Yamaha'><\/p>\n<p> <!-- Banner --> <\/p>\n<p><img style='width: 100%; height: auto; border: 1px solid rgba(150&comma;150&comma;150&comma;0.3); border-radius: 8px;' src='https:\/\/ftp3.syscom.mx\/usuarios\/cesar.garcia\/Yamaha\/Miscelaneo\/VC_Banner.jpg' alt='Banner Yamaha VC8NW'><\/p>\n<p> <!-- Separador --> <\/p>\n<hr style='border: 0; border-top: 1px solid rgba(150&comma;150&comma;150&comma;0.3); margin: 30px 0;'> <!-- Secci\u00f3n de introducci\u00f3n --> <\/p>\n<div style='display: flex; flex-wrap: wrap; gap: 30px; margin-bottom: 30px;'>\n<div style='flex: 1 1 300px; min-width: 280px;'>\n<h3 style='font-size: 22px; border-bottom: 2px solid currentColor; padding-bottom: 5px; margin-top: 0; color: inherit; opacity: 0.8; letter-spacing: 4px; font-family: Oswald&comma; 'Lucida Grande'&comma; sans-serif;'>UNA LINEA DE PRODUCTO VERSATIL PARA UNA VARIEDAD DE REQUISITOS<\/h3>\n<p style='font-size: 15px; color: inherit; margin-top: 15px; margin-bottom: 15px; font-family: 'Helvetica Neue'&comma; Helvetica&comma; Arial&comma; sans-serif;'> Yamaha ha lanzado sus nuevos altavoces de techo de la serie VC&comma; un rango de bajo perfil a un precio accesible que est\u00e1 dise\u00f1ado para reproducir m\u00fasica de alta calidad de sonido con una relaci\u00f3n excepcional entre rendimiento y costo en una variedad de espacios comerciales&comma; que incluyen hoteler\u00eda&comma; entretenimiento y locales corporativos. <\/p>\n<\/p><\/div>\n<div style='flex: 1 1 400px; min-width: 280px;'> <img style='width: 100%; height: auto; border: 1px solid rgba(150&comma;150&comma;150&comma;0.3); border-radius: 8px;' src='https:\/\/ftp3.syscom.mx\/usuarios\/cesar.garcia\/Yamaha\/Miscelaneo\/vc_elegant_design.png' alt='Dise\u00f1o elegante'> <\/div>\n<\/p><\/div>\n<p> <!-- Secci\u00f3n de instalaci\u00f3n --> <\/p>\n<div style='display: flex; flex-wrap: wrap; gap: 30px; margin-bottom: 30px; flex-direction: row-reverse;'>\n<div style='flex: 1 1 300px; min-width: 280px;'>\n<h3 style='font-size: 22px; border-bottom: 2px solid currentColor; padding-bottom: 5px; margin-top: 0; color: inherit; opacity: 0.8; letter-spacing: 4px; font-family: Oswald&comma; 'Lucida Grande'&comma; sans-serif;'>INSTALACI\u00d3N MAS SEGURA Y M\u00c1S R\u00c1PIDA<\/h3>\n<p style='font-size: 15px; color: inherit; margin-top: 15px; margin-bottom: 15px; font-family: 'Helvetica Neue'&comma; Helvetica&comma; Arial&comma; sans-serif;'> Los altavoces VC tambi\u00e9n incluyen funciones para que la instalaci\u00f3n sea r\u00e1pida y segura. Todos los modelos son ligeros&comma; port\u00e1tiles y tienen un mecanismo inteligente para una instalaci\u00f3n r\u00e1pida y confiable. Esto incluye abrazaderas grandes para garantizar un montaje seguro. <\/p>\n<\/p><\/div>\n<div style='flex: 1 1 400px; min-width: 280px;'> <img style='width: 100%; height: auto; border: 1px solid rgba(150&comma;150&comma;150&comma;0.3); border-radius: 8px;' src='https:\/\/ftp3.syscom.mx\/usuarios\/cesar.garcia\/Yamaha\/Miscelaneo\/vc_smart_design.png' alt='Instalaci\u00f3n r\u00e1pida'> <\/div>\n<\/p><\/div>\n<p> <!-- Caracter\u00edsticas adicionales --> <\/p>\n<div style='margin-bottom: 30px;'> <img style='width: 100%; height: auto; border: 1px solid rgba(150&comma;150&comma;150&comma;0.3); border-radius: 8px;' src='https:\/\/ftp3.syscom.mx\/usuarios\/cesar.garcia\/Yamaha\/Miscelaneo\/Caracterisitcas_VC.png' alt='Caracter\u00edsticas'> <\/div>\n<p> <!-- Gif --> <\/p>\n<div style='margin-bottom: 30px;'> <img style='width: 100%; height: auto; border: 1px solid rgba(150&comma;150&comma;150&comma;0.3); border-radius: 8px;' src='https:\/\/ftp3.syscom.mx\/usuarios\/luis.vargas\/YAMAHA\/VC_SERIES\/VCseriesG.gif' alt='Animaci\u00f3n de la serie VC'> <\/div>\n<p> <!-- Secci\u00f3n de especificaciones --> <\/p>\n<div style='display: flex; flex-wrap: wrap; gap: 20px; margin-bottom: 30px;'>\n<div style='flex: 1 1 250px; border: 1px solid rgba(150&comma; 150&comma; 150&comma; 0.4); border-radius: 8px; overflow: hidden; display: flex; flex-direction: column;'>\n<div style='padding: 15px; border-bottom: 1px solid rgba(150&comma; 150&comma; 150&comma; 0.2); font-weight: bold; font-size: 18px; color: inherit;'>Caracter\u00edsticas Generales<\/div>\n<div style='padding: 15px; color: inherit;'>\n<ul style='padding-left: 20px; margin: 0; font-size: 14px; list-style-type: disc;'>\n<li style='margin-bottom: 5px;'>Accesorios: Rejilla&comma; cable de seguridad&comma; plantilla de corte&comma; manual del propietario<\/li>\n<li style='margin-bottom: 5px;'>Tipo de altavoz: Tipo coaxial de 2 v\u00edas (sin lata trasera)<\/li>\n<li style='margin-bottom: 5px;'>Modelo de baja impedancia: 16\u03a9 25W RMS<\/li>\n<li style='margin-bottom: 5px;'>Sensibilidad: 91 dB<\/li>\n<li style='margin-bottom: 5px;'>Respuesta de frecuencia: 52 Hz &#8211; 20 kHz<\/li>\n<li style='margin-bottom: 5px;'>Angulo de cobertura: 110\u00b0 c\u00f3nico<\/li>\n<li style='margin-bottom: 5px;'>Conexiones del transformador: 100 V 3\/6\/12 W | 70 V 1&comma;5\/3\/6\/12 W<\/li>\n<li style='margin-bottom: 5px;'>Dise\u00f1o atractivo y discreto como complemento elegante a la decoraci\u00f3n<\/li>\n<li style='margin-bottom: 5px;'>Dise\u00f1o ac\u00fastico para una reproducci\u00f3n sofisticada y natural<\/li>\n<li style='margin-bottom: 5px;'>Recinto y rejillas pintables (Las rejillas suministradas se pueden pintar de cualquier color para adaptarse a la decoraci\u00f3n del entorno.)<\/li>\n<li style='margin-bottom: 5px;'>Color blanco<\/li>\n<li style='margin-bottom: 5px;'>Tama\u00f1o del recorte: \u00d8285 mm<\/li>\n<li style='margin-bottom: 5px;'>Grosor requerido de la placa de techo: 2 mm \u2013 37 mm<\/li>\n<li style='margin-bottom: 5px;'>Peso: 2.8 kg<\/li>\n<li style='margin-bottom: 5px;'>Dimensiones: W:325 mm&comma; D: 131 mm<\/li>\n<\/ul><\/div>\n<\/p><\/div>\n<\/p><\/div>\n<p> <!-- Secci\u00f3n de videos --> <\/p>\n<h3 style='font-size: 22px; border-bottom: 2px solid currentColor; padding-bottom: 5px; margin-top: 0; color: inherit; opacity: 0.8; margin-bottom: 20px;'>VIDEOS<\/h3>\n<div style='display: flex; flex-wrap: wrap; gap: 20px; margin-bottom: 30px;'>\n<div style='flex: 1 1 300px; min-width: 280px;'>\n<div style='position: relative; padding-bottom: 56.25%; height: 0; overflow: hidden; margin-bottom: 30px;'>   <\/div>\n<\/p><\/div>\n<div style='flex: 1 1 300px; min-width: 280px;'>\n<div style='position: relative; padding-bottom: 56.25%; height: 0; overflow: hidden; margin-bottom: 30px;'>   <\/div>\n<\/p><\/div>\n<div style='flex: 1 1 300px; min-width: 280px;'>\n<div style='position: relative; padding-bottom: 56.25%; height: 0; overflow: hidden; margin-bottom: 30px;'>   <\/div>\n<\/p><\/div>\n<\/p><\/div>\n<p> <!-- Separador final --> <\/p>\n<hr style='border: 0; border-top: 1px solid rgba(150&comma;150&comma;150&comma;0.3); margin: 30px 0;'> <\/div>\n","protected":false},"excerpt":{"rendered":"<p>Altavoz de Montaje en Plaf\u00f3n, Coaxial, Woofer 8in, Tweeter 1 in, 16 ohms, 70\/100V<\/p>\n","protected":false},"featured_media":91730,"comment_status":"open","ping_status":"closed","template":"","meta":[],"product_brand":[],"product_cat":[424],"product_tag":[52,425,2128],"class_list":{"0":"post-91731","1":"product","2":"type-product","3":"status-publish","4":"has-post-thumbnail","6":"product_cat-bocinas-plafon","7":"product_tag-audio-residencial-comercial","8":"product_tag-bocinas-plafon","9":"product_tag-yamaha","11":"first","12":"instock","13":"sale","14":"shipping-taxable","15":"purchasable","16":"product-type-simple"},"_links":{"self":[{"href":"https:\/\/soydeaqui.ddns.net\/pachuca\/index.php\/wp-json\/wp\/v2\/product\/91731","targetHints":{"allow":["GET"]}}],"collection":[{"href":"https:\/\/soydeaqui.ddns.net\/pachuca\/index.php\/wp-json\/wp\/v2\/product"}],"about":[{"href":"https:\/\/soydeaqui.ddns.net\/pachuca\/index.php\/wp-json\/wp\/v2\/types\/product"}],"replies":[{"embeddable":true,"href":"https:\/\/soydeaqui.ddns.net\/pachuca\/index.php\/wp-json\/wp\/v2\/comments?post=91731"}],"wp:featuredmedia":[{"embeddable":true,"href":"https:\/\/soydeaqui.ddns.net\/pachuca\/index.php\/wp-json\/wp\/v2\/media\/91730"}],"wp:attachment":[{"href":"https:\/\/soydeaqui.ddns.net\/pachuca\/index.php\/wp-json\/wp\/v2\/media?parent=91731"}],"wp:term":[{"taxonomy":"product_brand","embeddable":true,"href":"https:\/\/soydeaqui.ddns.net\/pachuca\/index.php\/wp-json\/wp\/v2\/product_brand?post=91731"},{"taxonomy":"product_cat","embeddable":true,"href":"https:\/\/soydeaqui.ddns.net\/pachuca\/index.php\/wp-json\/wp\/v2\/product_cat?post=91731"},{"taxonomy":"product_tag","embeddable":true,"href":"https:\/\/soydeaqui.ddns.net\/pachuca\/index.php\/wp-json\/wp\/v2\/product_tag?post=91731"}],"curies":[{"name":"wp","href":"https:\/\/api.w.org\/{rel}","templated":true}]}}