{"id":91578,"date":"2026-03-20T04:36:07","date_gmt":"2026-03-20T04:36:07","guid":{"rendered":"https:\/\/soydeaqui.ddns.net\/pachuca\/index.php\/producto\/uisp-access-point-multipunto-tecnologia-wave-en-60-ghz-hasta-15-estaciones-hasta-5-4-gbps-respaldo-en-5-ghz-1-puerto-sfp-10g-1-puerto-2-5g-gbps-con-gps\/"},"modified":"2026-03-20T04:36:28","modified_gmt":"2026-03-20T04:36:28","slug":"uisp-access-point-multipunto-tecnologia-wave-en-60-ghz-hasta-15-estaciones-hasta-5-4-gbps-respaldo-en-5-ghz-1-puerto-sfp-10g-1-puerto-2-5g-gbps-con-gps","status":"publish","type":"product","link":"https:\/\/soydeaqui.ddns.net\/pachuca\/index.php\/producto\/uisp-access-point-multipunto-tecnologia-wave-en-60-ghz-hasta-15-estaciones-hasta-5-4-gbps-respaldo-en-5-ghz-1-puerto-sfp-10g-1-puerto-2-5g-gbps-con-gps\/","title":{"rendered":"UISP Access Point Multipunto Tecnolog\u00eda Wave en 60 Ghz, hasta 15 estaciones, hasta 5.4 Gbps, respaldo en 5 Ghz. 1 puerto SFP+ 10G, 1 puerto 2.5g Gbps, con GPS"},"content":{"rendered":"<div style='width: 100%; max-width: 1200px; margin: 0 auto; font-family: sans-serif; line-height: 1.6; color: inherit; background-color: transparent;'> <!-- T\u00edtulo (oculto ya que est\u00e1 en otra parte de la p\u00e1gina) --> <\/p>\n<div style='display: none;'>\n<h1 style='font-size: 22px; margin: 0; padding: 0; color: inherit; opacity: 0.8;'>UISP Wave Access Point<\/h1>\n<\/p><\/div>\n<p> <!-- Video de YouTube --> <\/p>\n<div style='position: relative; padding-bottom: 56.25%; height: 0; overflow: hidden; margin-bottom: 30px;'>   <\/div>\n<p> <!-- Imagen principal --> <img style='width: 100%; height: auto; border: 1px solid rgba(150&comma;150&comma;150&comma;0.3); border-radius: 8px; margin-bottom: 30px;' src='https:\/\/ftp3.syscom.mx\/usuarios\/fotos\/WAVEAP\/214508-waveap.png' alt=''> <!-- Descripci\u00f3n general --> <\/p>\n<div style='margin-bottom: 30px;'>\n<h3 style='font-size: 20px; border-bottom: 2px solid currentColor; padding-bottom: 5px; margin-top: 0; color: inherit; opacity: 0.8;'>Descripci\u00f3n general<\/h3>\n<p style='margin-top: 0; margin-bottom: 15px; font-size: 15px; color: inherit;'>Wave Access Point puede conectar hasta 15 estaciones y ofrecer un rendimiento total de hasta 5&comma;4 Gbps (d\u00faplex de 2&comma;7 Gbps). Est\u00e1 equipado con una radio de respaldo de 5 GHz de alto rendimiento para garantizar una conexi\u00f3n ininterrumpida&comma; as\u00ed como una radio Bluetooth para simplificar la configuraci\u00f3n en la aplicaci\u00f3n UISP\u00ae Mobile.<\/p>\n<\/p><\/div>\n<p> <!-- Especificaciones en formato de cards --> <\/p>\n<div style='display: flex; flex-wrap: wrap; gap: 20px; margin-bottom: 30px;'>\n<div style='flex: 1 1 250px; border: 1px solid rgba(150&comma; 150&comma; 150&comma; 0.4); border-radius: 8px; overflow: hidden; display: flex; flex-direction: column;'>\n<div style='padding: 15px; border-bottom: 1px solid rgba(150&comma; 150&comma; 150&comma; 0.2); font-weight: bold; font-size: 18px; color: inherit;'>Hardware<\/div>\n<div style='padding: 15px; color: inherit;'>\n<ul style='padding-left: 20px; margin: 0; font-size: 14px; list-style-type: disc;'>\n<li style='margin-bottom: 5px;'><strong>Procesador:<\/strong> N\u00facleos Quad ARM\u00ae Cortex\u00ae-A53 a 1&comma;4 GHz<\/li>\n<li style='margin-bottom: 5px;'><strong>Memoria:<\/strong> DDR3L 512 MB<\/li>\n<li style='margin-bottom: 5px;'><strong>Interfaz de red:<\/strong> (1) Puerto RJ45 de 2&comma;5 GbE (100\/1000\/2500)*<br \/>(1) Puerto 10G SFP+ (1\/10)<br \/><small style='font-size: 0.9em; color: inherit;'>* Activo solo cuando el puerto SFP+ est\u00e1 inactivo.<\/small><\/li>\n<li style='margin-bottom: 5px;'><strong>Max. consumo de energ\u00eda:<\/strong> 24W<\/li>\n<li style='margin-bottom: 5px;'><strong>M\u00e9todo de alimentaci\u00f3n:<\/strong> PoE pasivo de 48 V CC 4 pares (1&comma; 2+; 3&comma; 6-) (4&comma; 5+; 7&comma; \ud83d\ude0e o 2 pares (4&comma; 5+; 7&comma; \ud83d\ude0e<br \/>PoE pasivo de 24 V CC 4 pares (1&comma; 2+; 3&comma; 6-) (4&comma; 5+; 7&comma; \ud83d\ude0e<\/li>\n<li style='margin-bottom: 5px;'><strong>Fuente de alimentaci\u00f3n:<\/strong> Adaptador PoE de 48 V CC&comma; 0&comma;65 A y 2&comma;5 GbE <strong>(incluido)<\/strong><\/li>\n<li style='margin-bottom: 5px;'><strong>Bot\u00f3n:<\/strong> Restablecimiento de f\u00e1brica<\/li>\n<li style='margin-bottom: 5px;'><strong>LED:<\/strong> Alimentaci\u00f3n&comma; Ethernet&comma; GPS<\/li>\n<li style='margin-bottom: 5px;'><strong>Temperatura de funcionamiento:<\/strong> -40 a 60 \u00b0C (-40 a 140 \u00b0F)<\/li>\n<li style='margin-bottom: 5px;'><strong>Humedad de funcionamiento:<\/strong> 5 a 95% sin condensaci\u00f3n<\/li>\n<li style='margin-bottom: 5px;'><strong>Certificaciones:<\/strong> FCC&comma; CI&comma; CE<\/li>\n<\/ul><\/div>\n<\/p><\/div>\n<div style='flex: 1 1 250px; border: 1px solid rgba(150&comma; 150&comma; 150&comma; 0.4); border-radius: 8px; overflow: hidden; display: flex; flex-direction: column;'>\n<div style='padding: 15px; border-bottom: 1px solid rgba(150&comma; 150&comma; 150&comma; 0.2); font-weight: bold; font-size: 18px; color: inherit;'>Software<\/div>\n<div style='padding: 15px; color: inherit;'>\n<ul style='padding-left: 20px; margin: 0; font-size: 14px; list-style-type: disc;'>\n<li style='margin-bottom: 5px;'><strong>Sistema operativo:<\/strong> airOS\u00ae<\/li>\n<li style='margin-bottom: 5px;'><strong>Modo operativo:<\/strong> Punto de acceso PtMP<\/li>\n<li style='margin-bottom: 5px;'><strong>Caracter\u00edsticas de Ubiquiti:<\/strong> Tecnolog\u00eda WAVE<\/li>\n<li style='margin-bottom: 5px;'><strong>Servicios:<\/strong> UISP&comma; ping watchdog&comma; cliente NTP&comma; SNMP<\/li>\n<li style='margin-bottom: 5px;'><strong>Herramientas:<\/strong> Alineaci\u00f3n de antena&comma; discovery&comma; ping&comma; trace route&comma; prueba de velocidad<\/li>\n<li style='margin-bottom: 5px;'><strong>Modo de red:<\/strong> Modo Puente<\/li>\n<li style='margin-bottom: 5px;'><strong>Gesti\u00f3n de software:<\/strong> Administraci\u00f3n de Bluetooth para una f\u00e1cil configuraci\u00f3n a trav\u00e9s de la aplicaci\u00f3n m\u00f3vil UISP<br \/>WEB UI<\/li>\n<li style='margin-bottom: 5px;'><strong>Requisitos m\u00ednimos de software:<\/strong> Cualquier navegador web moderno\/smartphone basado en iOS o Android<\/li>\n<\/ul><\/div>\n<\/p><\/div>\n<div style='flex: 1 1 250px; border: 1px solid rgba(150&comma; 150&comma; 150&comma; 0.4); border-radius: 8px; overflow: hidden; display: flex; flex-direction: column;'>\n<div style='padding: 15px; border-bottom: 1px solid rgba(150&comma; 150&comma; 150&comma; 0.2); font-weight: bold; font-size: 18px; color: inherit;'>Sistema<\/div>\n<div style='padding: 15px; color: inherit;'>\n<ul style='padding-left: 20px; margin: 0; font-size: 14px; list-style-type: disc;'>\n<li style='margin-bottom: 5px;'><strong>Rendimiento total:<\/strong> 5&comma;4 Gbps (d\u00faplex de 2&comma;7 Gbps)<\/li>\n<li style='margin-bottom: 5px;'><strong>N\u00famero de clientes admitidos:<\/strong> 15<\/li>\n<li style='margin-bottom: 5px;'><strong>Rango:<\/strong> Conexi\u00f3n a Wave Long-Range: hasta 8 km<br \/>Conexi\u00f3n a Wave Nano: hasta 5 km<\/li>\n<li style='margin-bottom: 5px;'><strong>Cifrado:<\/strong> WPA2-PSK (AES)<\/li>\n<\/ul><\/div>\n<\/p><\/div>\n<div style='flex: 1 1 250px; border: 1px solid rgba(150&comma; 150&comma; 150&comma; 0.4); border-radius: 8px; overflow: hidden; display: flex; flex-direction: column;'>\n<div style='padding: 15px; border-bottom: 1px solid rgba(150&comma; 150&comma; 150&comma; 0.2); font-weight: bold; font-size: 18px; color: inherit;'>RF<\/div>\n<div style='padding: 15px; color: inherit;'>\n<ul style='padding-left: 20px; margin: 0; font-size: 14px; list-style-type: disc;'>\n<li style='margin-bottom: 5px;'><strong>Frecuencia de operaci\u00f3n:<\/strong> 57 a 71 GHz<br \/><small style='font-size: 0.9em; color: inherit;'>*Depende de la regi\u00f3n regulatoria.<\/small><\/li>\n<li style='margin-bottom: 5px;'><strong>GPS:<\/strong> S\u00ed<\/li>\n<li style='margin-bottom: 5px;'><strong>Canal de Banda ancha:<\/strong> 2160&comma; 1080 MHz<\/li>\n<li style='margin-bottom: 5px;'><strong>Canales operativos:<\/strong> 58320&comma; 59400&comma; 60480&comma; 61560&comma; 62640&comma; 63720&comma; 64800&comma; 65880&comma; 66960&comma; 68040&comma; 69120&comma; 70200 MHz<br \/><small style='font-size: 0.9em; color: inherit;'>*Depende de la regi\u00f3n regulatoria.<\/small><\/li>\n<li style='margin-bottom: 5px;'><strong>Modulaci\u00f3n:<\/strong> 16QAM&comma; QPSK<\/li>\n<li style='margin-bottom: 5px;'><strong>Ganancia de la antena:<\/strong> 24 dBi<\/li>\n<li style='margin-bottom: 5px;'><strong>Polarizaci\u00f3n:<\/strong> Verticalmente lineal<\/li>\n<li style='margin-bottom: 5px;'><strong>Amplitud de rayo:<\/strong> Acimut: 30\u00b0<br \/>Elevaci\u00f3n: 3 dB 3\u00b0&comma; 6 dB 4\u00b0<\/li>\n<li style='margin-bottom: 5px;'><strong>Inclinaci\u00f3n el\u00e9ctrica:<\/strong> 0\u00b0<\/li>\n<\/ul><\/div>\n<\/p><\/div>\n<div style='flex: 1 1 250px; border: 1px solid rgba(150&comma; 150&comma; 150&comma; 0.4); border-radius: 8px; overflow: hidden; display: flex; flex-direction: column;'>\n<div style='padding: 15px; border-bottom: 1px solid rgba(150&comma; 150&comma; 150&comma; 0.2); font-weight: bold; font-size: 18px; color: inherit;'>RF de respaldo<\/div>\n<div style='padding: 15px; color: inherit;'>\n<ul style='padding-left: 20px; margin: 0; font-size: 14px; list-style-type: disc;'>\n<li style='margin-bottom: 5px;'><strong>Est\u00e1ndar WiFi:<\/strong> 802.11ax (Wi-Fi 6)<\/li>\n<li style='margin-bottom: 5px;'><strong>Frecuencia de funcionamiento:<\/strong> U-NII-1 5150 &#8211; 5250 MHz<br \/>U-NII-2A 5250 &#8211; 5350 MHz<br \/>U-NII-2C 5470 &#8211; 5725 MHz<br \/>U-NII-3 5725 &#8211; 5850 MHz<br \/>5150 &#8211; 5875 MHz<br \/><small style='font-size: 0.9em; color: inherit;'>*Depende de la regi\u00f3n regulatoria.<\/small><\/li>\n<li style='margin-bottom: 5px;'><strong>Canal de Banda ancha:<\/strong> 20&comma; 40&comma; 80 MHz<\/li>\n<li style='margin-bottom: 5px;'><strong>Modulaci\u00f3n:<\/strong> BPSK (1\u20442)&comma; QPSK (1\u20442)&comma; QPSK (3\u20444)&comma; 16QAM (1\u20442)&comma; 16QAM (3\u20444)&comma; 64QAM (2\u20443)&comma; 64QAM (3\u20444)&comma; 64QAM (5\u20446)&comma; 256QAM (3\u20444)&comma; 256QAM (5\u20446)&comma; 1024QAM (3\u20444)&comma; 1024QAM (5\u20446)<\/li>\n<li style='margin-bottom: 5px;'><strong>Ganancia de la antena:<\/strong> 12 dBi<\/li>\n<li style='margin-bottom: 5px;'><strong>Aislamiento de polarizaci\u00f3n cruzada:<\/strong> 10dB<\/li>\n<li style='margin-bottom: 5px;'><strong>Inclinaci\u00f3n hacia abajo el\u00e9ctrica:<\/strong> 0\u00b0<\/li>\n<\/ul><\/div>\n<\/p><\/div>\n<\/p><\/div>\n<p> <!-- Contenido del paquete --> <\/p>\n<div style='margin-bottom: 30px;'>\n<h3 style='font-size: 20px; border-bottom: 2px solid currentColor; padding-bottom: 5px; margin-top: 0; color: inherit; opacity: 0.8;'>Contenido del paquete<\/h3>\n<p> <img style='width: 100%; height: auto; border: 1px solid rgba(150&comma;150&comma;150&comma;0.3); border-radius: 8px; margin: 20px 0;' src='https:\/\/ftp3.syscom.mx\/usuarios\/fotos\/WAVEAP\/214508-waveap_contenido.jpg' alt='Contenido del paquete'> <\/div>\n<p> <!-- Funciona con UISP --> <\/p>\n<div style='margin-bottom: 30px;'>\n<h3 style='font-size: 20px; border-bottom: 2px solid currentColor; padding-bottom: 5px; margin-top: 0; color: inherit; opacity: 0.8;'>Funciona con la aplicaci\u00f3n Ubiquiti Internet Service Provider (UISP\u00ae)<\/h3>\n<div style='margin-top: 20px;'> <img style='width: 100%; max-width: 200px; height: auto; float: left; margin-right: 20px; margin-bottom: 15px;' src='https:\/\/cdn.shopify.com\/s\/files\/1\/1439\/1668\/files\/UISP-software-2021.png?v=1622467570' alt='UISP Software'> <\/p>\n<ul style='padding-left: 20px; margin: 0; font-size: 14px; list-style-type: disc; color: inherit;'>\n<li style='margin-bottom: 5px;'>Administre de forma centralizada sus redes y clientes con facilidad.<\/li>\n<li style='margin-bottom: 5px;'>Organice los planes de sus clientes&comma; configure la facturaci\u00f3n y aumente su base de clientes.<\/li>\n<li style='margin-bottom: 5px;'>Vea la topolog\u00eda de la red&comma; an\u00e1lisis de datos avanzados y m\u00e1s.<\/li>\n<li style='margin-bottom: 5px;'>Configure dispositivos r\u00e1pidamente y admin\u00edstrelos sobre la marcha con una potente aplicaci\u00f3n m\u00f3vil.<\/li>\n<\/ul><\/div>\n<div style='clear: both;'><\/div>\n<\/p><\/div>\n<p> <!-- Separador final --> <\/p>\n<hr style='border: 0; border-top: 1px solid rgba(150&comma; 150&comma; 150&comma; 0.3); margin: 30px 0;'> <\/div>\n","protected":false},"excerpt":{"rendered":"<p>UISP Access Point Multipunto Tecnolog\u00eda Wave en 60 Ghz, hasta 15 estaciones, hasta 5.4 Gbps, respaldo en 5 Ghz. 1 puerto SFP+ 10G, 1 puerto 2.5g Gbps, con GPS<\/p>\n","protected":false},"featured_media":91577,"comment_status":"open","ping_status":"closed","template":"","meta":[],"product_brand":[],"product_cat":[1998],"product_tag":[1999,1980,166],"class_list":{"0":"post-91578","1":"product","2":"type-product","3":"status-publish","4":"has-post-thumbnail","6":"product_cat-5-y-6-ghz","7":"product_tag-5-y-6-ghz","8":"product_tag-enlaces-ptp-y-ptmp","9":"product_tag-ubiquiti","11":"first","12":"instock","13":"sale","14":"shipping-taxable","15":"purchasable","16":"product-type-simple"},"_links":{"self":[{"href":"https:\/\/soydeaqui.ddns.net\/pachuca\/index.php\/wp-json\/wp\/v2\/product\/91578","targetHints":{"allow":["GET"]}}],"collection":[{"href":"https:\/\/soydeaqui.ddns.net\/pachuca\/index.php\/wp-json\/wp\/v2\/product"}],"about":[{"href":"https:\/\/soydeaqui.ddns.net\/pachuca\/index.php\/wp-json\/wp\/v2\/types\/product"}],"replies":[{"embeddable":true,"href":"https:\/\/soydeaqui.ddns.net\/pachuca\/index.php\/wp-json\/wp\/v2\/comments?post=91578"}],"wp:featuredmedia":[{"embeddable":true,"href":"https:\/\/soydeaqui.ddns.net\/pachuca\/index.php\/wp-json\/wp\/v2\/media\/91577"}],"wp:attachment":[{"href":"https:\/\/soydeaqui.ddns.net\/pachuca\/index.php\/wp-json\/wp\/v2\/media?parent=91578"}],"wp:term":[{"taxonomy":"product_brand","embeddable":true,"href":"https:\/\/soydeaqui.ddns.net\/pachuca\/index.php\/wp-json\/wp\/v2\/product_brand?post=91578"},{"taxonomy":"product_cat","embeddable":true,"href":"https:\/\/soydeaqui.ddns.net\/pachuca\/index.php\/wp-json\/wp\/v2\/product_cat?post=91578"},{"taxonomy":"product_tag","embeddable":true,"href":"https:\/\/soydeaqui.ddns.net\/pachuca\/index.php\/wp-json\/wp\/v2\/product_tag?post=91578"}],"curies":[{"name":"wp","href":"https:\/\/api.w.org\/{rel}","templated":true}]}}