{"id":91457,"date":"2026-03-20T04:30:20","date_gmt":"2026-03-20T04:30:20","guid":{"rendered":"https:\/\/soydeaqui.ddns.net\/pachuca\/index.php\/producto\/router-lte-slot-para-sim-2-puertos-ethernet-10-100-mbps-wi-fi-2-4-ghz-interfaz-amigable-bandas-b1-b2-b3-b4-b5-b7-b8-b28-3\/"},"modified":"2026-03-20T04:30:32","modified_gmt":"2026-03-20T04:30:32","slug":"router-lte-slot-para-sim-2-puertos-ethernet-10-100-mbps-wi-fi-2-4-ghz-interfaz-amigable-bandas-b1-b2-b3-b4-b5-b7-b8-b28-3","status":"publish","type":"product","link":"https:\/\/soydeaqui.ddns.net\/pachuca\/index.php\/producto\/router-lte-slot-para-sim-2-puertos-ethernet-10-100-mbps-wi-fi-2-4-ghz-interfaz-amigable-bandas-b1-b2-b3-b4-b5-b7-b8-b28-3\/","title":{"rendered":"Router LTE, Slot para SIM, 2 puertos Ethernet 10\/100 Mbps, Wi-Fi 2.4 GHz, Interfaz Amigable, Bandas B1, B2, B3, B4, B5, B7, B8, B28"},"content":{"rendered":"<div style='width: 100%; max-width: 1200px; margin: 0 auto; font-family: sans-serif; line-height: 1.6; color: inherit; background-color: transparent;'> <!-- Secci\u00f3n de introducci\u00f3n --> <\/p>\n<div style='margin-bottom: 30px;'>\n<h3 style='font-size: 24px; text-align: center; border-bottom: 2px solid currentColor; padding-bottom: 5px; margin-top: 0; color: inherit; opacity: 0.8;'>Router Industrial LTE 4G Compacto<\/h3>\n<p style='margin: 10px 70px 50px 70px; font-size: 15px; text-align: justify; color: inherit;'>RUT200 es un router industrial LTE Cat 4 compacto y resistente&comma; dise\u00f1ado para aplicaciones cr\u00edticas con conectividad confiable.<\/p>\n<p style='margin: 10px 70px 50px 70px; font-size: 15px; text-align: justify; color: inherit;'>Sus interfaces Ethernet&comma; WiFi y entradas\/salidas digitales permiten una amplia variedad de escenarios de automatizaci\u00f3n industrial.<\/p>\n<p style='margin: 10px 70px 50px 70px; font-size: 15px; text-align: justify; color: inherit;'>Incluye funciones avanzadas como conmutaci\u00f3n por error&comma; gesti\u00f3n remota RMS y operaci\u00f3n en temperaturas extremas.<\/p>\n<p style='margin: 10px 70px 50px 70px; font-size: 15px; text-align: justify; color: inherit;'>Equipado con RutOS&comma; que ofrece soporte para VPN&comma; firewall avanzado&comma; QoS y protocolos industriales como Modbus.<\/p>\n<\/p><\/div>\n<p> <!-- Secci\u00f3n de caracter\u00edsticas --> <\/p>\n<div style='margin-bottom: 30px;'>\n<h3 style='font-size: 22px; border-bottom: 2px solid currentColor; padding-bottom: 5px; margin-top: 0; color: inherit; opacity: 0.8;'>Caracter\u00edsticas<\/h3>\n<div style='display: flex; flex-wrap: wrap; gap: 30px; margin-top: 20px;'> <!-- Caracter\u00edsticas Generales --> <\/p>\n<div style='flex: 1 1 300px; min-width: 280px;'>\n<div style='border: 1px solid rgba(150&comma; 150&comma; 150&comma; 0.4); border-radius: 8px; overflow: hidden; display: flex; flex-direction: column;'>\n<div style='padding: 15px; border-bottom: 1px solid rgba(150&comma; 150&comma; 150&comma; 0.2); font-weight: bold; font-size: 18px; color: inherit;'>Generales<\/div>\n<div style='padding: 15px; color: inherit;'>\n<ul style='padding-left: 20px; margin: 0; font-size: 14px; list-style-type: disc;'>\n<li style='margin-bottom: 5px;'>Gesti\u00f3n remota mediante Teltonika RMS<\/li>\n<li style='margin-bottom: 5px;'>Carcasa de aluminio con paneles pl\u00e1sticos y montaje en riel DIN<\/li>\n<li style='margin-bottom: 5px;'>Operaci\u00f3n en ambientes extremos desde -40\u00b0C hasta 75\u00b0C<\/li>\n<li style='margin-bottom: 5px;'>Dise\u00f1o ultracompacto<\/li>\n<\/ul><\/div>\n<\/p><\/div>\n<\/p><\/div>\n<p> <!-- Caracter\u00edsticas de Conectividad --> <\/p>\n<div style='flex: 1 1 300px; min-width: 280px;'>\n<div style='border: 1px solid rgba(150&comma; 150&comma; 150&comma; 0.4); border-radius: 8px; overflow: hidden; display: flex; flex-direction: column;'>\n<div style='padding: 15px; border-bottom: 1px solid rgba(150&comma; 150&comma; 150&comma; 0.2); font-weight: bold; font-size: 18px; color: inherit;'>Conectividad<\/div>\n<div style='padding: 15px; color: inherit;'>\n<ul style='padding-left: 20px; margin: 0; font-size: 14px; list-style-type: disc;'>\n<li style='margin-bottom: 5px;'>4G LTE Cat 4 &#8211; hasta 150 Mbps DL\/50 Mbps UL<\/li>\n<li style='margin-bottom: 5px;'>WiFi 2.4 GHz 802.11b\/g\/n &#8211; Access Point y Station<\/li>\n<li style='margin-bottom: 5px;'>2 puertos Ethernet RJ45 10\/100 Mbps (1 WAN&comma; 1 LAN)<\/li>\n<\/ul><\/div>\n<\/p><\/div>\n<\/p><\/div>\n<p> <!-- Caracter\u00edsticas de Hardware --> <\/p>\n<div style='flex: 1 1 300px; min-width: 280px;'>\n<div style='border: 1px solid rgba(150&comma; 150&comma; 150&comma; 0.4); border-radius: 8px; overflow: hidden; display: flex; flex-direction: column;'>\n<div style='padding: 15px; border-bottom: 1px solid rgba(150&comma; 150&comma; 150&comma; 0.2); font-weight: bold; font-size: 18px; color: inherit;'>Hardware<\/div>\n<div style='padding: 15px; color: inherit;'>\n<ul style='padding-left: 20px; margin: 0; font-size: 14px; list-style-type: disc;'>\n<li style='margin-bottom: 5px;'>CPU: Mediatek MT7628 580 MHz<\/li>\n<li style='margin-bottom: 5px;'>RAM: 128 MB DDR2<\/li>\n<\/ul><\/div>\n<\/p><\/div>\n<\/p><\/div>\n<p> <!-- Caracter\u00edsticas El\u00e9ctricas y F\u00edsicas --> <\/p>\n<div style='flex: 1 1 300px; min-width: 280px;'>\n<div style='border: 1px solid rgba(150&comma; 150&comma; 150&comma; 0.4); border-radius: 8px; overflow: hidden; display: flex; flex-direction: column;'>\n<div style='padding: 15px; border-bottom: 1px solid rgba(150&comma; 150&comma; 150&comma; 0.2); font-weight: bold; font-size: 18px; color: inherit;'>El\u00e9ctricas y F\u00edsicas<\/div>\n<div style='padding: 15px; color: inherit;'>\n<ul style='padding-left: 20px; margin: 0; font-size: 14px; list-style-type: disc;'>\n<li style='margin-bottom: 5px;'>Alimentaci\u00f3n: 9 &#8211; 30 Vcc<\/li>\n<li style='margin-bottom: 5px;'>Consumo: <6.5 W<\/li>\n<li style='margin-bottom: 5px;'>Peso: 125 g<\/li>\n<li style='margin-bottom: 5px;'>Dimensiones: 83x25x74 mm (An x Al x Pr)<\/li>\n<li style='margin-bottom: 5px;'>Temperatura de Operaci\u00f3n: -40 a 75\u00b0 C<\/li>\n<li style='margin-bottom: 5px;'>Protecci\u00f3n: IP30<\/li>\n<\/ul><\/div>\n<\/p><\/div>\n<\/p><\/div>\n<\/p><\/div>\n<\/p><\/div>\n<p> <!-- Secci\u00f3n de videos --> <\/p>\n<div style='margin-bottom: 30px;'>\n<h3 style='font-size: 22px; border-bottom: 2px solid currentColor; padding-bottom: 5px; margin-top: 0; color: inherit; opacity: 0.8;'>Remote Management System RMS<\/h3>\n<div style='display: flex; flex-wrap: wrap; gap: 30px; margin-top: 20px; justify-content: center;'> <!-- Video 1 --> <\/p>\n<div style='flex: 1 1 560px; min-width: 300px;'>\n<div style='position: relative; padding-bottom: 56.25%; height: 0; overflow: hidden; margin-bottom: 30px;'>   <\/div>\n<\/p><\/div>\n<p> <!-- Video 2 --> <\/p>\n<div style='flex: 1 1 560px; min-width: 300px;'>\n<div style='position: relative; padding-bottom: 56.25%; height: 0; overflow: hidden; margin-bottom: 30px;'>   <\/div>\n<\/p><\/div>\n<\/p><\/div>\n<\/p><\/div>\n<p> <!-- Separador final --> <\/p>\n<hr style='border: 0; border-top: 1px solid rgba(150&comma; 150&comma; 150&comma; 0.3); margin: 30px 0;'> <\/div>\n","protected":false},"excerpt":{"rendered":"<p>Router LTE, Slot para SIM, 2 puertos Ethernet 10\/100 Mbps, Wi-Fi 2.4 GHz, Interfaz Amigable, Bandas B1, B2, B3, B4, B5, B7, B8, B28<\/p>\n","protected":false},"featured_media":91456,"comment_status":"open","ping_status":"closed","template":"","meta":[],"product_brand":[],"product_cat":[1984],"product_tag":[1985,664,1430],"class_list":{"0":"post-91457","1":"product","2":"type-product","3":"status-publish","4":"has-post-thumbnail","6":"product_cat-industrial","7":"product_tag-industrial","8":"product_tag-networking","9":"product_tag-teltonika","11":"first","12":"instock","13":"sale","14":"shipping-taxable","15":"purchasable","16":"product-type-simple"},"_links":{"self":[{"href":"https:\/\/soydeaqui.ddns.net\/pachuca\/index.php\/wp-json\/wp\/v2\/product\/91457","targetHints":{"allow":["GET"]}}],"collection":[{"href":"https:\/\/soydeaqui.ddns.net\/pachuca\/index.php\/wp-json\/wp\/v2\/product"}],"about":[{"href":"https:\/\/soydeaqui.ddns.net\/pachuca\/index.php\/wp-json\/wp\/v2\/types\/product"}],"replies":[{"embeddable":true,"href":"https:\/\/soydeaqui.ddns.net\/pachuca\/index.php\/wp-json\/wp\/v2\/comments?post=91457"}],"wp:featuredmedia":[{"embeddable":true,"href":"https:\/\/soydeaqui.ddns.net\/pachuca\/index.php\/wp-json\/wp\/v2\/media\/91456"}],"wp:attachment":[{"href":"https:\/\/soydeaqui.ddns.net\/pachuca\/index.php\/wp-json\/wp\/v2\/media?parent=91457"}],"wp:term":[{"taxonomy":"product_brand","embeddable":true,"href":"https:\/\/soydeaqui.ddns.net\/pachuca\/index.php\/wp-json\/wp\/v2\/product_brand?post=91457"},{"taxonomy":"product_cat","embeddable":true,"href":"https:\/\/soydeaqui.ddns.net\/pachuca\/index.php\/wp-json\/wp\/v2\/product_cat?post=91457"},{"taxonomy":"product_tag","embeddable":true,"href":"https:\/\/soydeaqui.ddns.net\/pachuca\/index.php\/wp-json\/wp\/v2\/product_tag?post=91457"}],"curies":[{"name":"wp","href":"https:\/\/api.w.org\/{rel}","templated":true}]}}