{"id":91384,"date":"2026-03-20T04:26:51","date_gmt":"2026-03-20T04:26:51","guid":{"rendered":"https:\/\/soydeaqui.ddns.net\/pachuca\/index.php\/producto\/ccr2216-1g-12xs-2xq-cpu-16-core-12-sfp28-25-gbps-2-qsfp28-100-gbps\/"},"modified":"2026-03-20T04:27:01","modified_gmt":"2026-03-20T04:27:01","slug":"ccr2216-1g-12xs-2xq-cpu-16-core-12-sfp28-25-gbps-2-qsfp28-100-gbps","status":"publish","type":"product","link":"https:\/\/soydeaqui.ddns.net\/pachuca\/index.php\/producto\/ccr2216-1g-12xs-2xq-cpu-16-core-12-sfp28-25-gbps-2-qsfp28-100-gbps\/","title":{"rendered":"CCR2216-1G-12XS-2XQ, CPU 16 core, 12 SFP28 25 Gbps, 2 QSFP28 100 Gbps"},"content":{"rendered":"<div style='width: 100%; max-width: 1200px; margin: 0 auto; font-family: sans-serif; line-height: 1.6; color: inherit; background-color: transparent;'> <!-- Descripci\u00f3n principal --> <\/p>\n<div style='margin-bottom: 30px;'>\n<p style='font-size: 15px; margin: 0 0 15px 0; color: inherit; text-align: justify; line-height: 1.6;'> Comienza tu viaje de 100 Gigabits con nuestro nuevo producto estrella: \u00a1el Cloud Core Router 2216! Su <strong style='color: inherit;'>potente CPU de 16 n\u00facleos<\/strong> puede intercambiar golpes con la poderosa CPU Tile de 72 n\u00facleos de nuestro antiguo buque insignia: el CCR1072. <\/p>\n<p style='font-size: 15px; margin: 0 0 15px 0; color: inherit; text-align: justify; line-height: 1.6;'> \u00a1Pero el excepcional <strong style='color: inherit;'>chip Marvell Prestera Aldrin2<\/strong> realmente lo lleva al siguiente nivel con <strong style='color: inherit;'>L3 Hardware Offloading<\/strong>! Nuestro anterior CCR2116 presentaba un chip de conmutaci\u00f3n con cuatro l\u00edneas de conexi\u00f3n de CPU 10G&comma; \u00a1pero esta vez hay cuatro l\u00edneas de 25G! <\/p>\n<p style='font-size: 15px; margin: 0 0 15px 0; color: inherit; text-align: justify; line-height: 1.6;'> Hay <strong style='color: inherit;'>2<\/strong> jaulas <strong style='color: inherit;'>QSFP28<\/strong> para una conectividad ultrarr\u00e1pida de 100 Gigabit&comma; <strong style='color: inherit;'>12<\/strong> jaulas <strong style='color: inherit;'>SFP28<\/strong> para redes de 25 Gigabit y un puerto <strong style='color: inherit;'>Gigabit Ethernet<\/strong>. El dispositivo viene con <strong style='color: inherit;'>16 GB de RAM<\/strong>&comma; almacenamiento NAND decente y <strong style='color: inherit;'>dos ranuras SATA M.2<\/strong> para almacenamiento adicional. Hay cuatro ventiladores intercambiables en caliente&comma; as\u00ed como fuentes de alimentaci\u00f3n intercambiables en caliente de doble redundancia. <\/p>\n<p style='font-size: 15px; margin: 0 0 15px 0; color: inherit; text-align: justify; line-height: 1.6;'> Y estas fuentes de alimentaci\u00f3n podr\u00edan parecer familiares si ha usado nuestro CCR1072 antes: puede seguir usando sus fuentes de alimentaci\u00f3n intercambiables en caliente anteriores y m\u00f3dulos SFP. <strong style='color: inherit;'>\u00a1Esta es la actualizaci\u00f3n perfecta para las configuraciones existentes de CCR1072!<\/strong> <\/p>\n<p style='font-size: 14px; margin: 20px 0 0 0; color: inherit; text-align: justify; line-height: 1.6;'> <em style='color: inherit; opacity: 0.85;'>El dispositivo tiene un sistema operativo preinstalado y con licencia. No es necesario comprar por separado y el producto est\u00e1 listo para usar. El dispositivo incluye actualizaciones de software gratuitas durante la vida \u00fatil del producto o un m\u00ednimo de 5 a\u00f1os a partir de la fecha de compra.<\/em> <\/p>\n<\/p><\/div>\n<p> <!-- Especificaciones --> <\/p>\n<div style='display: flex; flex-wrap: wrap; gap: 30px; margin-bottom: 30px;'>\n<div style='flex: 1 1 300px; min-width: 280px;'>\n<h3 style='font-size: 22px; border-bottom: 2px solid currentColor; padding-bottom: 5px; margin-top: 0; color: inherit; opacity: 0.8;'>Especificaciones<\/h3>\n<ul style='padding-left: 20px; font-size: 15px; color: inherit;'>\n<li style='margin-bottom: 5px;'><strong>C\u00f3digo del producto:<\/strong> CCR2216-1G-12XS-2XQ<\/li>\n<li style='margin-bottom: 5px;'><strong>Arquitectura:<\/strong> ARM de 64 bits<\/li>\n<li style='margin-bottom: 5px;'><strong>CPU:<\/strong> AL73400<\/li>\n<li style='margin-bottom: 5px;'><strong>Recuento de n\u00facleos:<\/strong> 16<\/li>\n<li style='margin-bottom: 5px;'><strong>Frecuencia CPU:<\/strong> 2000 MHz<\/li>\n<li style='margin-bottom: 5px;'><strong>Dimensiones:<\/strong> 443 x 367 x 44 mm<\/li>\n<li style='margin-bottom: 5px;'><strong>Licencia RouterOS:<\/strong> Nivel 6<\/li>\n<li style='margin-bottom: 5px;'><strong>Sistema operativo:<\/strong> RouterOS v7<\/li>\n<li style='margin-bottom: 5px;'><strong>RAM:<\/strong> 16 GB<\/li>\n<li style='margin-bottom: 5px;'><strong>Almacenamiento:<\/strong> NAND de 128 MB<\/li>\n<li style='margin-bottom: 5px;'><strong>MTBF:<\/strong> Aproximadamente 200.000 horas a 25 \u00b0C<\/li>\n<li style='margin-bottom: 5px;'><strong>Temperatura operativa:<\/strong> -20 \u00b0C a 60 \u00b0C<\/li>\n<\/ul><\/div>\n<div style='flex: 1 1 300px; min-width: 280px;'>\n<h3 style='font-size: 22px; border-bottom: 2px solid currentColor; padding-bottom: 5px; margin-top: 0; color: inherit; opacity: 0.8;'>Potencia y refrigeraci\u00f3n<\/h3>\n<ul style='padding-left: 20px; font-size: 15px; color: inherit;'>\n<li style='margin-bottom: 5px;'><strong>Entradas de CA:<\/strong> 2<\/li>\n<li style='margin-bottom: 5px;'><strong>Rango de entrada:<\/strong> 100-240V<\/li>\n<li style='margin-bottom: 5px;'><strong>Consumo m\u00e1ximo:<\/strong> 128 W<\/li>\n<li style='margin-bottom: 5px;'><strong>Consumo sin accesorios:<\/strong> 80 W<\/li>\n<li style='margin-bottom: 5px;'><strong>Refrigeraci\u00f3n:<\/strong> 4 ventiladores<\/li>\n<\/ul><\/div>\n<div style='flex: 1 1 300px; min-width: 280px;'>\n<h3 style='font-size: 22px; border-bottom: 2px solid currentColor; padding-bottom: 5px; margin-top: 0; color: inherit; opacity: 0.8;'>Interfaces<\/h3>\n<ul style='padding-left: 20px; font-size: 15px; color: inherit;'>\n<li style='margin-bottom: 5px;'><strong>Ethernet 10\/100\/1000:<\/strong> 1 puerto<\/li>\n<li style='margin-bottom: 5px;'><strong>SFP28 25G:<\/strong> 12 puertos<\/li>\n<li style='margin-bottom: 5px;'><strong>QSFP28 100G:<\/strong> 2 puertos<\/li>\n<li style='margin-bottom: 5px;'><strong>Puerto consola:<\/strong> RJ45<\/li>\n<li style='margin-bottom: 5px;'><strong>Ranuras M.2 SATA3:<\/strong> 2 ranuras (hasta 1TB SSD)<\/li>\n<\/ul><\/div>\n<div style='flex: 1 1 300px; min-width: 280px;'>\n<h3 style='font-size: 22px; border-bottom: 2px solid currentColor; padding-bottom: 5px; margin-top: 0; color: inherit; opacity: 0.8;'>Caracter\u00edsticas<\/h3>\n<ul style='padding-left: 20px; font-size: 15px; color: inherit;'>\n<li style='margin-bottom: 5px;'><strong>Monitor CPU:<\/strong> Temperatura y voltaje<\/li>\n<li style='margin-bottom: 5px;'><strong>Monitor PCB:<\/strong> Temperatura y voltaje<\/li>\n<li style='margin-bottom: 5px;'><strong>Certificaciones:<\/strong> CE&comma; EAC&comma; ROHS<\/li>\n<li style='margin-bottom: 5px;'><strong>Protecci\u00f3n:<\/strong> IP20<\/li>\n<li style='margin-bottom: 5px;'><strong>Compartimentos de ventiladores:<\/strong> 4 intercambiables en caliente<\/li>\n<li style='margin-bottom: 5px;'><strong>Fuentes de alimentaci\u00f3n:<\/strong> Doble redundancia&comma; intercambiables en caliente<\/li>\n<\/ul><\/div>\n<\/p><\/div>\n<p> <!-- Compatibilidad y detalles adicionales --> <\/p>\n<div style='margin-bottom: 30px;'>\n<h3 style='font-size: 22px; border-bottom: 2px solid currentColor; padding-bottom: 5px; margin-top: 0; color: inherit; opacity: 0.8;'>Compatibilidad y detalles<\/h3>\n<ul style='padding-left: 20px; font-size: 15px; color: inherit;'>\n<li style='margin-bottom: 5px;'><strong>QSFP28 100G soporta:<\/strong> 1x 100G&comma; 1x 40G&comma; 4x 25G&comma; 4x 10G&comma; 4x 1G<\/li>\n<li style='margin-bottom: 5px;'><strong>No compatible:<\/strong> 2x 50G&comma; 1x 50G&comma; 2x 40G<\/li>\n<li style='margin-bottom: 5px;'><strong>SFP28 25G soporta:<\/strong> 1x 25G&comma; 1x 10G&comma; 1x 1G<\/li>\n<li style='margin-bottom: 5px;'><strong>No compatible:<\/strong> 1x 5G&comma; 1x 2.5G<\/li>\n<\/ul><\/div>\n<p> <!-- Piezas incluidas --> <\/p>\n<div style='margin-bottom: 30px;'>\n<h3 style='font-size: 22px; border-bottom: 2px solid currentColor; padding-bottom: 5px; margin-top: 0; color: inherit; opacity: 0.8;'>Piezas incluidas<\/h3>\n<div style='display: grid; grid-template-columns: repeat(auto-fill&comma; minmax(140px&comma; 1fr)); gap: 15px; margin-top: 15px;'>\n<div style='text-align: center;'> <img style='width: 100%; height: auto; border: 1px solid rgba(150&comma;150&comma;150&comma;0.3); border-radius: 8px; max-width: 80px; margin-bottom: 8px;' src='https:\/\/i.mt.lv\/cdn\/rb_images\/part41391160693s.jpg' alt='Cable IEC'> <\/p>\n<div style='font-size: 14px; color: inherit;'>Cable IEC<\/div>\n<\/p><\/div>\n<div style='text-align: center;'> <img style='width: 100%; height: auto; border: 1px solid rgba(150&comma;150&comma;150&comma;0.3); border-radius: 8px; max-width: 80px; margin-bottom: 8px;' src='https:\/\/i.mt.lv\/cdn\/rb_images\/part491436523280s.jpg' alt='Orejas de montaje'> <\/p>\n<div style='font-size: 14px; color: inherit;'>Orejas de montaje en rack<\/div>\n<\/p><\/div>\n<div style='text-align: center;'> <img style='width: 100%; height: auto; border: 1px solid rgba(150&comma;150&comma;150&comma;0.3); border-radius: 8px; max-width: 80px; margin-bottom: 8px;' src='https:\/\/i.mt.lv\/cdn\/rb_images\/part961579601494s.jpg' alt='Soportes de gesti\u00f3n'> <\/p>\n<div style='font-size: 14px; color: inherit;'>Soportes de gesti\u00f3n de cables<\/div>\n<\/p><\/div>\n<div style='text-align: center;'> <img style='width: 100%; height: auto; border: 1px solid rgba(150&comma;150&comma;150&comma;0.3); border-radius: 8px; max-width: 80px; margin-bottom: 8px;' src='https:\/\/i.mt.lv\/cdn\/rb_images\/part1451644321481s.jpg' alt='Juego de cierre'> <\/p>\n<div style='font-size: 14px; color: inherit;'>Juego de cierre K-82<\/div>\n<\/p><\/div>\n<div style='text-align: center;'> <img style='width: 100%; height: auto; border: 1px solid rgba(150&comma;150&comma;150&comma;0.3); border-radius: 8px; max-width: 80px; margin-bottom: 8px;' src='https:\/\/i.mt.lv\/cdn\/rb_images\/part1011582125783s.jpg' alt='Orejas traseras'> <\/p>\n<div style='font-size: 14px; color: inherit;'>Orejas traseras de montaje<\/div>\n<\/p><\/div>\n<\/p><\/div>\n<\/p><\/div>\n<p> <!-- Separador --> <\/p>\n<hr style='border: 0; border-top: 1px solid rgba(150&comma; 150&comma; 150&comma; 0.3); margin: 30px 0;'> <\/div>\n","protected":false},"excerpt":{"rendered":"<p>CCR2216-1G-12XS-2XQ, CPU 16 core, 12 SFP28 25 Gbps, 2 QSFP28 100 Gbps<\/p>\n","protected":false},"featured_media":91383,"comment_status":"open","ping_status":"closed","template":"","meta":[],"product_brand":[],"product_cat":[2036,2035,2034],"product_tag":[2039,2038,643,664,2037],"class_list":{"0":"post-91384","1":"product","2":"type-product","3":"status-publish","4":"has-post-thumbnail","6":"product_cat-balanceadores","7":"product_cat-firewalls","8":"product_cat-routers","9":"product_tag-balanceadores","10":"product_tag-firewalls","11":"product_tag-mikrotik","12":"product_tag-networking","13":"product_tag-routers","15":"first","16":"instock","17":"sale","18":"shipping-taxable","19":"purchasable","20":"product-type-simple"},"_links":{"self":[{"href":"https:\/\/soydeaqui.ddns.net\/pachuca\/index.php\/wp-json\/wp\/v2\/product\/91384","targetHints":{"allow":["GET"]}}],"collection":[{"href":"https:\/\/soydeaqui.ddns.net\/pachuca\/index.php\/wp-json\/wp\/v2\/product"}],"about":[{"href":"https:\/\/soydeaqui.ddns.net\/pachuca\/index.php\/wp-json\/wp\/v2\/types\/product"}],"replies":[{"embeddable":true,"href":"https:\/\/soydeaqui.ddns.net\/pachuca\/index.php\/wp-json\/wp\/v2\/comments?post=91384"}],"wp:featuredmedia":[{"embeddable":true,"href":"https:\/\/soydeaqui.ddns.net\/pachuca\/index.php\/wp-json\/wp\/v2\/media\/91383"}],"wp:attachment":[{"href":"https:\/\/soydeaqui.ddns.net\/pachuca\/index.php\/wp-json\/wp\/v2\/media?parent=91384"}],"wp:term":[{"taxonomy":"product_brand","embeddable":true,"href":"https:\/\/soydeaqui.ddns.net\/pachuca\/index.php\/wp-json\/wp\/v2\/product_brand?post=91384"},{"taxonomy":"product_cat","embeddable":true,"href":"https:\/\/soydeaqui.ddns.net\/pachuca\/index.php\/wp-json\/wp\/v2\/product_cat?post=91384"},{"taxonomy":"product_tag","embeddable":true,"href":"https:\/\/soydeaqui.ddns.net\/pachuca\/index.php\/wp-json\/wp\/v2\/product_tag?post=91384"}],"curies":[{"name":"wp","href":"https:\/\/api.w.org\/{rel}","templated":true}]}}