{"id":91146,"date":"2026-03-20T04:16:03","date_gmt":"2026-03-20T04:16:03","guid":{"rendered":"https:\/\/soydeaqui.ddns.net\/pachuca\/index.php\/producto\/modulo-qsfp28-40-100g-sm-10km-1310nm-conector-lc-ddm\/"},"modified":"2026-03-20T04:16:05","modified_gmt":"2026-03-20T04:16:05","slug":"modulo-qsfp28-40-100g-sm-10km-1310nm-conector-lc-ddm","status":"publish","type":"product","link":"https:\/\/soydeaqui.ddns.net\/pachuca\/index.php\/producto\/modulo-qsfp28-40-100g-sm-10km-1310nm-conector-lc-ddm\/","title":{"rendered":"Modulo QSFP28 40\/100G SM 10KM 1310NM Conector-LC DDM"},"content":{"rendered":"<div style='width: 100%; max-width: 1200px; margin: 0 auto; font-family: sans-serif; line-height: 1.6; color: inherit; background-color: transparent;'>\n<div style='display: flex; flex-direction: column; gap: 20px;'>\n<div style='font-size: 14px; color: inherit;'>\n<p style='margin: 0 0 16px 0;'><strong style='color: inherit;'>\u00a1La l\u00ednea de productos MikroTik 100 Gigabit sigue creciendo!<\/strong><\/p>\n<p style='margin: 0 0 16px 0;'>Agregue este m\u00f3dulo QSFP para distancias de hasta 10 kil\u00f3metros a sus configuraciones CCR2216&comma; CRS504 o CRS518 y disfrute de una velocidad real y la m\u00e1xima fiabilidad. Este m\u00f3dulo \u00f3ptico ofrece cuatro canales d\u00faplex completos independientes con hasta 25 Gbps por ancho de banda por canal y un ancho de banda agregado de 100 Gbps.<\/p>\n<p style='margin: 0 0 16px 0;'>El m\u00f3dulo tiene funciones de diagn\u00f3stico digital integradas&comma; como la potencia \u00f3ptica&comma; el voltaje de alimentaci\u00f3n del transceptor&comma; la temperatura&comma; la monitorizaci\u00f3n de la corriente de sesgo l\u00e1ser y el monitoreo de otros par\u00e1metros clave. Estas opciones pueden ser \u00fatiles no solo para alertar al usuario durante la actividad anormal del transceptor&comma; sino tambi\u00e9n si se superan los l\u00edmites operativos personalizables espec\u00edficos. El monitoreo le permite planificar con anticipaci\u00f3n&comma; tomar decisiones informadas y predecir las actualizaciones o el mantenimiento necesarios en funci\u00f3n del rendimiento del transceptor.<\/p>\n<\/p><\/div>\n<div style='display: flex; flex-wrap: wrap; gap: 20px;'>\n<div style='flex: 1 1 250px; border: 1px solid rgba(150&comma; 150&comma; 150&comma; 0.4); border-radius: 8px; overflow: hidden; display: flex; flex-direction: column;'>\n<div style='padding: 15px; border-bottom: 1px solid rgba(150&comma; 150&comma; 150&comma; 0.2); font-weight: bold; font-size: 18px; color: inherit;'>Especificaciones<\/div>\n<div style='padding: 15px; color: inherit;'>\n<ul style='padding-left: 20px; margin: 0; font-size: 14px; list-style-type: disc;'>\n<li style='margin-bottom: 5px;'><strong style='color: inherit;'>C\u00f3digo del producto:<\/strong> XQ+31LC10D<\/li>\n<li style='margin-bottom: 5px;'><strong style='color: inherit;'>Conector:<\/strong> Doble LC UPC<\/li>\n<li style='margin-bottom: 5px;'><strong style='color: inherit;'>Velocidad de datos:<\/strong> 100G<\/li>\n<li style='margin-bottom: 5px;'><strong style='color: inherit;'>Distancia:<\/strong> 10 km<\/li>\n<li style='margin-bottom: 5px;'><strong style='color: inherit;'>Formato:<\/strong> QSFP28<\/li>\n<li style='margin-bottom: 5px;'><strong style='color: inherit;'>Modo:<\/strong> SM<\/li>\n<li style='margin-bottom: 5px;'><strong style='color: inherit;'>Longitud de onda:<\/strong> 1296nm&comma; 1300nm&comma; 1305nm&comma; 1309nm<\/li>\n<\/ul><\/div>\n<\/p><\/div>\n<\/p><\/div>\n<\/p><\/div>\n<hr style='border: 0; border-top: 1px solid rgba(150&comma; 150&comma; 150&comma; 0.3); margin: 30px 0;'> <\/div>\n","protected":false},"excerpt":{"rendered":"<p>Modulo QSFP28 40\/100G SM 10KM 1310NM Conector-LC DDM<\/p>\n","protected":false},"featured_media":91145,"comment_status":"open","ping_status":"closed","template":"","meta":[],"product_brand":[],"product_cat":[663],"product_tag":[643,664,665],"class_list":{"0":"post-91146","1":"product","2":"type-product","3":"status-publish","4":"has-post-thumbnail","6":"product_cat-transceptores-de-fibra","7":"product_tag-mikrotik","8":"product_tag-networking","9":"product_tag-transceptores-de-fibra","11":"first","12":"outofstock","13":"sale","14":"shipping-taxable","15":"purchasable","16":"product-type-simple"},"_links":{"self":[{"href":"https:\/\/soydeaqui.ddns.net\/pachuca\/index.php\/wp-json\/wp\/v2\/product\/91146","targetHints":{"allow":["GET"]}}],"collection":[{"href":"https:\/\/soydeaqui.ddns.net\/pachuca\/index.php\/wp-json\/wp\/v2\/product"}],"about":[{"href":"https:\/\/soydeaqui.ddns.net\/pachuca\/index.php\/wp-json\/wp\/v2\/types\/product"}],"replies":[{"embeddable":true,"href":"https:\/\/soydeaqui.ddns.net\/pachuca\/index.php\/wp-json\/wp\/v2\/comments?post=91146"}],"wp:featuredmedia":[{"embeddable":true,"href":"https:\/\/soydeaqui.ddns.net\/pachuca\/index.php\/wp-json\/wp\/v2\/media\/91145"}],"wp:attachment":[{"href":"https:\/\/soydeaqui.ddns.net\/pachuca\/index.php\/wp-json\/wp\/v2\/media?parent=91146"}],"wp:term":[{"taxonomy":"product_brand","embeddable":true,"href":"https:\/\/soydeaqui.ddns.net\/pachuca\/index.php\/wp-json\/wp\/v2\/product_brand?post=91146"},{"taxonomy":"product_cat","embeddable":true,"href":"https:\/\/soydeaqui.ddns.net\/pachuca\/index.php\/wp-json\/wp\/v2\/product_cat?post=91146"},{"taxonomy":"product_tag","embeddable":true,"href":"https:\/\/soydeaqui.ddns.net\/pachuca\/index.php\/wp-json\/wp\/v2\/product_tag?post=91146"}],"curies":[{"name":"wp","href":"https:\/\/api.w.org\/{rel}","templated":true}]}}