{"id":9114,"date":"2026-03-18T07:18:14","date_gmt":"2026-03-18T07:18:14","guid":{"rendered":"https:\/\/soydeaqui.ddns.net\/pachuca\/index.php\/producto\/gabinete-profesional-de-telecomunicaciones-de-piso-12-ur-600-mm-de-ancho-y-1070-mm-de-profundidad-color-negro\/"},"modified":"2026-03-18T07:18:14","modified_gmt":"2026-03-18T07:18:14","slug":"gabinete-profesional-de-telecomunicaciones-de-piso-12-ur-600-mm-de-ancho-y-1070-mm-de-profundidad-color-negro","status":"publish","type":"product","link":"https:\/\/soydeaqui.ddns.net\/pachuca\/index.php\/producto\/gabinete-profesional-de-telecomunicaciones-de-piso-12-ur-600-mm-de-ancho-y-1070-mm-de-profundidad-color-negro\/","title":{"rendered":"Gabinete Profesional de Telecomunicaciones, de Piso, 12 UR, 600 mm de Ancho y 1070 mm de Profundidad, Color Negro"},"content":{"rendered":"<div style='width: 100%; max-width: 1200px; margin: 0 auto; font-family: sans-serif; line-height: 1.6; color: inherit; background-color: transparent;'> <!-- Secci\u00f3n de introducci\u00f3n --> <\/p>\n<div style='margin-bottom: 30px;'>\n<p style='font-size: 15px; color: inherit; margin: 0 0 15px 0;'> Los Gabinetes E-Type de Net-Access&comma; son la opci\u00f3n de preferencia para aplicaciones que requieren m\u00e1xima flexibilidad en las implementaciones de telecomunicaciones. <\/p>\n<\/p><\/div>\n<p> <!-- Secci\u00f3n de especificaciones t\u00e9cnicas --> <\/p>\n<div style='display: flex; flex-wrap: wrap; gap: 30px; margin-bottom: 30px;'>\n<div style='flex: 1 1 300px; min-width: 280px;'>\n<h3 style='font-size: 22px; border-bottom: 2px solid currentColor; padding-bottom: 5px; margin-top: 0; color: inherit; opacity: 0.8;'>Informaci\u00f3n T\u00e9cnica<\/h3>\n<ul style='padding-left: 20px; font-size: 15px; color: inherit; list-style-type: disc;'>\n<li style='margin-bottom: 5px;'><strong>Dimensiones:<\/strong> 600 mm (23.6&#8242;) x 654 mm (25.74&#8242;) x 1070 mm (42.12&#8242;) (Ancho x Alto x Profundidad)<\/li>\n<li style='margin-bottom: 5px;'><strong>Unidades de Rack:<\/strong> 12<\/li>\n<li style='margin-bottom: 5px;'><strong>Material:<\/strong> Acero con acabado en polvo epoxico de poli\u00e9ster negro duradero<\/li>\n<li style='margin-bottom: 5px;'><strong>Puerta frontal y posterior ventiladas:<\/strong> al 69%<\/li>\n<li style='margin-bottom: 5px;'><strong>Conformidad con Est\u00e1ndares:<\/strong> EIA-310-D&comma; TIA\/EIA-942&comma; RoHS Complaint&comma; UL 2416<\/li>\n<\/ul><\/div>\n<\/p><\/div>\n<p> <!-- Secci\u00f3n de caracter\u00edsticas --> <\/p>\n<div style='display: flex; flex-wrap: wrap; gap: 30px; margin-bottom: 30px;'>\n<div style='flex: 1 1 300px; min-width: 280px;'>\n<h3 style='font-size: 22px; border-bottom: 2px solid currentColor; padding-bottom: 5px; margin-top: 0; color: inherit; opacity: 0.8;'>Caracter\u00edsticas<\/h3>\n<ul style='padding-left: 20px; font-size: 15px; color: inherit; list-style-type: disc;'>\n<li style='margin-bottom: 5px;'>Riel trasero ajustable y riel delantero fijo para Swiches&comma; Servidores o Paneles de Parcheo<\/li>\n<li style='margin-bottom: 5px;'>Paneles laterales s\u00f3lidos de acero de una sola pieza con cerraduras de 1\u20444 de vuelta<\/li>\n<li style='margin-bottom: 5px;'>Ensamblado con ruedas de alta resistencia para facilitar el rodamiento con el equipo; las patas niveladoras permiten una nivelaci\u00f3n adecuada en una ubicaci\u00f3n permanente<\/li>\n<li style='margin-bottom: 5px;'><strong>Capacidad de carga:<\/strong> est\u00e1tica &#8211; 1250 lb (567 kg); rodante &#8211; 500 lb (227 kg)<\/li>\n<li style='margin-bottom: 5px;'>Asegurado con chapa giratoria con llave; puerta f\u00e1cil de quitar cuando la puerta est\u00e1 en posici\u00f3n abierta<\/li>\n<\/ul><\/div>\n<\/p><\/div>\n<p> <!-- Separador --> <\/p>\n<hr style='border: 0; border-top: 1px solid rgba(150&comma; 150&comma; 150&comma; 0.3); margin: 30px 0;'> <\/div>\n","protected":false},"excerpt":{"rendered":"<p>Gabinete Profesional de Telecomunicaciones, de Piso, 12 UR, 600 mm de Ancho y 1070 mm de Profundidad, Color Negro<\/p>\n","protected":false},"featured_media":9113,"comment_status":"open","ping_status":"closed","template":"","meta":[],"product_brand":[],"product_cat":[623],"product_tag":[445,624,605],"class_list":{"0":"post-9114","1":"product","2":"type-product","3":"status-publish","4":"has-post-thumbnail","6":"product_cat-racks-cerrados","7":"product_tag-panduit","8":"product_tag-racks-cerrados","9":"product_tag-racks-y-gabinetes","11":"first","12":"outofstock","13":"sale","14":"shipping-taxable","15":"purchasable","16":"product-type-simple"},"_links":{"self":[{"href":"https:\/\/soydeaqui.ddns.net\/pachuca\/index.php\/wp-json\/wp\/v2\/product\/9114","targetHints":{"allow":["GET"]}}],"collection":[{"href":"https:\/\/soydeaqui.ddns.net\/pachuca\/index.php\/wp-json\/wp\/v2\/product"}],"about":[{"href":"https:\/\/soydeaqui.ddns.net\/pachuca\/index.php\/wp-json\/wp\/v2\/types\/product"}],"replies":[{"embeddable":true,"href":"https:\/\/soydeaqui.ddns.net\/pachuca\/index.php\/wp-json\/wp\/v2\/comments?post=9114"}],"wp:featuredmedia":[{"embeddable":true,"href":"https:\/\/soydeaqui.ddns.net\/pachuca\/index.php\/wp-json\/wp\/v2\/media\/9113"}],"wp:attachment":[{"href":"https:\/\/soydeaqui.ddns.net\/pachuca\/index.php\/wp-json\/wp\/v2\/media?parent=9114"}],"wp:term":[{"taxonomy":"product_brand","embeddable":true,"href":"https:\/\/soydeaqui.ddns.net\/pachuca\/index.php\/wp-json\/wp\/v2\/product_brand?post=9114"},{"taxonomy":"product_cat","embeddable":true,"href":"https:\/\/soydeaqui.ddns.net\/pachuca\/index.php\/wp-json\/wp\/v2\/product_cat?post=9114"},{"taxonomy":"product_tag","embeddable":true,"href":"https:\/\/soydeaqui.ddns.net\/pachuca\/index.php\/wp-json\/wp\/v2\/product_tag?post=9114"}],"curies":[{"name":"wp","href":"https:\/\/api.w.org\/{rel}","templated":true}]}}