{"id":91034,"date":"2026-03-20T04:10:32","date_gmt":"2026-03-20T04:10:32","guid":{"rendered":"https:\/\/soydeaqui.ddns.net\/pachuca\/index.php\/producto\/cloud-core-router-2004-16g-2spc-con-enfriamiento-pasivo\/"},"modified":"2026-03-20T04:10:40","modified_gmt":"2026-03-20T04:10:40","slug":"cloud-core-router-2004-16g-2spc-con-enfriamiento-pasivo","status":"publish","type":"product","link":"https:\/\/soydeaqui.ddns.net\/pachuca\/index.php\/producto\/cloud-core-router-2004-16g-2spc-con-enfriamiento-pasivo\/","title":{"rendered":"Cloud Core Router 2004-16G-2S+PC, con enfriamiento pasivo"},"content":{"rendered":"<div style='width: 100%; max-width: 1200px; margin: 0 auto; font-family: sans-serif; line-height: 1.6; color: inherit; background-color: transparent;'>\n<div style='margin-bottom: 30px;'>\n<p style='margin: 0 0 15px 0; font-size: 15px; color: inherit;'> Al igual que los otros modelos de la serie CCR2004&comma; este CCR tambi\u00e9n cuenta con la <span style='font-weight: bold; color: inherit;'>CPU Alpine v2 de Amazon Annapurna Labs con 4 n\u00facleos ARMv8-A Cortex-A57 de 64 bits<\/span>. Mientras esta CPU funciona a 1&comma;2 GHz&comma; el enrutador puede ser 3 veces m\u00e1s r\u00e1pido que los CCR de la generaci\u00f3n anterior. Esta es la potencia silenciosa. Disfrute de todo el poder de un CCR real en paz y tranquilidad. Desh\u00e1gase de todo el zumbido de su oficina&comma; estudio&comma; sala de servidores o laboratorio dom\u00e9stico sin sacrificar el rendimiento. <\/p>\n<p style='margin: 0 0 15px 0; font-size: 15px; color: inherit;'> El nuevo enrutador tiene 18 puertos cableados&comma; incluidos 16 puertos Gigabit Ethernet y dos jaulas 10G SFP+. Tambi\u00e9n tiene un puerto de consola RJ-45 en el panel frontal. <\/p>\n<p style='margin: 0 0 15px 0; font-size: 15px; color: inherit;'> Cada grupo de 8 puertos Gigabit Ethernet est\u00e1 conectado a un chip conmutador de la familia Marvell Amethyst separado. Cada chip de conmutador tiene una <span style='font-weight: bold; color: inherit;'>l\u00ednea de d\u00faplex completo de 10 Gbps<\/span> conectada a la CPU. Lo mismo ocurre con cada jaula SFP+: una l\u00ednea independiente de d\u00faplex completo de 10 Gbps. Las placas vienen con 4 GB de RAM DDR4 y 128 MB de almacenamiento NAND. <\/p>\n<p style='margin: 0 0 15px 0; font-size: 15px; color: inherit;'> Entonces&comma; como puede ver&comma; no hay cuellos de botella. Siempre que la CPU pueda manejar el procesamiento&comma; todos los puertos pueden alcanzar la velocidad de cable. Y esta CPU es una bestia que puede manejar mucho. Si observamos el rendimiento&comma; puede ver que est\u00e1 intercambiando golpes con nuestro CCR1009. <\/p>\n<p style='margin: 0 0 15px 0; font-size: 15px; color: inherit;'> La mejor parte? Este nuevo CCR se encuentra entre las opciones m\u00e1s asequibles que existen&comma; no solo dentro de la serie CCR&comma; sino en el mercado en general. Una de las formas m\u00e1s comunes de utilizar este dispositivo ser\u00eda: puertos Gigabit Ethernet para la red interna; Puertos SFP+ para enlace descendente y ascendente. La soluci\u00f3n todo en uno perfecta para peque\u00f1as y medianas empresas. F\u00e1cil y eficiente. <\/p>\n<p style='margin: 0; font-size: 14px; color: inherit;'><em>El dispositivo tiene un sistema operativo preinstalado y con licencia. No es necesaria una compra por separado y el producto est\u00e1 listo para usar. El dispositivo incluye actualizaciones de software gratuitas durante la vida \u00fatil del producto o un m\u00ednimo de 5 a\u00f1os a partir de la fecha de compra.<\/em><\/p>\n<\/p><\/div>\n<hr style='border: 0; border-top: 1px solid rgba(150&comma; 150&comma; 150&comma; 0.3); margin: 30px 0;'>\n<div style='display: flex; flex-wrap: wrap; gap: 30px; margin-bottom: 30px;'>\n<div style='flex: 1 1 300px; min-width: 280px;'>\n<h3 style='font-size: 22px; border-bottom: 2px solid currentColor; padding-bottom: 5px; margin-top: 0; color: inherit; opacity: 0.8;'>Especificaciones<\/h3>\n<ul style='padding-left: 20px; font-size: 15px; color: inherit;'>\n<li style='margin-bottom: 5px;'><strong>C\u00f3digo de producto:<\/strong> CCR2004-16G-2S+PC<\/li>\n<li style='margin-bottom: 5px;'><strong>Arquitectura:<\/strong> ARM de 64 bits<\/li>\n<li style='margin-bottom: 5px;'><strong>CPU:<\/strong> AL32400<\/li>\n<li style='margin-bottom: 5px;'><strong>N\u00facleos:<\/strong> 4<\/li>\n<li style='margin-bottom: 5px;'><strong>Frecuencia CPU:<\/strong> 1200 MHz<\/li>\n<li style='margin-bottom: 5px;'><strong>Dimensiones:<\/strong> 272 x 195 x 44 mm<\/li>\n<li style='margin-bottom: 5px;'><strong>Licencia RouterOS:<\/strong> 6<\/li>\n<li style='margin-bottom: 5px;'><strong>Sistema operativo:<\/strong> RouterOS (solo v7)<\/li>\n<li style='margin-bottom: 5px;'><strong>RAM:<\/strong> 4 GB<\/li>\n<li style='margin-bottom: 5px;'><strong>Almacenamiento:<\/strong> 128 MB NAND<\/li>\n<li style='margin-bottom: 5px;'><strong>MTBF:<\/strong> Aproximadamente 200&#8217;000 horas a 25\u00b0C<\/li>\n<li style='margin-bottom: 5px;'><strong>Temperatura operaci\u00f3n:<\/strong> -20\u00b0C a 60\u00b0C<\/li>\n<li style='margin-bottom: 5px;'><strong>Aceleraci\u00f3n IPsec:<\/strong> S\u00ed<\/li>\n<\/ul><\/div>\n<div style='flex: 1 1 300px; min-width: 280px;'>\n<h3 style='font-size: 22px; border-bottom: 2px solid currentColor; padding-bottom: 5px; margin-top: 0; color: inherit; opacity: 0.8;'>Alimentaci\u00f3n<\/h3>\n<ul style='padding-left: 20px; font-size: 15px; color: inherit;'>\n<li style='margin-bottom: 5px;'><strong>Entradas CC:<\/strong> 2 (terminal de 2 pines&comma; toma de CC)<\/li>\n<li style='margin-bottom: 20px;'><strong>Voltaje entrada:<\/strong> 36-57 V<\/li>\n<li style='margin-bottom: 5px;'><strong>Consumo m\u00e1ximo:<\/strong> 36 watts<\/li>\n<li style='margin-bottom: 5px;'><strong>Consumo sin accesorios:<\/strong> 30 watts<\/li>\n<li style='margin-bottom: 5px;'><strong>Refrigeraci\u00f3n:<\/strong> Pasivo<\/li>\n<\/ul>\n<h3 style='font-size: 22px; border-bottom: 2px solid currentColor; padding-bottom: 5px; margin-top: 20px; margin-bottom: 15px; color: inherit; opacity: 0.8;'>Puertos<\/h3>\n<ul style='padding-left: 20px; font-size: 15px; color: inherit;'>\n<li style='margin-bottom: 5px;'><strong>Ethernet 10\/100\/1000:<\/strong> 16<\/li>\n<li style='margin-bottom: 5px;'><strong>SFP+:<\/strong> 2<\/li>\n<li style='margin-bottom: 5px;'><strong>Puerto consola:<\/strong> RJ45<\/li>\n<\/ul><\/div>\n<div style='flex: 1 1 300px; min-width: 280px;'>\n<h3 style='font-size: 22px; border-bottom: 2px solid currentColor; padding-bottom: 5px; margin-top: 0; color: inherit; opacity: 0.8;'>Monitores<\/h3>\n<ul style='padding-left: 20px; font-size: 15px; color: inherit;'>\n<li style='margin-bottom: 5px;'><strong>Temperatura CPU:<\/strong> S\u00ed<\/li>\n<li style='margin-bottom: 5px;'><strong>Temperatura PCB:<\/strong> S\u00ed<\/li>\n<li style='margin-bottom: 5px;'><strong>Voltaje:<\/strong> S\u00ed<\/li>\n<\/ul>\n<h3 style='font-size: 22px; border-bottom: 2px solid currentColor; padding-bottom: 5px; margin-top: 20px; margin-bottom: 15px; color: inherit; opacity: 0.8;'>Certificaciones<\/h3>\n<ul style='padding-left: 20px; font-size: 15px; color: inherit;'>\n<li style='margin-bottom: 5px;'><strong>Certificaciones:<\/strong> CE&comma; EAC&comma; ROHS<\/li>\n<li style='margin-bottom: 5px;'><strong>IP:<\/strong> IP20<\/li>\n<\/ul><\/div>\n<\/p><\/div>\n<hr style='border: 0; border-top: 1px solid rgba(150&comma; 150&comma; 150&comma; 0.3); margin: 30px 0;'>\n<div style='display: flex; flex-wrap: wrap; gap: 20px; margin-bottom: 30px;'>\n<div style='flex: 1 1 250px; border: 1px solid rgba(150&comma; 150&comma; 150&comma; 0.4); border-radius: 8px; overflow: hidden; display: flex; flex-direction: column;'>\n<div style='padding: 15px; border-bottom: 1px solid rgba(150&comma; 150&comma; 150&comma; 0.2); font-weight: bold; font-size: 18px; color: inherit;'>Piezas incluidas<\/div>\n<div style='padding: 15px; color: inherit;'>\n<div style='display: flex; flex-wrap: wrap; gap: 15px; justify-content: center;'>\n<div style='flex: 1 1 100px; min-width: 80px; text-align: center;'> <img style='width: 100%; height: auto; border: 1px solid rgba(150&comma;150&comma;150&comma;0.3); border-radius: 8px;' src='https:\/\/i.mt.lv\/cdn\/rb_images\/part441414762206s.jpg' alt='Orejas'> <\/p>\n<p style='margin: 10px 0 0 0; font-size: 14px; color: inherit;'>Orejas<\/p>\n<\/p><\/div>\n<div style='flex: 1 1 100px; min-width: 80px; text-align: center;'> <img style='width: 100%; height: auto; border: 1px solid rgba(150&comma;150&comma;150&comma;0.3); border-radius: 8px;' src='https:\/\/i.mt.lv\/cdn\/rb_images\/part981579608552s.jpg' alt='Adaptador de corriente de 48 V 0&comma;95 A'> <\/p>\n<p style='margin: 10px 0 0 0; font-size: 14px; color: inherit;'>Adaptador de corriente de 48 V 0&comma;95 A<\/p>\n<\/p><\/div>\n<div style='flex: 1 1 100px; min-width: 80px; text-align: center;'> <img style='width: 100%; height: auto; border: 1px solid rgba(150&comma;150&comma;150&comma;0.3); border-radius: 8px;' src='https:\/\/i.mt.lv\/cdn\/rb_images\/part1461652085709s.jpg' alt='K-83'> <\/p>\n<p style='margin: 10px 0 0 0; font-size: 14px; color: inherit;'>K-83<\/p>\n<\/p><\/div>\n<\/p><\/div>\n<\/p><\/div>\n<\/p><\/div>\n<\/p><\/div>\n<\/p><\/div>\n","protected":false},"excerpt":{"rendered":"<p>Cloud Core Router 2004-16G-2S+PC, con enfriamiento pasivo<\/p>\n","protected":false},"featured_media":91033,"comment_status":"open","ping_status":"closed","template":"","meta":[],"product_brand":[],"product_cat":[2036,2035,2034],"product_tag":[2039,2038,643,664,2037],"class_list":{"0":"post-91034","1":"product","2":"type-product","3":"status-publish","4":"has-post-thumbnail","6":"product_cat-balanceadores","7":"product_cat-firewalls","8":"product_cat-routers","9":"product_tag-balanceadores","10":"product_tag-firewalls","11":"product_tag-mikrotik","12":"product_tag-networking","13":"product_tag-routers","15":"first","16":"instock","17":"sale","18":"shipping-taxable","19":"purchasable","20":"product-type-simple"},"_links":{"self":[{"href":"https:\/\/soydeaqui.ddns.net\/pachuca\/index.php\/wp-json\/wp\/v2\/product\/91034","targetHints":{"allow":["GET"]}}],"collection":[{"href":"https:\/\/soydeaqui.ddns.net\/pachuca\/index.php\/wp-json\/wp\/v2\/product"}],"about":[{"href":"https:\/\/soydeaqui.ddns.net\/pachuca\/index.php\/wp-json\/wp\/v2\/types\/product"}],"replies":[{"embeddable":true,"href":"https:\/\/soydeaqui.ddns.net\/pachuca\/index.php\/wp-json\/wp\/v2\/comments?post=91034"}],"wp:featuredmedia":[{"embeddable":true,"href":"https:\/\/soydeaqui.ddns.net\/pachuca\/index.php\/wp-json\/wp\/v2\/media\/91033"}],"wp:attachment":[{"href":"https:\/\/soydeaqui.ddns.net\/pachuca\/index.php\/wp-json\/wp\/v2\/media?parent=91034"}],"wp:term":[{"taxonomy":"product_brand","embeddable":true,"href":"https:\/\/soydeaqui.ddns.net\/pachuca\/index.php\/wp-json\/wp\/v2\/product_brand?post=91034"},{"taxonomy":"product_cat","embeddable":true,"href":"https:\/\/soydeaqui.ddns.net\/pachuca\/index.php\/wp-json\/wp\/v2\/product_cat?post=91034"},{"taxonomy":"product_tag","embeddable":true,"href":"https:\/\/soydeaqui.ddns.net\/pachuca\/index.php\/wp-json\/wp\/v2\/product_tag?post=91034"}],"curies":[{"name":"wp","href":"https:\/\/api.w.org\/{rel}","templated":true}]}}