{"id":90958,"date":"2026-03-20T04:07:01","date_gmt":"2026-03-20T04:07:01","guid":{"rendered":"https:\/\/soydeaqui.ddns.net\/pachuca\/index.php\/producto\/xqbc0003-xs-cable-de-conexion-100g-qsfp28-a-4-x-25g-sfp28-o-40g-qsfp-a-10g-sfp-3m\/"},"modified":"2026-03-20T04:07:02","modified_gmt":"2026-03-20T04:07:02","slug":"xqbc0003-xs-cable-de-conexion-100g-qsfp28-a-4-x-25g-sfp28-o-40g-qsfp-a-10g-sfp-3m","status":"publish","type":"product","link":"https:\/\/soydeaqui.ddns.net\/pachuca\/index.php\/producto\/xqbc0003-xs-cable-de-conexion-100g-qsfp28-a-4-x-25g-sfp28-o-40g-qsfp-a-10g-sfp-3m\/","title":{"rendered":"(XQ+BC0003-XS+) Cable de conexion 100G QSFP28 a 4 x 25G SFP28 o 40G QSFP+ a 10G SFP+, 3m"},"content":{"rendered":"<div style='width: 100%; max-width: 1200px; margin: 0 auto; font-family: sans-serif; line-height: 1.6; color: inherit; background-color: transparent;'>\n<div style='display: flex; flex-direction: column; gap: 15px; margin-bottom: 30px;'>\n<h2 style='font-size: 28px; margin: 0; color: inherit; opacity: 0.9;'>Cable de conexi\u00f3n 100G QSFP28 a 4 x 25G SFP28<\/h2>\n<p style='font-size: 15px; color: inherit; opacity: 0.8; margin: 0;'>Permite conectar varios dispositivos de 25 Gigabit a sus dispositivos CCR2216\/CRS504.<\/p>\n<\/p><\/div>\n<div style='display: flex; flex-direction: column; gap: 20px; margin-bottom: 30px;'>\n<p style='font-size: 15px; color: inherit; margin: 0;'>XQ+BC0003-XS+ es un cable de ruptura QSFP28 a 4x SFP28. Esta adici\u00f3n a la l\u00ednea de productos MikroTik 100 Gigabit le permite conectar varios dispositivos de 25 Gigabit a su CRS504 o CCR2216. Con los m\u00f3dulos SFP28 integrados&comma; conectar numerosos dispositivos se vuelve tan simple como se puede. El cable tiene 3 metros de largo&comma; la longitud perfecta para llegar a todos los lugares necesarios mientras mantiene su sala de servidores ordenada. Tambi\u00e9n admite dividir la l\u00ednea de 40G en l\u00edneas de 4 x 10G.<\/p>\n<\/p><\/div>\n<hr style='border: 0; border-top: 1px solid rgba(150&comma; 150&comma; 150&comma; 0.3); margin: 30px 0;'>\n<div style='display: flex; flex-wrap: wrap; gap: 20px; margin-bottom: 30px;'>\n<div style='flex: 1 1 250px; border: 1px solid rgba(150&comma; 150&comma; 150&comma; 0.4); border-radius: 8px; overflow: hidden; display: flex; flex-direction: column;'>\n<div style='padding: 15px; border-bottom: 1px solid rgba(150&comma; 150&comma; 150&comma; 0.2); font-weight: bold; font-size: 18px; color: inherit;'>Especificaciones del producto<\/div>\n<div style='padding: 15px; color: inherit;'>\n<ul style='padding-left: 20px; margin: 0; font-size: 14px; list-style-type: disc;'>\n<li style='margin-bottom: 5px;'><strong>C\u00f3digo del producto:<\/strong> XQ+BC0003-XS+<\/li>\n<li style='margin-bottom: 5px;'><strong>Longitud del cable:<\/strong> 3 m<\/li>\n<li style='margin-bottom: 5px;'><strong>Conector:<\/strong> QSFP+ a SFP+ \/ QSFP28 a SFP28<\/li>\n<li style='margin-bottom: 5px;'><strong>Velocidad de datos:<\/strong> 40 G \/ 100 G<\/li>\n<\/ul><\/div>\n<\/p><\/div>\n<\/p><\/div>\n<\/p><\/div>\n","protected":false},"excerpt":{"rendered":"<p>(XQ+BC0003-XS+) Cable de conexion 100G QSFP28 a 4 x 25G SFP28 o 40G QSFP+ a 10G SFP+, 3m<\/p>\n","protected":false},"featured_media":90957,"comment_status":"open","ping_status":"closed","template":"","meta":[],"product_brand":[],"product_cat":[663],"product_tag":[643,664,665],"class_list":{"0":"post-90958","1":"product","2":"type-product","3":"status-publish","4":"has-post-thumbnail","6":"product_cat-transceptores-de-fibra","7":"product_tag-mikrotik","8":"product_tag-networking","9":"product_tag-transceptores-de-fibra","11":"first","12":"instock","13":"sale","14":"shipping-taxable","15":"purchasable","16":"product-type-simple"},"_links":{"self":[{"href":"https:\/\/soydeaqui.ddns.net\/pachuca\/index.php\/wp-json\/wp\/v2\/product\/90958","targetHints":{"allow":["GET"]}}],"collection":[{"href":"https:\/\/soydeaqui.ddns.net\/pachuca\/index.php\/wp-json\/wp\/v2\/product"}],"about":[{"href":"https:\/\/soydeaqui.ddns.net\/pachuca\/index.php\/wp-json\/wp\/v2\/types\/product"}],"replies":[{"embeddable":true,"href":"https:\/\/soydeaqui.ddns.net\/pachuca\/index.php\/wp-json\/wp\/v2\/comments?post=90958"}],"wp:featuredmedia":[{"embeddable":true,"href":"https:\/\/soydeaqui.ddns.net\/pachuca\/index.php\/wp-json\/wp\/v2\/media\/90957"}],"wp:attachment":[{"href":"https:\/\/soydeaqui.ddns.net\/pachuca\/index.php\/wp-json\/wp\/v2\/media?parent=90958"}],"wp:term":[{"taxonomy":"product_brand","embeddable":true,"href":"https:\/\/soydeaqui.ddns.net\/pachuca\/index.php\/wp-json\/wp\/v2\/product_brand?post=90958"},{"taxonomy":"product_cat","embeddable":true,"href":"https:\/\/soydeaqui.ddns.net\/pachuca\/index.php\/wp-json\/wp\/v2\/product_cat?post=90958"},{"taxonomy":"product_tag","embeddable":true,"href":"https:\/\/soydeaqui.ddns.net\/pachuca\/index.php\/wp-json\/wp\/v2\/product_tag?post=90958"}],"curies":[{"name":"wp","href":"https:\/\/api.w.org\/{rel}","templated":true}]}}