{"id":90927,"date":"2026-03-20T04:05:37","date_gmt":"2026-03-20T04:05:37","guid":{"rendered":"https:\/\/soydeaqui.ddns.net\/pachuca\/index.php\/producto\/switch-poe-gigabit-administrable-8-puertos-10-100-1000-mbps-2-puertos-sfp-uplink-hasta-120w-compatible-con-gwn-cloud\/"},"modified":"2026-03-20T04:05:50","modified_gmt":"2026-03-20T04:05:50","slug":"switch-poe-gigabit-administrable-8-puertos-10-100-1000-mbps-2-puertos-sfp-uplink-hasta-120w-compatible-con-gwn-cloud","status":"publish","type":"product","link":"https:\/\/soydeaqui.ddns.net\/pachuca\/index.php\/producto\/switch-poe-gigabit-administrable-8-puertos-10-100-1000-mbps-2-puertos-sfp-uplink-hasta-120w-compatible-con-gwn-cloud\/","title":{"rendered":"Switch PoE+ Gigabit Administrable \/ 8 puertos 10\/100\/1000 Mbps + 2 Puertos SFP Uplink \/ Hasta 120W \/ Compatible con GWN Cloud."},"content":{"rendered":"<div style='width: 100%; max-width: 1200px; margin: 0 auto; font-family: sans-serif; line-height: 1.6; color: inherit; background-color: transparent;'> <!-- Hero Section --> <\/p>\n<div style='display: flex; flex-wrap: wrap; gap: 30px; align-items: center; border: 1px solid rgba(150&comma;150&comma;150&comma;0.3); border-radius: 12px; padding: 20px; margin-bottom: 30px;'> <!-- Imagen --> <\/p>\n<div style='flex: 1 1 320px; min-width: 280px;'> <img style='width: 100%; height: auto; border: 1px solid rgba(150&comma;150&comma;150&comma;0.3); border-radius: 8px;' src='http:\/\/ftp3.syscom.mx\/usuarios\/ftp\/2025\/10\/29\/3454\/gwn7800seriesmetaimage.webp_froala_690292e0d3f03' alt='Switch Industrial eKit S210I-8T4SX'> <\/div>\n<p> <!-- Descripci\u00f3n --> <\/p>\n<div style='flex: 1 1 360px; min-width: 280px;'>\n<h2 style='font-size: 24px; margin: 0 0 10px; color: inherit;'>Switch GWN7801P<\/h2>\n<div style='margin: 0 0 15px; color: rgba(255&comma;255&comma;255&comma;0.7); font-weight: 600;'>Modelo: GWN7801P<\/div>\n<p style='margin: 0 0 15px; color: inherit;'> <strong>Switches de Red Administrables Capa 2+<\/strong><br \/> La serie <strong>GWN7800<\/strong> son switches de red administrables capa 2+ que permiten a las peque\u00f1as y medianas empresas crear redes empresariales escalables&comma; seguras&comma; de alto rendimiento e inteligentes que son totalmente gestionables. <\/p>\n<\/p><\/div>\n<\/p><\/div>\n<p> <!-- Grid de tarjetas --> <\/p>\n<div style='display: flex; flex-wrap: wrap; gap: 20px; margin-bottom: 30px;'> <!-- Card: Caracter\u00edsticas principales --> <\/p>\n<div style='flex: 1 1 calc(33.333% - 14px); min-width: 260px; border: 1px solid rgba(150&comma;150&comma;150&comma;0.3); border-radius: 8px; overflow: hidden; display: flex; flex-direction: column;'>\n<div style='padding: 10px 12px; border-bottom: 1px solid rgba(150&comma;150&comma;150&comma;0.2); font-weight: bold; font-size: 16px; color: inherit; background-color: rgba(128&comma;128&comma;128&comma;0.1);'>Caracter\u00edsticas principales<\/div>\n<ul style='margin: 0; padding: 0; list-style: none; color: inherit;'>\n<li style='padding: 8px 12px; border-top: 1px solid rgba(150&comma;150&comma;150&comma;0.15); font-size: 14px;'><strong>Puertos:<\/strong> (8) Puertos RJ45 1GE POE<\/li>\n<li style='padding: 8px 12px; border-top: 1px solid rgba(150&comma;150&comma;150&comma;0.15); font-size: 14px;'><strong>Puertos SFP:<\/strong> (2) Puerto SFP 1GE<\/li>\n<li style='padding: 8px 12px; border-top: 1px solid rgba(150&comma;150&comma;150&comma;0.15); font-size: 14px;'><strong>Puerto de consola:<\/strong> (1) Puerto de consola RJ45<\/li>\n<li style='padding: 8px 12px; border-top: 1px solid rgba(150&comma;150&comma;150&comma;0.15); font-size: 14px;'><strong>Gesti\u00f3n:<\/strong> Gesti\u00f3n Web \/ <a href='https:\/\/www.gdms.cloud\/login' target='_blank' rel='noopener noreferrer' style='color: inherit; text-decoration: underline;'>GDMS Cloud<\/a><\/li>\n<li style='padding: 8px 12px; border-top: 1px solid rgba(150&comma;150&comma;150&comma;0.15); font-size: 14px;'><strong>Throughput:<\/strong> Throughput total sin bloqueo: 10Gbps<\/li>\n<li style='padding: 8px 12px; border-top: 1px solid rgba(150&comma;150&comma;150&comma;0.15); font-size: 14px;'><strong>Capacidad:<\/strong> Capacidad de Switch: 20Gbps<\/li>\n<li style='padding: 8px 12px; border-top: 1px solid rgba(150&comma;150&comma;150&comma;0.15); font-size: 14px;'><strong>Tasa de reenv\u00edo:<\/strong> Tasa de reenv\u00edo: 14.88Mpps<\/li>\n<\/ul><\/div>\n<p> <!-- Card: F\u00edsicas y el\u00e9ctricas --> <\/p>\n<div style='flex: 1 1 calc(33.333% - 14px); min-width: 260px; border: 1px solid rgba(150&comma;150&comma;150&comma;0.3); border-radius: 8px; overflow: hidden; display: flex; flex-direction: column;'>\n<div style='padding: 10px 12px; border-bottom: 1px solid rgba(150&comma;150&comma;150&comma;0.2); font-weight: bold; font-size: 16px; color: inherit; background-color: rgba(128&comma;128&comma;128&comma;0.1);'>Caracter\u00edsticas f\u00edsicas y el\u00e9ctricas<\/div>\n<ul style='margin: 0; padding: 0; list-style: none; color: inherit;'>\n<li style='padding: 8px 12px; border-top: 1px solid rgba(150&comma;150&comma;150&comma;0.15); font-size: 14px;'><strong>Dimensiones:<\/strong> 30mm(L)*175mm(W)*44(H)<\/li>\n<li style='padding: 8px 12px; border-top: 1px solid rgba(150&comma;150&comma;150&comma;0.15); font-size: 14px;'><strong>Alimentaci\u00f3n:<\/strong> 100-240 Vca&comma; 50\/60 Hz<\/li>\n<li style='padding: 8px 12px; border-top: 1px solid rgba(150&comma;150&comma;150&comma;0.15); font-size: 14px;'><strong>Consumo m\u00e1ximo:<\/strong> 150W<\/li>\n<li style='padding: 8px 12px; border-top: 1px solid rgba(150&comma;150&comma;150&comma;0.15); font-size: 14px;'><strong>Potencia PoE por puerto:<\/strong> 30W<\/li>\n<li style='padding: 8px 12px; border-top: 1px solid rgba(150&comma;150&comma;150&comma;0.15); font-size: 14px;'><strong>Potencia PoE total:<\/strong> 120W<\/li>\n<li style='padding: 8px 12px; border-top: 1px solid rgba(150&comma;150&comma;150&comma;0.15); font-size: 14px;'><strong>Temperatura operaci\u00f3n:<\/strong> 0\u00b0C a 45\u00b0C<\/li>\n<li style='padding: 8px 12px; border-top: 1px solid rgba(150&comma;150&comma;150&comma;0.15); font-size: 14px;'><strong>Humedad operaci\u00f3n:<\/strong> 10-90% RH (sin condensaci\u00f3n)<\/li>\n<li style='padding: 8px 12px; border-top: 1px solid rgba(150&comma;150&comma;150&comma;0.15); font-size: 14px;'><strong>Bot\u00f3n:<\/strong> Reset<\/li>\n<li style='padding: 8px 12px; border-top: 1px solid rgba(150&comma;150&comma;150&comma;0.15); font-size: 14px;'><strong>Carcasa:<\/strong> De acero<\/li>\n<\/ul><\/div>\n<p> <!-- Card: Contenido del paquete --> <\/p>\n<div style='flex: 1 1 calc(33.333% - 14px); min-width: 260px; border: 1px solid rgba(150&comma;150&comma;150&comma;0.3); border-radius: 8px; overflow: hidden; display: flex; flex-direction: column;'>\n<div style='padding: 10px 12px; border-bottom: 1px solid rgba(150&comma;150&comma;150&comma;0.2); font-weight: bold; font-size: 16px; color: inherit; background-color: rgba(128&comma;128&comma;128&comma;0.1);'>Contenido del Paquete<\/div>\n<ul style='margin: 0; padding: 0; list-style: none; color: inherit;'>\n<li style='padding: 8px 12px; border-top: 1px solid rgba(150&comma;150&comma;150&comma;0.15); font-size: 14px;'>1x switch<\/li>\n<li style='padding: 8px 12px; border-top: 1px solid rgba(150&comma;150&comma;150&comma;0.15); font-size: 14px;'>1 cable de CA de 1&comma;2 m (10 A)<\/li>\n<li style='padding: 8px 12px; border-top: 1px solid rgba(150&comma;150&comma;150&comma;0.15); font-size: 14px;'>Soportes est\u00e1ndar para montaje en bastidor<\/li>\n<li style='padding: 8px 12px; border-top: 1px solid rgba(150&comma;150&comma;150&comma;0.15); font-size: 14px;'>1x cable de tierra<\/li>\n<li style='padding: 8px 12px; border-top: 1px solid rgba(150&comma;150&comma;150&comma;0.15); font-size: 14px;'>4x pies de goma<\/li>\n<li style='padding: 8px 12px; border-top: 1px solid rgba(150&comma;150&comma;150&comma;0.15); font-size: 14px;'>2x Oreja<\/li>\n<\/ul><\/div>\n<\/p><\/div>\n<p> <!-- Card: Funciones avanzadas --> <\/p>\n<div style='border: 1px solid rgba(150&comma;150&comma;150&comma;0.3); border-radius: 8px; overflow: hidden; margin-bottom: 30px;'>\n<div style='padding: 10px 12px; border-bottom: 1px solid rgba(150&comma;150&comma;150&comma;0.2); font-weight: bold; font-size: 16px; color: inherit; background-color: rgba(128&comma;128&comma;128&comma;0.1);'>Funciones Avanzadas:<\/div>\n<div style='padding: 15px; color: inherit;'>\n<div style='margin-bottom: 15px;'> <strong>Switching<\/strong><br \/> \u2022 Direcciones MAC est\u00e1ticas&comma; din\u00e1micas y filtrantes 8K<br \/> \u2022 VLAN 4K&comma; VLAN basada en puertos&comma; etiquetado VLAN IEEE 802.1Q&comma; VLAN de voz<br \/> \u2022 Interfaz virtual VLAN<br \/> \u2022 GVRP (pendiente)<br \/> \u2022 8 grupos de enlaces para agregar<br \/> \u2022 \u00c1rbol de expansi\u00f3n&comma; 16 instancias para STP\/RSTP\/MSTP <\/div>\n<div style='margin-bottom: 15px;'> <strong>Multidifusi\u00f3n<\/strong><br \/> \u2022 IGMP Snooping&comma; MLD Snooping&comma; MVR <\/div>\n<div style='margin-bottom: 15px;'> <strong>QoS\/ACL<\/strong><br \/> \u2022 Detecci\u00f3n autom\u00e1tica y priorizaci\u00f3n de voz\/v\u00eddeo\/RTP\/SIP\/otros paquetes sensibles a la latencia (pendiente)<br \/> \u2022 Prioridad de puerto<br \/> \u2022 Mapeo de prioridades<br \/> \u2022 Programaci\u00f3n de colas&comma; incluidos SP&comma; WRR&comma; WFQ&comma; SP-WRR y SP-WFQ<br \/> \u2022 Conformaci\u00f3n del tr\u00e1fico<br \/> \u2022 L\u00edmite de tarifa<br \/> \u2022 ACL de 1.5 K para Ethernet&comma; IPv4 \/ IPv6 <\/div>\n<div style='margin-bottom: 15px;'> <strong>Seguridad<\/strong><br \/> \u2022 Gesti\u00f3n jer\u00e1rquica de usuarios y protecci\u00f3n con contrase\u00f1a&comma; HTTPS&comma; SSH&comma; Telnet<br \/> \u2022 Autenticaci\u00f3n 802.1X<br \/> \u2022 Autenticaci\u00f3n AAA incluyendo RADIUS&comma; TACACS+<br \/> \u2022 Control de tormentas<br \/> \u2022 Aislamiento de puertos&comma; seguridad de puertos&comma; MAC adhesivo<br \/> \u2022 Filtrado de direcciones MAC<br \/> \u2022 Protecci\u00f3n de origen IP&comma; prevenci\u00f3n de ataques DoS&comma; inspecci\u00f3n ARP<br \/> \u2022 DHCP Snooping<br \/> \u2022 Protecci\u00f3n de bucle que incluye protecci\u00f3n BPDU&comma; protecci\u00f3n de ra\u00edz y protecci\u00f3n de bucle invertido<br \/> \u2022 Soporte t\u00e9cnico de Kensington Security Slot (Kensington Lock) <\/div>\n<\/p><\/div>\n<\/p><\/div>\n<p> <!-- Secci\u00f3n de gesti\u00f3n en la nube --> <\/p>\n<div style='display: flex; flex-wrap: wrap; gap: 30px; align-items: center; border: 1px solid rgba(150&comma;150&comma;150&comma;0.3); border-radius: 12px; padding: 20px; margin-bottom: 30px;'> <!-- Imagen --> <\/p>\n<div style='flex: 1 1 320px; min-width: 280px;'> <img style='width: 100%; height: auto; border: 1px solid rgba(150&comma;150&comma;150&comma;0.3); border-radius: 8px;' src='http:\/\/ftp3.syscom.mx\/usuarios\/ftp\/2025\/10\/29\/3454\/GDMS_cuenta_1.png_froala_69029968c2abe' alt='Switch Industrial eKit S210I-8T4SX'> <\/div>\n<p> <!-- Descripci\u00f3n --> <\/p>\n<div style='flex: 1 1 360px; min-width: 280px;'>\n<h2 style='font-size: 24px; margin: 0 0 10px; color: inherit;'><strong>Gesti\u00f3n centralizada en la nube&comma; gratuita.<\/strong><\/h2>\n<p style='margin: 0; color: inherit;'> Despliega y administra la serie <strong>GWN7800<\/strong> y todas las soluciones de <strong>Grandstream<\/strong> de manera centralizada desde la <strong>nube<\/strong> utilizando el <strong>sistema gratuito de gesti\u00f3n de dispositivos de Grandstream (GDMS)<\/strong>. <\/p>\n<\/p><\/div>\n<\/p><\/div>\n<\/p><\/div>\n","protected":false},"excerpt":{"rendered":"<p>Switch PoE+ Gigabit Administrable \/ 8 puertos 10\/100\/1000 Mbps + 2 Puertos SFP Uplink \/ Hasta 120W \/ Compatible con GWN Cloud.<\/p>\n","protected":false},"featured_media":90926,"comment_status":"open","ping_status":"closed","template":"","meta":[],"product_brand":[],"product_cat":[1986],"product_tag":[909,664,1987],"class_list":{"0":"post-90927","1":"product","2":"type-product","3":"status-publish","4":"has-post-thumbnail","6":"product_cat-switches-poe","7":"product_tag-grandstream","8":"product_tag-networking","9":"product_tag-switches-poe","11":"first","12":"instock","13":"sale","14":"shipping-taxable","15":"purchasable","16":"product-type-simple"},"_links":{"self":[{"href":"https:\/\/soydeaqui.ddns.net\/pachuca\/index.php\/wp-json\/wp\/v2\/product\/90927","targetHints":{"allow":["GET"]}}],"collection":[{"href":"https:\/\/soydeaqui.ddns.net\/pachuca\/index.php\/wp-json\/wp\/v2\/product"}],"about":[{"href":"https:\/\/soydeaqui.ddns.net\/pachuca\/index.php\/wp-json\/wp\/v2\/types\/product"}],"replies":[{"embeddable":true,"href":"https:\/\/soydeaqui.ddns.net\/pachuca\/index.php\/wp-json\/wp\/v2\/comments?post=90927"}],"wp:featuredmedia":[{"embeddable":true,"href":"https:\/\/soydeaqui.ddns.net\/pachuca\/index.php\/wp-json\/wp\/v2\/media\/90926"}],"wp:attachment":[{"href":"https:\/\/soydeaqui.ddns.net\/pachuca\/index.php\/wp-json\/wp\/v2\/media?parent=90927"}],"wp:term":[{"taxonomy":"product_brand","embeddable":true,"href":"https:\/\/soydeaqui.ddns.net\/pachuca\/index.php\/wp-json\/wp\/v2\/product_brand?post=90927"},{"taxonomy":"product_cat","embeddable":true,"href":"https:\/\/soydeaqui.ddns.net\/pachuca\/index.php\/wp-json\/wp\/v2\/product_cat?post=90927"},{"taxonomy":"product_tag","embeddable":true,"href":"https:\/\/soydeaqui.ddns.net\/pachuca\/index.php\/wp-json\/wp\/v2\/product_tag?post=90927"}],"curies":[{"name":"wp","href":"https:\/\/api.w.org\/{rel}","templated":true}]}}