{"id":90875,"date":"2026-03-20T04:03:09","date_gmt":"2026-03-20T04:03:09","guid":{"rendered":"https:\/\/soydeaqui.ddns.net\/pachuca\/index.php\/producto\/credito-para-equipos-altai-en-plataforma-altaicare-cloud\/"},"modified":"2026-03-20T04:03:11","modified_gmt":"2026-03-20T04:03:11","slug":"credito-para-equipos-altai-en-plataforma-altaicare-cloud","status":"publish","type":"product","link":"https:\/\/soydeaqui.ddns.net\/pachuca\/index.php\/producto\/credito-para-equipos-altai-en-plataforma-altaicare-cloud\/","title":{"rendered":"Cr\u00e9dito Para Equipos Altai en Plataforma AltaiCare Cloud"},"content":{"rendered":"<div style='width: 100%; max-width: 1200px; margin: 0 auto; font-family: sans-serif; line-height: 1.6; color: inherit; background-color: transparent;'> <!-- Nota importante --> <\/p>\n<div style='margin-bottom: 30px; padding: 15px; border-left: 4px solid #c0392b; background-color: rgba(192&comma;57&comma;43&comma;0.05);'>\n<p style='margin: 0 0 15px 0; font-size: 16px; color: #c0392b; font-weight: bold;'> NOTA: Enviar a su ejecutivo de ventas la siguiente informaci\u00f3n para crear y\/o enviar los cr\u00e9ditos a su plataforma AltaiCare: <\/p>\n<ul style='padding-left: 20px; margin: 0; font-size: 14px; color: #c0392b;'>\n<li style='margin-bottom: 8px;'>Nombre de cliente<\/li>\n<li style='margin-bottom: 8px;'>Nombre de proyecto<\/li>\n<li style='margin-bottom: 8px;'>Correo electr\u00f3nico<\/li>\n<li style='margin-bottom: 8px;'>Factura<\/li>\n<\/ul><\/div>\n<p> <!-- Logos --> <\/p>\n<div style='display: flex; flex-wrap: wrap; justify-content: center; gap: 20px; margin: 30px 0;'> <img style='width: 100%; max-width: 300px; height: auto; border: 1px solid rgba(150&comma;150&comma;150&comma;0.3); border-radius: 8px;' src='https:\/\/ftp3.syscom.mx\/usuarios\/hortega\/Altai\/Altai.png' alt='Logo Altai'> <img style='width: 100%; max-width: 600px; height: auto; border: 1px solid rgba(150&comma;150&comma;150&comma;0.3); border-radius: 8px;' src='https:\/\/ftp3.syscom.mx\/usuarios\/fotos\/C1N\/74401-image_2019_11_19t22_34_31_506z.png' alt='Plataforma AltaiCare'> <img style='width: 100%; max-width: 800px; height: auto; border: 1px solid rgba(150&comma;150&comma;150&comma;0.3); border-radius: 8px;' src='https:\/\/ftp3.syscom.mx\/usuarios\/fotos\/SDAN5S1600\/76925-altaicare.jpg' alt='AltaiCare Cloud'> <\/div>\n<p> <!-- Descripci\u00f3n principal --> <\/p>\n<div style='margin: 30px 0;'>\n<p style='text-align: center; font-size: 15px; margin: 0 0 20px 0; color: inherit;'> La plataforma de gesti\u00f3n AltaiCare Cloud permite a los administradores de la red un completo control de toda la red de puntos de acceso de Altai&comma; para gestionar&comma; monitorear la red&comma; generar reportes y estad\u00edsticas&comma; cambios y actualizaciones masivos&comma; an\u00e1lisis&comma; gestionar servicios pre y post pago&comma; portal cautivo&comma; etc. Un sistema completo de administraci\u00f3n desde cualquier parte del mundo con solo una conexi\u00f3n a internet. <\/p>\n<\/p><\/div>\n<p> <!-- Consumos de cr\u00e9ditos --> <\/p>\n<div style='margin: 30px 0;'>\n<h3 style='text-align: center; font-size: 18px; border-bottom: 2px solid currentColor; padding-bottom: 5px; margin: 0 0 20px 0; color: inherit; opacity: 0.8;'> Consumos de cr\u00e9ditos de AltaiCare Cloud por serie de puntos de acceso <\/h3>\n<div style='display: flex; flex-wrap: wrap; gap: 20px; justify-content: center;'>\n<div style='flex: 1 1 250px; min-width: 200px; border: 1px solid rgba(150&comma;150&comma;150&comma;0.3); border-radius: 8px; padding: 15px; text-align: center;'> <strong style='font-size: 20px; color: inherit;'>25<\/strong> cr\u00e9ditos por d\u00eda por cada equipo A8n\/A8-Ein\/A8in\/A8n-ac\/A8-Ein-ac\/A8in-ac. <\/div>\n<div style='flex: 1 1 250px; min-width: 200px; border: 1px solid rgba(150&comma;150&comma;150&comma;0.3); border-radius: 8px; padding: 15px; text-align: center;'> <strong style='font-size: 20px; color: inherit;'>8<\/strong> cr\u00e9ditos por d\u00eda por cada equipo A2-Ei\/A3-Ei\/AX500-S\/AX500-T\/AX500-X. <\/div>\n<div style='flex: 1 1 250px; min-width: 200px; border: 1px solid rgba(150&comma;150&comma;150&comma;0.3); border-radius: 8px; padding: 15px; text-align: center;'> <strong style='font-size: 20px; color: inherit;'>6<\/strong> cr\u00e9ditos por d\u00eda por cada equipo A2\/A2e\/A3c\/A3w. <\/div>\n<div style='flex: 1 1 250px; min-width: 200px; border: 1px solid rgba(150&comma;150&comma;150&comma;0.3); border-radius: 8px; padding: 15px; text-align: center;'> <strong style='font-size: 20px; color: inherit;'>2<\/strong> cr\u00e9ditos por d\u00eda por cada equipo IX500\/C2s\/A2c\/CX200 <\/div>\n<div style='flex: 1 1 250px; min-width: 200px; border: 1px solid rgba(150&comma;150&comma;150&comma;0.3); border-radius: 8px; padding: 15px; text-align: center;'> <strong style='font-size: 20px; color: inherit;'>1<\/strong> cr\u00e9dito por d\u00eda por cada equipo C1n\/C1an\/C1xn\/C1xan. <\/div>\n<\/p><\/div>\n<\/p><\/div>\n<p> <!-- Videos de YouTube --> <\/p>\n<div style='display: flex; flex-wrap: wrap; gap: 30px; justify-content: center; margin: 30px 0;'>\n<div style='position: relative; padding-bottom: 56.25%; height: 0; overflow: hidden; flex: 1 1 560px; max-width: 100%;'>   <\/div>\n<div style='position: relative; padding-bottom: 56.25%; height: 0; overflow: hidden; flex: 1 1 560px; max-width: 100%;'>   <\/div>\n<\/p><\/div>\n<\/p><\/div>\n","protected":false},"excerpt":{"rendered":"<p>Cr\u00e9dito Para Equipos Altai en Plataforma AltaiCare Cloud<\/p>\n","protected":false},"featured_media":90874,"comment_status":"open","ping_status":"closed","template":"","meta":[],"product_brand":[],"product_cat":[2032],"product_tag":[1950,1419,1479],"class_list":{"0":"post-90875","1":"product","2":"type-product","3":"status-publish","4":"has-post-thumbnail","6":"product_cat-controladores-redes-wifi","7":"product_tag-altai-technologies","8":"product_tag-controladores","9":"product_tag-redes-wifi","11":"first","12":"instock","13":"sale","14":"shipping-taxable","15":"purchasable","16":"product-type-simple"},"_links":{"self":[{"href":"https:\/\/soydeaqui.ddns.net\/pachuca\/index.php\/wp-json\/wp\/v2\/product\/90875","targetHints":{"allow":["GET"]}}],"collection":[{"href":"https:\/\/soydeaqui.ddns.net\/pachuca\/index.php\/wp-json\/wp\/v2\/product"}],"about":[{"href":"https:\/\/soydeaqui.ddns.net\/pachuca\/index.php\/wp-json\/wp\/v2\/types\/product"}],"replies":[{"embeddable":true,"href":"https:\/\/soydeaqui.ddns.net\/pachuca\/index.php\/wp-json\/wp\/v2\/comments?post=90875"}],"wp:featuredmedia":[{"embeddable":true,"href":"https:\/\/soydeaqui.ddns.net\/pachuca\/index.php\/wp-json\/wp\/v2\/media\/90874"}],"wp:attachment":[{"href":"https:\/\/soydeaqui.ddns.net\/pachuca\/index.php\/wp-json\/wp\/v2\/media?parent=90875"}],"wp:term":[{"taxonomy":"product_brand","embeddable":true,"href":"https:\/\/soydeaqui.ddns.net\/pachuca\/index.php\/wp-json\/wp\/v2\/product_brand?post=90875"},{"taxonomy":"product_cat","embeddable":true,"href":"https:\/\/soydeaqui.ddns.net\/pachuca\/index.php\/wp-json\/wp\/v2\/product_cat?post=90875"},{"taxonomy":"product_tag","embeddable":true,"href":"https:\/\/soydeaqui.ddns.net\/pachuca\/index.php\/wp-json\/wp\/v2\/product_tag?post=90875"}],"curies":[{"name":"wp","href":"https:\/\/api.w.org\/{rel}","templated":true}]}}